209
CXUS55 KGJT 011644
CF6VEL
PRELIMINARY LOCAL CLIMATOLOGICAL DATA (WS FORM: F-6)
STATION: VERNAL UT
MONTH: JUNE
YEAR: 2020
LATITUDE: 40 27 N
LONGITUDE: 109 31 W
TEMPERATURE IN F: :PCPN: SNOW: WIND :SUNSHINE: SKY :PK WND
================================================================================
1 2 3 4 5 6A 6B 7 8 9 10 11 12 13 14 15 16 17 18
12Z AVG MX 2MIN
DY MAX MIN AVG DEP HDD CDD WTR SNW DPTH SPD SPD DIR MIN PSBL S-S WX SPD DR
================================================================================
1 91 52 72 11 0 7 0.00 M M 7.2 20 270 M M 0 28 220
2 92 51 72 10 0 7 0.00 M M 4.7 17 220 M M 0 24 230
3 88 55 72 10 0 7 T M M 7.2 24 290 M M 0 8 33 290
4 92 52 72 10 0 7 0.00 M M 4.9 23 250 M M 0 37 240
5 95 53 74 12 0 9 0.07 M M 6.9 33 180 M M 1 8 51 180
6 63 49 56 -7 9 0 0.81 M M 8.0 41 230 M M 8 13 54 220
7 66 46 56 -7 9 0 0.08 M M 8.1 35 280 M M 7 3 52 280
8 54 37 46 -17 19 0 T M M 8.4 20 340 M M 7 27 10
9 68 34 51 -12 14 0 0.00 M M 5.3 15 220 M M 1 23 200
10 76 42 59 -5 6 0 0.00 M M 3.9 13 200 M M 0 17 230
11 83 46 65 1 0 0 0.00 M M 4.6 10 230 M M 0 15 210
12 92 53 73 9 0 8 0.00 M M 5.6 22 210 M M 0 31 200
13 89 58 74 9 0 9 0.00 M M 11.1 33 200 M M 0 46 220
14 83 51 67 2 0 2 0.00 M M 9.3 24 250 M M 0 32 220
15 87 49 68 3 0 3 0.00 M M 6.9 18 220 M M 0 26 250
16 87 51 69 3 0 4 0.00 M M 12.0 32 210 M M 0 45 200
17 74 50 62 -4 3 0 0.00 M M 12.7 29 290 M M 2 40 280
18 74 40 57 -9 8 0 0.00 M M 4.6 16 10 M M 0 24 10
19 79 48 64 -2 1 0 T M M 6.0 22 330 M M 1 29 330
20 85 47 66 -1 0 1 0.00 M M 5.7 16 280 M M 0 22 280
21 91 53 72 5 0 7 0.00 M M 5.5 23 250 M M 1 8 31 240
22 88 55 72 5 0 7 0.00 M M 5.7 14 10 M M 0 22 10
23 89 54 72 4 0 7 0.00 M M 4.2 13 340 M M 0 18 330
24 93 56 75 7 0 10 0.00 M M 4.9 24 330 M M 0 35 330
25 95 60 78 10 0 13 T M M 7.0 23 50 M M 0 3 32 40
26 85 57 71 3 0 6 T M M 6.3 30 320 M M 0 45 320
27 89 50 70 1 0 5 0.00 M M 5.3 21 340 M M 0 28 320
28 87 63 75 6 0 10 T M M 8.8 32 270 M M 1 3 48 300
29 78 54 66 -3 0 1 T M M 7.7 24 270 M M 8 32 280
30 74 43 59 -11 6 0 0.00 M M 10.0 28 250 M M 3 40 260
================================================================================
SM 2487 1509 75 130 0.96 M 208.5 M 40
================================================================================
AV 82.9 50.3 6.9 FASTST M M 1 MAX(MPH)
MISC ----> # 41 230 # 54 220
================================================================================
NOTES:
# LAST OF SEVERAL OCCURRENCES
COLUMN 17 PEAK WIND IN M.P.H.
PRELIMINARY LOCAL CLIMATOLOGICAL DATA (WS FORM: F-6) , PAGE 2
STATION: VERNAL UT
MONTH: JUNE
YEAR: 2020
LATITUDE: 40 27 N
LONGITUDE: 109 31 W
[TEMPERATURE DATA] [PRECIPITATION DATA] SYMBOLS USED IN COLUMN 16
AVERAGE MONTHLY: 66.6 TOTAL FOR MONTH: 0.96 1 = FOG OR MIST
DPTR FM NORMAL: 1.3 DPTR FM NORMAL: 0.16 2 = FOG REDUCING VISIBILITY
HIGHEST: 95 ON 25, 5 GRTST 24HR 0.81 ON 6- 6 TO 1/4 MILE OR LESS
LOWEST: 34 ON 9 3 = THUNDER
SNOW, ICE PELLETS, HAIL 4 = ICE PELLETS
TOTAL MONTH: M 5 = HAIL
GRTST 24HR M ON M 6 = FREEZING RAIN OR DRIZZLE
GRTST DEPTH: M ON M 7 = DUSTSTORM OR SANDSTORM:
VSBY 1/2 MILE OR LESS
8 = SMOKE OR HAZE
[NO. OF DAYS WITH] [WEATHER - DAYS WITH] 9 = BLOWING SNOW
X = TORNADO
MAX 32 OR BELOW: 0 0.01 INCH OR MORE: 3
MAX 90 OR ABOVE: 8 0.10 INCH OR MORE: 1
MIN 32 OR BELOW: 0 0.50 INCH OR MORE: 1
MIN 0 OR BELOW: 0 1.00 INCH OR MORE: 0
[HDD (BASE 65) ]
TOTAL THIS MO. 75 CLEAR (SCALE 0-3) 26
DPTR FM NORMAL 3 PTCLDY (SCALE 4-7) 4
TOTAL FM JUL 1 7179 CLOUDY (SCALE 8-10) 0
DPTR FM NORMAL -41
[CDD (BASE 65) ]
TOTAL THIS MO. 130
DPTR FM NORMAL 48 [PRESSURE DATA]
TOTAL FM JAN 1 162 HIGHEST SLP 30.24 ON 11
DPTR FM NORMAL 71 LOWEST SLP 29.18 ON 28
[REMARKS]
#FINAL-06-20#