000
CXUS55 KGJT 020826
CLMVEL
CLIMATE REPORT
NATIONAL WEATHER SERVICE GRAND JUNCTION CO
126 AM MST SAT MAR 02 2024
...................................
...THE VERNAL UT CLIMATE SUMMARY FOR THE MONTH OF FEBRUARY 2024...
CLIMATE NORMAL PERIOD 1991 TO 2020
CLIMATE RECORD PERIOD 9999 TO 9999
WEATHER OBSERVED NORMAL DEPART LAST YEAR`S
VALUE DATE(S) VALUE FROM VALUE DATE(S)
NORMAL
................................................................
TEMPERATURE (F)
HIGHEST 60 02/26 MM MM 38 02/20
LOWEST 5 02/11 MM MM -20 02/01
AVG. MAXIMUM 44.0 37.9 6.1 20.1
AVG. MINIMUM 23.0 16.7 6.3 -5.0
MEAN 33.5 27.3 6.2 7.6
DAYS MAX >= 90 0 0.0 0.0 0
DAYS MAX <= 32 1 8.6 -7.6 25
DAYS MIN <= 32 25 27.9 -2.9 28
DAYS MIN <= 0 0 2.4 -2.4 20
PRECIPITATION (INCHES)
TOTALS 0.47 0.56 -0.09 0.21
DAILY AVG. 0.02 0.02 0.00 0.01
DAYS >= .01 7 5.4 1.6 6
DAYS >= .10 3 1.7 1.3 1
DAYS >= .50 0 0.0 0.0 0
DAYS >= 1.00 0 0.0 0.0 0
GREATEST
24 HR. TOTAL 0.14 02/09 TO 02/10 0.14
SNOWFALL (INCHES)
TOTALS MM MM MM MM
SINCE 7/1 MM MM MM MM
SNOWDEPTH AVG. MM MM
DAYS >= 1.0 MM MM MM MM
GREATEST
SNOW DEPTH MM MM MM
24 HR TOTAL MM MM
DEGREE DAYS
HEATING TOTAL 909 1055 -146 1602
SINCE 7/1 4636 5386 -750 6345
COOLING TOTAL 0 0 0 0
SINCE 1/1 0 0 0 0
................................................................
WIND (MPH)
AVERAGE WIND SPEED 4.2
HIGHEST WIND SPEED/DIRECTION 31/260 DATE 02/27
HIGHEST GUST SPEED/DIRECTION 42/260 DATE 02/27
SKY COVER
POSSIBLE SUNSHINE (PERCENT) MM
AVERAGE SKY COVER 0.44
NUMBER OF DAYS FAIR 13
NUMBER OF DAYS PC 10
NUMBER OF DAYS CLOUDY 6
AVERAGE RH (PERCENT) 66
WEATHER CONDITIONS. NUMBER OF DAYS WITH
THUNDERSTORM 1 MIXED PRECIP 0
HEAVY RAIN 1 RAIN 4
LIGHT RAIN 9 FREEZING RAIN 0
LT FREEZING RAIN 0 HAIL 0
HEAVY SNOW 2 SNOW 2
LIGHT SNOW 7 SLEET 0
FOG 10 FOG W/VIS <= 1/4 MILE 3
HAZE 2
- INDICATES NEGATIVE NUMBERS.
R INDICATES RECORD WAS SET OR TIED.
MM INDICATES DATA IS MISSING.
T INDICATES TRACE AMOUNT.
$$