000
CXUS53 KSGF 010810
CF6VIH
PRELIMINARY LOCAL CLIMATOLOGICAL DATA (WS FORM: F-6)
STATION: VICHY-ROLLA MO
MONTH: DECEMBER
YEAR: 2022
LATITUDE: 38 7 N
LONGITUDE: 91 46 W
TEMPERATURE IN F: :PCPN: SNOW: WIND :SUNSHINE: SKY :PK WND
================================================================================
1 2 3 4 5 6A 6B 7 8 9 10 11 12 13 14 15 16 17 18
12Z AVG MX 2MIN
DY MAX MIN AVG DEP HDD CDD WTR SNW DPTH SPD SPD DIR MIN PSBL S-S WX SPD DR
================================================================================
1 45 17 31 -8 34 0 0.00 M M 12.7 25 180 M M 4 36 180
2 59 41 50 11 15 0 0.00 M M 17.4 28 190 M M 9 39 180
3 56 24 40 1 25 0 T M M 7.9 28 310 M M 1 40 290
4 46 24 35 -3 30 0 0.00 M M 7.3 13 180 M M 2 17 190
5 57 41 49 11 16 0 0.00 M M 6.0 13 180 M M 7 1 17 190
6 51 44 48 10 17 0 0.00 M M 4.7 10 130 M M 10 12 14 100
7 48 43 46 8 19 0 0.01 M M 4.0 16 110 M M 10 12 22 120
8 47 44 46 9 19 0 0.28 M M 8.8 15 100 M M 10 12 22 90
9 51 36 44 7 21 0 0.03 M M 9.6 17 250 M M 5 1 23 250
10 46 36 41 4 24 0 0.23 M M 4.6 12 120 M M 10 1 16 120
11 40 34 37 1 28 0 0.00 M M 5.9 10 160 M M 10 18 14 110
12 39 32 36 0 29 0 0.00 M M 9.0 15 110 M M 9 1 21 110
13 55 35 45 9 20 0 0.57 M M 13.9 24 130 M M 9 13 35 120
14 55 33 44 8 21 0 0.02 M M 8.8 20 300 M M 7 1 26 260
15 35 28 32 -4 33 0 0.00 M M 13.3 23 250 M M 9 29 250
16 35 25 30 -5 35 0 0.00 M M 15.6 26 240 M M 6 36 260
17 31 21 26 -9 39 0 0.00 M M 12.3 23 280 M M 7 34 290
18 35 15 25 -10 40 0 0.00 M M 6.2 14 300 M M 0 21 300
19 41 22 32 -3 33 0 0.00 M M 8.1 15 150 M M 7 20 150
20 45 22 34 0 31 0 0.00 M M 5.2 14 350 M M 5 19 350
21 40 20 30 -4 35 0 0.00 M M 7.4 13 130 M M 4 18 18 140
22 37 -8 15 -19 50 0 0.13 M M 15.4 28 310 M M 10 128 40 290
23 7 -8 0 -34 65 0 T M M 19.4 30 300 M M 6 18 40 290
24 M 5 M M M M 0.00 M M 14.9 22 270 M M 0 32 270
25 M M M M M M T M M 10.0 20 190 M M 1 26 190
26 M M M M M M T M M 10.9 20 310 M M 10 8 28 320
27 36 M M M M M 0.00 M M 12.0 24 180 M M 0 33 170
28 57 31 44 11 21 0 0.00 M M 19.7 33 180 M M 0 49 180
29 71 53 62 29 3 0 0.00 M M 15.6 26 200 M M 3 40 220
30 56 33 45 13 20 0 0.00 M M 6.1 14 300 M M 3 20 320
31 55 33 44 12 21 0 0.00 M M 9.4 18 180 M M 3 1 25 160
================================================================================
SM 1276 776 744 0 1.27 M 322.1 M 177
================================================================================
AV 45.6 27.7 10.4 FASTST M M 6 MAX(MPH)
MISC ----> 33 180 49 180
================================================================================
NOTES:
# LAST OF SEVERAL OCCURRENCES
COLUMN 17 PEAK WIND IN M.P.H.
PRELIMINARY LOCAL CLIMATOLOGICAL DATA (WS FORM: F-6) , PAGE 2
STATION: VICHY-ROLLA MO
MONTH: DECEMBER
YEAR: 2022
LATITUDE: 38 7 N
LONGITUDE: 91 46 W
[TEMPERATURE DATA] [PRECIPITATION DATA] SYMBOLS USED IN COLUMN 16
AVERAGE MONTHLY: 36.6 TOTAL FOR MONTH: 1.27 1 = FOG OR MIST
DPTR FM NORMAL: 1.2 DPTR FM NORMAL: -1.04 2 = FOG REDUCING VISIBILITY
HIGHEST: 71 ON 29 GRTST 24HR 0.59 ON 13-14 TO 1/4 MILE OR LESS
LOWEST: -8 ON 23,22 3 = THUNDER
SNOW, ICE PELLETS, HAIL 4 = ICE PELLETS
TOTAL MONTH: M 5 = HAIL
GRTST 24HR M ON M 6 = FREEZING RAIN OR DRIZZLE
GRTST DEPTH: M ON M 7 = DUSTSTORM OR SANDSTORM:
VSBY 1/2 MILE OR LESS
8 = SMOKE OR HAZE
[NO. OF DAYS WITH] [WEATHER - DAYS WITH] 9 = BLOWING SNOW
X = TORNADO
MAX 32 OR BELOW: 2 0.01 INCH OR MORE: 7
MAX 90 OR ABOVE: 0 0.10 INCH OR MORE: 4
MIN 32 OR BELOW: 15 0.50 INCH OR MORE: 1
MIN 0 OR BELOW: 2 1.00 INCH OR MORE: 0
[HDD (BASE 65) ]
TOTAL THIS MO. 744 CLEAR (SCALE 0-3) 9
DPTR FM NORMAL -172 PTCLDY (SCALE 4-7) 11
TOTAL FM JUL 1 1673 CLOUDY (SCALE 8-10) 11
DPTR FM NORMAL -179
[CDD (BASE 65) ]
TOTAL THIS MO. 0
DPTR FM NORMAL 0 [PRESSURE DATA]
TOTAL FM JAN 1 1510 HIGHEST SLP M ON M
DPTR FM NORMAL 203 LOWEST SLP 29.58 ON 14
[REMARKS]
#FINAL-12-22#