000
CXUS51 KBTV 010700
CF6VSF
PRELIMINARY LOCAL CLIMATOLOGICAL DATA (WS FORM: F-6)
STATION: SPRINGFIELD VT
MONTH: JULY
YEAR: 2021
LATITUDE: 43 19 N
LONGITUDE: 72 31 W
TEMPERATURE IN F: :PCPN: SNOW: WIND :SUNSHINE: SKY :PK WND
================================================================================
1 2 3 4 5 6A 6B 7 8 9 10 11 12 13 14 15 16 17 18
12Z AVG MX 2MIN
DY MAX MIN AVG DEP HDD CDD WTR SNW DPTH SPD SPD DIR MIN PSBL S-S WX SPD DR
================================================================================
1 76 64 70 2 0 5 0.24 M M 1.6 9 270 M M 5 1 12 280
2 65 56 61 -7 4 0 0.99 M M 2.6 12 70 M M 10 1 18 50
3 60 54 57 -11 8 0 0.61 M M 1.1 8 60 M M 10 1 9 60
4 73 54 64 -5 1 0 0.09 M M 3.0 14 280 M M 8 19 290
5 78 58 68 -1 0 3 0.00 M M 4.8 14 150 M M 7 19 150
6 87 63 75 6 0 10 0.13 M M 3.7 15 260 M M 4 13 20 280
7 82 61 72 3 0 7 0.00 M M 3.5 13 320 M M 3 21 340
8 63 59 61 -8 4 0 0.74 M M 1.5 9 230 M M 10 1 14 230
9 80 60 70 1 0 5 0.14 M M 2.0 13 280 M M 8 1 16 290
10 79 57 68 -1 0 3 0.04 M M 2.6 10 360 M M 4 14 350
11 76 53 65 -4 0 0 0.25 M M 2.0 8 170 M M 6 12 12 130
12 72 62 67 -3 0 2 0.65 M M 0.3 6 10 M M 8 1 9 30
13 68 63 66 -4 0 1 0.50 M M 1.4 7 140 M M 10 1 10 140
14 79 64 72 2 0 7 0.07 M M 2.7 12 140 M M 7 13 16 150
15 86 65 76 6 0 11 0.00 M M 2.9 14 250 M M 4 1 19 270
16 86 65 76 6 0 11 T M M 3.6 16 240 M M 2 25 260
17 73 65 69 -1 0 4 0.87 M M 2.3 9 10 M M 9 1 14 360
18 68 64 66 -4 0 1 0.78 M M 1.6 8 70 M M 10 1 11 60
19 77 60 69 -1 0 4 0.32 M M 2.4 12 330 M M 7 1 18 340
20 84 59 72 2 0 7 0.32 M M 2.4 12 60 M M 6 123 20 320
21 77 56 67 -3 0 2 0.00 M M 3.8 12 250 M M 6 18 99
22 79 52 66 -4 0 1 0.00 M M 3.2 16 280 M M 2 18 23 280
23 77 54 66 -4 0 1 0.23 M M 2.2 18 240 M M 3 3 24 240
24 81 51 66 -4 0 1 0.00 M M 2.3 9 160 M M 3 12 13 190
25 78 59 69 -1 0 4 0.32 M M 3.3 14 150 M M 6 1 21 160
26 83 62 73 3 0 8 T M M 3.5 14 260 M M 4 1238 20 270
27 84 58 71 1 0 6 0.37 M M 1.2 18 320 M M 6 1238 33 310
28 75 57 66 -3 0 1 0.09 M M 3.1 10 60 M M 5 1 17 50
29 74 55 65 -4 0 0 1.38 M M 1.8 12 60 M M 8 123 14 60
30 72 54 63 -6 2 0 0.02 M M 6.2 21 290 M M 6 1 29 290
31 71 47 59 -10 6 0 0.00 M M 4.4 15 260 M M 1 25 280
================================================================================
SM 2363 1811 25 105 9.15 M 83.0 M 188
================================================================================
AV 76.2 58.4 2.7 FASTST M M 6 MAX(MPH)
MISC ----> 21 290 33 310
================================================================================
NOTES:
# LAST OF SEVERAL OCCURRENCES
COLUMN 17 PEAK WIND IN M.P.H.
PRELIMINARY LOCAL CLIMATOLOGICAL DATA (WS FORM: F-6) , PAGE 2
STATION: SPRINGFIELD VT
MONTH: JULY
YEAR: 2021
LATITUDE: 43 19 N
LONGITUDE: 72 31 W
[TEMPERATURE DATA] [PRECIPITATION DATA] SYMBOLS USED IN COLUMN 16
AVERAGE MONTHLY: 67.3 TOTAL FOR MONTH: 9.15 1 = FOG OR MIST
DPTR FM NORMAL: -2.0 DPTR FM NORMAL: 5.29 2 = FOG REDUCING VISIBILITY
HIGHEST: 87 ON 6 GRTST 24HR 1.40 ON 29-30 TO 1/4 MILE OR LESS
LOWEST: 47 ON 31 3 = THUNDER
SNOW, ICE PELLETS, HAIL 4 = ICE PELLETS
TOTAL MONTH: M 5 = HAIL
GRTST 24HR M ON M 6 = FREEZING RAIN OR DRIZZLE
GRTST DEPTH: M ON M 7 = DUSTSTORM OR SANDSTORM:
VSBY 1/2 MILE OR LESS
8 = SMOKE OR HAZE
[NO. OF DAYS WITH] [WEATHER - DAYS WITH] 9 = BLOWING SNOW
X = TORNADO
MAX 32 OR BELOW: 0 0.01 INCH OR MORE: 22
MAX 90 OR ABOVE: 0 0.10 INCH OR MORE: 17
MIN 32 OR BELOW: 0 0.50 INCH OR MORE: 8
MIN 0 OR BELOW: 0 1.00 INCH OR MORE: 1
[HDD (BASE 65) ]
TOTAL THIS MO. 25 CLEAR (SCALE 0-3) 6
DPTR FM NORMAL 8 PTCLDY (SCALE 4-7) 18
TOTAL FM JUL 1 25 CLOUDY (SCALE 8-10) 7
DPTR FM NORMAL 16
[CDD (BASE 65) ]
TOTAL THIS MO. 105
DPTR FM NORMAL -45 [PRESSURE DATA]
TOTAL FM JAN 1 288 HIGHEST SLP M ON M
DPTR FM NORMAL 57 LOWEST SLP 29.66 ON 29
[REMARKS]
#FINAL-07-21#