000
CXUS51 KBTV 110240
CF6VSF
PRELIMINARY LOCAL CLIMATOLOGICAL DATA (WS FORM: F-6)
STATION: SPRINGFIELD VT
MONTH: JANUARY
YEAR: 2021
LATITUDE: 43 19 N
LONGITUDE: 72 31 W
TEMPERATURE IN F: :PCPN: SNOW: WIND :SUNSHINE: SKY :PK WND
================================================================================
1 2 3 4 5 6A 6B 7 8 9 10 11 12 13 14 15 16 17 18
12Z AVG MX 2MIN
DY MAX MIN AVG DEP HDD CDD WTR SNW DPTH SPD SPD DIR MIN PSBL S-S WX SPD DR
================================================================================
1 32 19 26 4 39 0 0.05 M M 0.5 7 40 M M 3 1 8 30
2 38 28 33 11 32 0 0.68 M M 4.2 15 320 M M 9 16 24 310
3 30 28 29 7 36 0 0.06 M M 1.4 9 140 M M 10 1 14 340
4 37 27 32 10 33 0 T M M 0.6 6 180 M M 8 12 8 30
5 35 30 33 11 32 0 0.00 M M 1.6 8 280 M M 10 1 10 280
6 33 26 30 9 35 0 T M M 7.4 15 280 M M 6 20 280
7 32 23 28 7 37 0 0.00 M M 6.0 17 300 M M 0 23 290
8 30 15 23 2 42 0 0.00 M M 4.9 17 280 M M 1 21 280
9 32 14 23 2 42 0 0.00 M M 7.0 13 10 M M 7 23 10
10 33 16 25 4 40 0 0.00 M M 3.8 14 340 M M 4 1 21 30
11 27 9 18 -3 47 0 0.00 M M 0.3 6 170 M M 4 1 8 170
12 36 14 25 5 40 0 0.00 M M 2.0 12 270 M M 9 1 17 270
13 36 22 29 9 36 0 0.00 M M 0.7 9 260 M M 9 8 13 230
14 34 26 30 10 35 0 0.00 M M 0.0 3 350 M M 9 18 4 330
15 37 23 30 10 35 0 0.00 M M 1.4 12 120 M M 9 18 15 120
16 36 32 34 14 31 0 1.04 M M 2.0 12 40 M M 10 12 22 30
17 37 32 35 15 30 0 T M M 7.4 18 260 M M 10 1 26 250
18 36 22 29 9 36 0 T M M 4.0 16 280 M M 7 1 24 250
19 31 19 25 5 40 0 T M M 0.9 12 300 M M 6 8 16 320
20 32 13 23 3 42 0 T M M 4.7 20 290 M M 7 18 31 290
21 23 11 17 -3 48 0 0.01 M M 0.8 7 180 M M 8 1 9 180
22 33 19 26 6 39 0 0.01 M M 1.2 10 310 M M 9 18 17 300
23 29 10 20 0 45 0 0.01 M M 8.0 18 300 M M 7 18 28 300
24 22 9 16 -4 49 0 0.00 M M 9.2 18 290 M M 0 32 300
25 28 4 16 -4 49 0 0.00 M M 5.1 13 250 M M 0 M M
26 28 5 17 -3 48 0 0.18 M M 0.8 6 170 M M 7 18 7 180
27 32 23 28 8 37 0 0.04 M M 1.2 10 310 M M 10 1 14 290
28 27 11 19 -1 46 0 0.01 M M 6.8 17 290 M M 9 8 24 280
29 13 -2 6 -14 59 0 T M M 7.2 17 290 M M 4 8 26 290
30 16 -8 4 -16 61 0 0.00 M M 6.5 20 270 M M 0 25 270
31 21 -9 6 -14 59 0 0.00 M M 1.2 10 70 M M 0 18 13 60
================================================================================
SM 946 511 1280 0 2.09 M 108.8 M 192
================================================================================
AV 30.5 16.5 3.5 FASTST M M 6 MAX(MPH)
MISC ----> # 20 290 32 300
================================================================================
NOTES:
# LAST OF SEVERAL OCCURRENCES
COLUMN 17 PEAK WIND IN M.P.H.
PRELIMINARY LOCAL CLIMATOLOGICAL DATA (WS FORM: F-6) , PAGE 2
STATION: SPRINGFIELD VT
MONTH: JANUARY
YEAR: 2021
LATITUDE: 43 19 N
LONGITUDE: 72 31 W
[TEMPERATURE DATA] [PRECIPITATION DATA] SYMBOLS USED IN COLUMN 16
AVERAGE MONTHLY: 23.5 TOTAL FOR MONTH: 2.09 1 = FOG OR MIST
DPTR FM NORMAL: 3.0 DPTR FM NORMAL: -0.71 2 = FOG REDUCING VISIBILITY
HIGHEST: 38 ON 2 GRTST 24HR 1.08 ON 16-17 TO 1/4 MILE OR LESS
LOWEST: -9 ON 31 3 = THUNDER
SNOW, ICE PELLETS, HAIL 4 = ICE PELLETS
TOTAL MONTH: M 5 = HAIL
GRTST 24HR M ON M 6 = FREEZING RAIN OR DRIZZLE
GRTST DEPTH: M ON M 7 = DUSTSTORM OR SANDSTORM:
VSBY 1/2 MILE OR LESS
8 = SMOKE OR HAZE
[NO. OF DAYS WITH] [WEATHER - DAYS WITH] 9 = BLOWING SNOW
X = TORNADO
MAX 32 OR BELOW: 18 0.01 INCH OR MORE: 10
MAX 90 OR ABOVE: 0 0.10 INCH OR MORE: 3
MIN 32 OR BELOW: 31 0.50 INCH OR MORE: 2
MIN 0 OR BELOW: 3 1.00 INCH OR MORE: 1
[HDD (BASE 65) ]
TOTAL THIS MO. 1280 CLEAR (SCALE 0-3) 6
DPTR FM NORMAL -99 PTCLDY (SCALE 4-7) 12
TOTAL FM JUL 1 3873 CLOUDY (SCALE 8-10) 13
DPTR FM NORMAL -308
[CDD (BASE 65) ]
TOTAL THIS MO. 0
DPTR FM NORMAL 0 [PRESSURE DATA]
TOTAL FM JAN 1 0 HIGHEST SLP 30.56 ON 1
DPTR FM NORMAL 0 LOWEST SLP 29.20 ON 17
[REMARKS]
#FINAL-01-21#