000
CXUS55 KLBF 011510
CF6VTN
PRELIMINARY LOCAL CLIMATOLOGICAL DATA (WS FORM: F-6)
STATION: VALENTINE
MONTH: JANUARY
YEAR: 2021
LATITUDE: 42 52 N
LONGITUDE: 100 33 W
TEMPERATURE IN F: :PCPN: SNOW: WIND :SUNSHINE: SKY :PK WND
================================================================================
1 2 3 4 5 6A 6B 7 8 9 10 11 12 13 14 15 16 17 18
12Z AVG MX 2MIN
DY MAX MIN AVG DEP HDD CDD WTR SNW DPTH SPD SPD DIR MIN PSBL S-S WX SPD DR
================================================================================
1 44 15 30 7 35 0 0.00 0.0 2 7.7 14 280 M M 0 19 300
2 48 13 31 8 34 0 0.00 0.0 1 9.5 23 210 M M 0 32 210
3 50 20 35 12 30 0 T 0.0 1 9.0 22 320 M M 1 34 320
4 49 25 37 14 28 0 0.00 0.0 1 8.4 16 310 M M 1 28 310
5 48 25 37 14 28 0 0.00 0.0 1 8.4 21 330 M M 4 31 310
6 41 32 37 14 28 0 0.00 0.0 T 13.3 25 320 M M 10 18 36 320
7 36 32 34 11 31 0 0.00 0.0 T 6.4 16 200 M M 10 18 22 210
8 35 31 33 10 32 0 0.00 0.0 T 5.9 14 220 M M 10 8 18 200
9 35 30 33 10 32 0 0.00 0.0 T 4.7 12 340 M M 10 14 330
10 43 27 35 12 30 0 0.00 0.0 T 8.1 17 230 M M 6 22 250
11 53 21 37 14 28 0 0.00 0.0 T 9.6 17 270 M M 0 25 300
12 58 23 41 18 24 0 0.00 0.0 T 9.2 16 260 M M 0 21 260
13 62 30 46 22 19 0 0.12 0.0 T 10.6 48 320 M M 2 71 310
14 42 33 38 14 27 0 T T 0 32.4 46 330 M M 2 69 320
15 34 17 26 2 39 0 T T 0 22.2 43 330 M M 0 8 63 340
16 44 17 31 7 34 0 0.00 0.0 0 12.5 30 330 M M 1 44 320
17 45 24 35 11 30 0 0.00 0.0 0 9.5 23 290 M M 3 30 280
18 42 20 31 7 34 0 0.05 0.2 T 14.1 29 330 M M 9 18 42 330
19 38 18 28 4 37 0 0.00 0.0 T 13.1 29 300 M M 7 45 290
20 55 22 39 15 26 0 0.00 0.0 0 13.4 31 320 M M 0 47 330
21 43 16 30 6 35 0 0.00 0.0 0 10.6 23 330 M M 0 31 330
22 32 17 25 1 40 0 0.05 0.5 T 5.4 15 170 M M 8 18 20 160
23 31 25 28 4 37 0 0.07 0.5 T 10.0 18 180 M M 10 8 24 180
24 28 24 26 2 39 0 0.00 0.0 1 10.7 20 160 M M 10 26 170
25 26 17 22 -2 43 0 0.14 2.0 1 10.2 18 150 M M 10 18 22 20
26 20 10 15 -9 50 0 0.06 0.5 3 5.4 13 40 M M 10 18 16 40
27 23 4 14 -10 51 0 0.02 0.3 3 10.4 23 180 M M 4 8 28 180
28 38 12 25 1 40 0 0.00 0.0 3 8.2 16 180 M M 0 20 210
29 47 14 31 7 34 0 0.00 0.0 3 5.1 12 120 M M 0 18 15 110
30 27 24 26 2 39 0 0.00 0.0 1 12.6 23 330 M M 10 18 32 320
31 50 24 37 13 28 0 0.00 0.0 1 9.3 18 300 M M 5 18 25 320
================================================================================
SM 1267 662 1042 0 0.51 4.0 325.9 M 143
================================================================================
AV 40.9 21.4 10.5 FASTST M M 5 MAX(MPH)
MISC ----> 48 320 71 310
================================================================================
NOTES:
# LAST OF SEVERAL OCCURRENCES
COLUMN 17 PEAK WIND IN M.P.H.
PRELIMINARY LOCAL CLIMATOLOGICAL DATA (WS FORM: F-6) , PAGE 2
STATION: VALENTINE
MONTH: JANUARY
YEAR: 2021
LATITUDE: 42 52 N
LONGITUDE: 100 33 W
[TEMPERATURE DATA] [PRECIPITATION DATA] SYMBOLS USED IN COLUMN 16
AVERAGE MONTHLY: 31.1 TOTAL FOR MONTH: 0.51 1 = FOG OR MIST
DPTR FM NORMAL: 7.5 DPTR FM NORMAL: 0.25 2 = FOG REDUCING VISIBILITY
HIGHEST: 62 ON 13 GRTST 24HR 0.21 ON 25-26 TO 1/4 MILE OR LESS
LOWEST: 4 ON 27 3 = THUNDER
SNOW, ICE PELLETS, HAIL 4 = ICE PELLETS
TOTAL MONTH: 4.0 INCHES 5 = HAIL
GRTST 24HR 2.0 ON 25-25 6 = FREEZING RAIN OR DRIZZLE
GRTST DEPTH: 3 ON 29,28 7 = DUSTSTORM OR SANDSTORM:
VSBY 1/2 MILE OR LESS
8 = SMOKE OR HAZE
[NO. OF DAYS WITH] [WEATHER - DAYS WITH] 9 = BLOWING SNOW
X = TORNADO
MAX 32 OR BELOW: 7 0.01 INCH OR MORE: 7
MAX 90 OR ABOVE: 0 0.10 INCH OR MORE: 2
MIN 32 OR BELOW: 30 0.50 INCH OR MORE: 0
MIN 0 OR BELOW: 0 1.00 INCH OR MORE: 0
[HDD (BASE 65) ]
TOTAL THIS MO. 1042 CLEAR (SCALE 0-3) 15
DPTR FM NORMAL -241 PTCLDY (SCALE 4-7) 5
TOTAL FM JUL 1 3454 CLOUDY (SCALE 8-10) 11
DPTR FM NORMAL -725
[CDD (BASE 65) ]
TOTAL THIS MO. 0
DPTR FM NORMAL 0 [PRESSURE DATA]
TOTAL FM JAN 1 0 HIGHEST SLP 30.48 ON 9
DPTR FM NORMAL 0 LOWEST SLP 29.53 ON 13
[REMARKS]
#FINAL-01-21#