000
CXUS53 KLBF 010712
CLMVTN
CLIMATE REPORT
NATIONAL WEATHER SERVICE NORTH PLATTE NE
212 AM CDT SAT APR 01 2023
...................................
...THE VALENTINE CLIMATE SUMMARY FOR THE MONTH OF MARCH 2023...
CLIMATE NORMAL PERIOD 1991 TO 2020
CLIMATE RECORD PERIOD 1885 TO 2023
WEATHER OBSERVED NORMAL DEPART LAST YEAR`S
VALUE DATE(S) VALUE FROM VALUE DATE(S)
NORMAL
................................................................
TEMPERATURE (F)
RECORD
HIGH 87 03/26/2012
03/31/1946
03/29/1943
LOW -29 03/01/1980
HIGHEST 74 03/15 76 -2 77 03/20
LOWEST 8 03/18 -2 10 -1 03/10
AVG. MAXIMUM 40.7 51.6 -10.9 52.9
AVG. MINIMUM 19.3 23.5 -4.2 21.7
MEAN 30.0 37.6 -7.6 37.3
DAYS MAX >= 90 0 0.0 0.0 0
DAYS MAX <= 32 8 4.1 3.9 6
DAYS MIN <= 32 31 25.3 5.7 29
DAYS MIN <= 0 0 1.3 -1.3 1
PRECIPITATION (INCHES)
RECORD
MAXIMUM 4.23 1977
MINIMUM 0.01 1997
TOTALS 0.70 1.01 -0.31 0.25
DAILY AVG. 0.02 0.03 -0.01 0.01
DAYS >= .01 8 6.9 1.1 4
DAYS >= .10 2 2.6 -0.6 1
DAYS >= .50 0 0.6 -0.6 0
DAYS >= 1.00 0 0.1 -0.1 0
GREATEST
24 HR. TOTAL 0.22 03/31 TO 03/31 0.14 03/29 TO 03/30
SNOWFALL (INCHES)
RECORDS
TOTAL 51.0 1977
TOTALS 6.1 6.0 0.1 3.2
SINCE 7/1 64.6 28.5 36.1 MM
SNOWDEPTH AVG. 1 0
DAYS >= 1.0 3 2.0 1.0 1
GREATEST
SNOW DEPTH 4 03/04 1 03/06
03/30
03/31
24 HR TOTAL MM
DEGREE DAYS
HEATING TOTAL 1078 851 227 851
SINCE 7/1 6639 5856 783 MM
COOLING TOTAL 0 0 0 0
SINCE 1/1 0 0 0 MM
................................................................
WIND (MPH)
AVERAGE WIND SPEED 10.9
HIGHEST WIND SPEED/DIRECTION 36/330 DATE 03/15
HIGHEST GUST SPEED/DIRECTION 51/330 DATE 03/15
SKY COVER
POSSIBLE SUNSHINE (PERCENT) MM
AVERAGE SKY COVER 0.50
NUMBER OF DAYS FAIR 9
NUMBER OF DAYS PC 15
NUMBER OF DAYS CLOUDY 7
AVERAGE RH (PERCENT) 71
WEATHER CONDITIONS. NUMBER OF DAYS WITH
THUNDERSTORM 2 MIXED PRECIP 0
HEAVY RAIN 0 RAIN 0
LIGHT RAIN 0 FREEZING RAIN 1
LT FREEZING RAIN 3 HAIL 0
HEAVY SNOW 2 SNOW 4
LIGHT SNOW 12 SLEET 0
FOG 18 FOG W/VIS <= 1/4 MILE 4
HAZE 6
- INDICATES NEGATIVE NUMBERS.
R INDICATES RECORD WAS SET OR TIED.
MM INDICATES DATA IS MISSING.
T INDICATES TRACE AMOUNT.
$$