000
CXUS54 KFWD 072153
CF6XBP
PRELIMINARY LOCAL CLIMATOLOGICAL DATA (WS FORM: F-6)
STATION: BRIDGEPORT
MONTH: AUGUST
YEAR: 2022
LATITUDE: 33 10 N
LONGITUDE: 96 30 W
TEMPERATURE IN F: :PCPN: SNOW: WIND :SUNSHINE: SKY :PK WND
================================================================================
1 2 3 4 5 6A 6B 7 8 9 10 11 12 13 14 15 16 17 18
12Z AVG MX 2MIN
DY MAX MIN AVG DEP HDD CDD WTR SNW DPTH SPD SPD DIR MIN PSBL S-S WX SPD DR
================================================================================
1 101 82 92 9 0 27 0.00 M M 8.1 13 190 M M 1 17 180
2 102 78 90 7 0 25 0.00 M M 7.6 12 180 M M 0 21 160
3 103 82 93 10 0 28 0.00 M M 9.3 13 190 M M 0 21 200
4 104 81 93 10 0 28 0.00 M M 7.0 13 130 M M 0 17 140
5 103 74 89 6 0 24 0.00 M M 6.3 13 150 M M 1 17 150
6 99 77 88 5 0 23 0.00 M M 7.7 12 150 M M 1 20 120
7 99 75 87 4 0 22 0.00 M M 7.0 13 160 M M 1 18 170
8 101 80 91 8 0 26 0.00 M M 5.9 13 200 M M 3 16 200
9 98 75 87 4 0 22 0.00 M M 4.6 12 120 M M 3 17 90
10 96 71 84 1 0 19 0.00 M M 2.9 8 300 M M 2 23 260
11 98 69 84 1 0 19 0.00 M M 2.9 10 20 M M 1 17 350
12 96 71 84 1 0 19 0.00 M M 3.6 8 100 M M 2 18 80
13 98 73 86 3 0 21 0.00 M M 3.0 9 60 M M 1 22 110
14 99 68 84 1 0 19 0.00 M M 3.9 10 160 M M 1 17 120
15 99 76 88 5 0 23 0.00 M M 6.6 10 180 M M 0 18 150
16 100 75 88 5 0 23 0.00 M M 4.5 9 200 M M 0 16 200
17 100 72 86 3 0 21 0.00 M M 5.3 12 50 M M 1 22 60
18 84 71 78 -5 0 13 0.67 M M 2.5 7 10 M M 2 3 M M
19 93 71 82 -1 0 17 0.00 M M 2.6 7 170 M M 3 1 M M
20 93 71 82 0 0 17 0.00 M M 3.7 13 170 M M 1 17 160
21 86 72 79 -3 0 14 0.05 M M 6.4 12 70 M M 5 3 17 70
22 80 71 76 -6 0 11 2.78 M M 5.2 14 60 M M 8 3 20 60
23 79 72 76 -6 0 11 0.24 M M 3.5 9 90 M M 10 M M
24 87 72 80 -2 0 15 0.00 M M 2.5 9 90 M M 5 17 40
25 92 69 81 -1 0 16 0.00 M M 2.4 10 40 M M 1 16 40
26 92 69 81 -1 0 16 0.00 M M 2.5 8 100 M M 2 M M
27 95 70 83 2 0 18 0.00 M M 3.1 6 140 M M 0 17 120
28 95 75 85 4 0 20 0.00 M M 7.3 13 180 M M 1 21 180
29 92 73 83 2 0 18 0.00 M M 6.6 13 40 M M 1 35 60
30 87 71 79 -1 0 14 0.18 M M 3.1 10 50 M M 3 3 28 190
31 87 72 80 0 0 15 0.02 M M 2.0 8 150 M M 2 18 110
================================================================================
SM 2938 2278 0 604 3.94 M 149.7 M 62
================================================================================
AV 94.8 73.5 4.8 FASTST M M 2 MAX(MPH)
MISC ----> 14 60 35 60
================================================================================
NOTES:
# LAST OF SEVERAL OCCURRENCES
COLUMN 17 PEAK WIND IN M.P.H.
PRELIMINARY LOCAL CLIMATOLOGICAL DATA (WS FORM: F-6) , PAGE 2
STATION: BRIDGEPORT
MONTH: AUGUST
YEAR: 2022
LATITUDE: 33 10 N
LONGITUDE: 96 30 W
[TEMPERATURE DATA] [PRECIPITATION DATA] SYMBOLS USED IN COLUMN 16
AVERAGE MONTHLY: 84.1 TOTAL FOR MONTH: 3.94 1 = FOG OR MIST
DPTR FM NORMAL: 1.6 DPTR FM NORMAL: 1.96 2 = FOG REDUCING VISIBILITY
HIGHEST: 104 ON 4 GRTST 24HR 2.78 ON 22-22 TO 1/4 MILE OR LESS
LOWEST: 68 ON 14 3 = THUNDER
SNOW, ICE PELLETS, HAIL 4 = ICE PELLETS
TOTAL MONTH: M 5 = HAIL
GRTST 24HR M ON M 6 = FREEZING RAIN OR DRIZZLE
GRTST DEPTH: M ON M 7 = DUSTSTORM OR SANDSTORM:
VSBY 1/2 MILE OR LESS
8 = SMOKE OR HAZE
[NO. OF DAYS WITH] [WEATHER - DAYS WITH] 9 = BLOWING SNOW
X = TORNADO
MAX 32 OR BELOW: 0 0.01 INCH OR MORE: 6
MAX 90 OR ABOVE: 24 0.10 INCH OR MORE: 4
MIN 32 OR BELOW: 0 0.50 INCH OR MORE: 2
MIN 0 OR BELOW: 0 1.00 INCH OR MORE: 1
[HDD (BASE 65) ]
TOTAL THIS MO. 0 CLEAR (SCALE 0-3) 26
DPTR FM NORMAL 0 PTCLDY (SCALE 4-7) 3
TOTAL FM JUL 1 0 CLOUDY (SCALE 8-10) 2
DPTR FM NORMAL 0
[CDD (BASE 65) ]
TOTAL THIS MO. 604
DPTR FM NORMAL 62 [PRESSURE DATA]
TOTAL FM JAN 1 2286 HIGHEST SLP M ON M
DPTR FM NORMAL 526 LOWEST SLP M ON M
[REMARKS]
#FINAL-08-22#