000
CXAK56 PAJK 011310
CF6YAK
PRELIMINARY LOCAL CLIMATOLOGICAL DATA (WS FORM: F-6)
STATION: YAKUTAT
MONTH: SEPTEMBER
YEAR: 2021
LATITUDE: 59 31 N
LONGITUDE: 139 40 W
TEMPERATURE IN F: :PCPN: SNOW: WIND :SUNSHINE: SKY :PK WND
================================================================================
1 2 3 4 5 6A 6B 7 8 9 10 11 12 13 14 15 16 17 18
12Z AVG MX 2MIN
DY MAX MIN AVG DEP HDD CDD WTR SNW DPTH SPD SPD DIR MIN PSBL S-S WX SPD DR
================================================================================
1 59 50 55 3 10 0 0.50 M M 6.9 16 80 M M 10 1 23 150
2 57 52 55 3 10 0 1.81 M M 9.1 23 120 M M 10 1 40 120
3 56 52 54 2 11 0 0.80 M M 5.6 15 130 M M 10 1 24 140
4 62 52 57 5 8 0 0.16 M M 4.7 10 130 M M 9 1 18 120
5 57 51 54 3 11 0 0.46 M M 2.2 9 200 M M 10 1 12 190
6 58 47 53 2 12 0 0.56 M M 3.5 10 160 M M 10 12 13 160
7 63 41 52 1 13 0 0.00 M M 3.9 12 310 M M 3 12 15 290
8 56 44 50 -1 15 0 0.00 M M 3.3 12 200 M M 8 1 16 230
9 58 48 53 2 12 0 0.06 M M 6.1 14 90 M M 10 1 19 80
10 54 49 52 2 13 0 0.80 M M 7.2 15 60 M M 10 1 19 50
11 62 50 56 6 9 0 0.10 M M 5.5 15 290 M M 7 1 19 280
12 59 52 56 6 9 0 0.04 M M 4.1 14 110 M M 10 1 20 110
13 58 45 52 2 13 0 0.98 M M 8.8 20 130 M M 8 1 31 140
14 52 45 49 -1 16 0 0.44 M M 6.8 13 90 M M 10 12 19 80
15 53 38 46 -4 19 0 0.78 M M 3.4 17 190 M M 9 28 23 200
16 49 45 47 -2 18 0 0.72 M M 8.3 17 80 M M 10 1 25 100
17 55 42 49 0 16 0 T M M 2.8 14 300 M M 9 1 19 310
18 58 38 48 -1 17 0 0.00 M M 2.2 9 300 M M 5 1 11 300
19 58 44 51 2 14 0 0.11 M M 4.9 13 80 M M 7 1 19 170
20 51 48 50 1 15 0 1.17 M M 8.8 14 80 M M 10 1 20 90
21 55 43 49 1 16 0 1.86 M M 9.6 21 210 M M 9 18 29 110
22 50 39 45 -3 20 0 0.17 M M 5.3 13 60 M M 8 1 16 70
23 54 43 49 1 16 0 1.50 M M 13.0 28 120 M M 10 1 41 120
24 51 41 46 -2 19 0 0.35 M M 8.7 18 180 M M 8 18 26 170
25 49 33 41 -7 24 0 0.09 M M 5.0 13 110 M M 8 1 19 110
26 57 30 44 -3 21 0 0.00 M M 1.1 13 60 M M 1 1 16 60
27 57 32 45 -2 20 0 T M M 2.8 12 220 M M 5 13 310
28 51 32 42 -5 23 0 0.04 M M 4.6 14 70 M M 5 1 18 80
29 57 31 44 -3 21 0 0.00 M M 1.3 8 200 M M 4 18 10 330
30 47 42 45 -1 20 0 0.71 M M 5.0 24 100 M M 9 1 42 100
================================================================================
SM 1663 1299 461 0 14.21 M 164.5 M 242
================================================================================
AV 55.4 43.3 5.5 FASTST M M 8 MAX(MPH)
MISC ----> 28 120 42 100
================================================================================
NOTES:
# LAST OF SEVERAL OCCURRENCES
COLUMN 17 PEAK WIND IN M.P.H.
PRELIMINARY LOCAL CLIMATOLOGICAL DATA (WS FORM: F-6) , PAGE 2
STATION: YAKUTAT
MONTH: SEPTEMBER
YEAR: 2021
LATITUDE: 59 31 N
LONGITUDE: 139 40 W
[TEMPERATURE DATA] [PRECIPITATION DATA] SYMBOLS USED IN COLUMN 16
AVERAGE MONTHLY: 49.4 TOTAL FOR MONTH: 14.21 1 = FOG OR MIST
DPTR FM NORMAL: 0.0 DPTR FM NORMAL: -4.82 2 = FOG REDUCING VISIBILITY
HIGHEST: 63 ON 7 GRTST 24HR 2.49 ON 20-21 TO 1/4 MILE OR LESS
LOWEST: 30 ON 26 3 = THUNDER
SNOW, ICE PELLETS, HAIL 4 = ICE PELLETS
TOTAL MONTH: M 5 = HAIL
GRTST 24HR M ON M 6 = FREEZING RAIN OR DRIZZLE
GRTST DEPTH: M ON M 7 = DUSTSTORM OR SANDSTORM:
VSBY 1/2 MILE OR LESS
8 = SMOKE OR HAZE
[NO. OF DAYS WITH] [WEATHER - DAYS WITH] 9 = BLOWING SNOW
X = TORNADO
MAX 32 OR BELOW: 0 0.01 INCH OR MORE: 23
MAX 90 OR ABOVE: 0 0.10 INCH OR MORE: 19
MIN 32 OR BELOW: 4 0.50 INCH OR MORE: 12
MIN 0 OR BELOW: 0 1.00 INCH OR MORE: 4
[HDD (BASE 65) ]
TOTAL THIS MO. 461 CLEAR (SCALE 0-3) 2
DPTR FM NORMAL -7 PTCLDY (SCALE 4-7) 9
TOTAL FM JUL 1 1097 CLOUDY (SCALE 8-10) 19
DPTR FM NORMAL 10
[CDD (BASE 65) ]
TOTAL THIS MO. 0
DPTR FM NORMAL 0 [PRESSURE DATA]
TOTAL FM JAN 1 0 HIGHEST SLP 30.06 ON 1
DPTR FM NORMAL 0 LOWEST SLP 29.27 ON 23
[REMARKS]
#FINAL-09-21#