000
CXAK56 PAJK 032131
CF6YAK
PRELIMINARY LOCAL CLIMATOLOGICAL DATA (WS FORM: F-6)
STATION: YAKUTAT
MONTH: AUGUST
YEAR: 2021
LATITUDE: 59 31 N
LONGITUDE: 139 40 W
TEMPERATURE IN F: :PCPN: SNOW: WIND :SUNSHINE: SKY :PK WND
================================================================================
1 2 3 4 5 6A 6B 7 8 9 10 11 12 13 14 15 16 17 18
12Z AVG MX 2MIN
DY MAX MIN AVG DEP HDD CDD WTR SNW DPTH SPD SPD DIR MIN PSBL S-S WX SPD DR
================================================================================
1 64 51 58 2 7 0 0.00 M M 5.3 14 130 M M 5 20 120
2 63 51 57 1 8 0 0.00 M M 1.7 7 220 M M 10 9 220
3 66 49 58 2 7 0 T M M 3.5 12 290 M M 6 2 15 270
4 68 47 58 2 7 0 T M M 3.0 9 260 M M 5 1 14 230
5 63 56 60 4 5 0 T M M 2.6 9 260 M M 10 1 12 170
6 58 55 57 1 8 0 0.56 M M 2.4 6 240 M M 10 2 8 230
7 59 53 56 0 9 0 0.07 M M 3.1 13 290 M M 10 2 17 280
8 57 54 56 0 9 0 1.85 M M 9.4 25 110 M M 10 1 42 120
9 58 52 55 -1 10 0 0.36 M M 5.9 15 210 M M 10 18 22 230
10 58 51 55 -1 10 0 0.56 M M 9.8 22 130 M M 10 18 33 110
11 57 53 55 -1 10 0 2.74 M M 6.5 15 110 M M 10 18 22 120
12 58 56 57 2 8 0 4.55 M M 10.2 21 170 M M 10 1 31 160
13 58 53 56 1 9 0 1.06 M M 9.0 17 120 M M 10 2 27 120
14 58 48 53 -2 12 0 0.26 M M 3.1 15 200 M M 9 18 18 200
15 58 48 53 -2 12 0 T M M 3.4 9 200 M M 10 18 11 200
16 60 52 56 1 9 0 0.01 M M 2.8 10 200 M M 10 18 14 200
17 54 50 52 -3 13 0 1.13 M M 8.7 17 120 M M 10 1 24 120
18 59 52 56 1 9 0 0.40 M M 3.9 10 240 M M 10 1 17 250
19 60 52 56 2 9 0 0.08 M M 4.6 9 240 M M 10 1 13 210
20 57 51 54 0 11 0 0.10 M M 3.3 14 270 M M 10 18 21 280
21 62 44 53 -1 12 0 0.00 M M 3.8 9 290 M M 4 28 13 280
22 66 37 52 -2 13 0 0.00 M M 2.5 12 230 M M 2 2 15 240
23 61 40 51 -3 14 0 0.21 M M 5.1 16 110 M M 7 1 25 110
24 57 50 54 0 11 0 1.36 M M 8.9 16 120 M M 10 1 24 110
25 55 51 53 -1 12 0 1.59 M M 6.7 10 70 M M 10 1 15 70
26 59 52 56 3 9 0 1.05 M M 5.4 13 130 M M 10 1 20 120
27 55 51 53 0 12 0 1.60 M M 8.9 21 120 M M 10 1 30 110
28 61 49 55 2 10 0 0.31 M M 5.7 15 120 M M 9 1 20 130
29 61 44 53 0 12 0 T M M 3.5 12 160 M M 7 2 15 160
30 59 39 49 -3 16 0 0.00 M M 4.1 13 290 M M 5 2 17 280
31 57 43 50 -2 15 0 0.00 M M 2.5 10 230 M M 10 2 12 230
================================================================================
SM 1846 1534 318 0 19.85 M 159.3 M 269
================================================================================
AV 59.5 49.5 5.1 FASTST M M 9 MAX(MPH)
MISC ----> 25 110 42 120
================================================================================
NOTES:
# LAST OF SEVERAL OCCURRENCES
COLUMN 17 PEAK WIND IN M.P.H.
PRELIMINARY LOCAL CLIMATOLOGICAL DATA (WS FORM: F-6) , PAGE 2
STATION: YAKUTAT
MONTH: AUGUST
YEAR: 2021
LATITUDE: 59 31 N
LONGITUDE: 139 40 W
[TEMPERATURE DATA] [PRECIPITATION DATA] SYMBOLS USED IN COLUMN 16
AVERAGE MONTHLY: 54.5 TOTAL FOR MONTH: 19.85 1 = FOG OR MIST
DPTR FM NORMAL: -0.2 DPTR FM NORMAL: 5.94 2 = FOG REDUCING VISIBILITY
HIGHEST: 68 ON 4 GRTST 24HR 5.37 ON 11-12 TO 1/4 MILE OR LESS
LOWEST: 37 ON 22 3 = THUNDER
SNOW, ICE PELLETS, HAIL 4 = ICE PELLETS
TOTAL MONTH: M 5 = HAIL
GRTST 24HR M ON M 6 = FREEZING RAIN OR DRIZZLE
GRTST DEPTH: M ON M 7 = DUSTSTORM OR SANDSTORM:
VSBY 1/2 MILE OR LESS
8 = SMOKE OR HAZE
[NO. OF DAYS WITH] [WEATHER - DAYS WITH] 9 = BLOWING SNOW
X = TORNADO
MAX 32 OR BELOW: 0 0.01 INCH OR MORE: 20
MAX 90 OR ABOVE: 0 0.10 INCH OR MORE: 17
MIN 32 OR BELOW: 0 0.50 INCH OR MORE: 11
MIN 0 OR BELOW: 0 1.00 INCH OR MORE: 9
[HDD (BASE 65) ]
TOTAL THIS MO. 318 CLEAR (SCALE 0-3) 1
DPTR FM NORMAL -3 PTCLDY (SCALE 4-7) 7
TOTAL FM JUL 1 636 CLOUDY (SCALE 8-10) 23
DPTR FM NORMAL 18
[CDD (BASE 65) ]
TOTAL THIS MO. 0
DPTR FM NORMAL 0 [PRESSURE DATA]
TOTAL FM JAN 1 0 HIGHEST SLP 30.22 ON 19
DPTR FM NORMAL 0 LOWEST SLP 29.43 ON 28
[REMARKS]
#FINAL-08-21#