000
CXAK56 PAJK 011310
CF6YAK
PRELIMINARY LOCAL CLIMATOLOGICAL DATA (WS FORM: F-6)
STATION: YAKUTAT
MONTH: MAY
YEAR: 2021
LATITUDE: 59 31 N
LONGITUDE: 139 40 W
TEMPERATURE IN F: :PCPN: SNOW: WIND :SUNSHINE: SKY :PK WND
================================================================================
1 2 3 4 5 6A 6B 7 8 9 10 11 12 13 14 15 16 17 18
12Z AVG MX 2MIN
DY MAX MIN AVG DEP HDD CDD WTR SNW DPTH SPD SPD DIR MIN PSBL S-S WX SPD DR
================================================================================
1 46 34 40 -2 25 0 0.14 M M 1.5 8 110 M M 9 1 10 120
2 48 34 41 -2 24 0 0.01 M M 3.9 12 80 M M 8 1 13 70
3 48 36 42 -1 23 0 0.32 M M 5.0 13 80 M M 10 1 20 130
4 45 37 41 -2 24 0 0.03 M M 5.2 15 80 M M 10 1 23 110
5 53 32 43 0 22 0 0.00 M M 3.5 10 350 M M 6 14 360
6 51 31 41 -3 24 0 0.04 M M 3.1 10 340 M M 7 13 330
7 49 41 45 1 20 0 0.09 M M 3.3 12 110 M M 10 1 17 160
8 50 41 46 2 19 0 0.01 M M 5.3 16 120 M M 10 21 110
9 48 41 45 1 20 0 T M M 4.6 16 240 M M 10 1 20 260
10 49 40 45 1 20 0 0.12 M M 6.6 15 80 M M 10 1 20 80
11 46 41 44 -1 21 0 0.21 M M 6.4 16 130 M M 10 1 25 160
12 47 40 44 -1 21 0 0.09 M M 5.8 14 180 M M 9 1 18 160
13 44 40 42 -3 23 0 0.89 M M 8.6 17 100 M M 10 1 25 100
14 46 40 43 -2 22 0 0.19 M M 7.1 13 110 M M 10 1 17 120
15 45 41 43 -2 22 0 0.63 M M 7.4 13 230 M M 10 1 18 230
16 47 40 44 -2 21 0 0.25 M M 4.4 12 230 M M 10 1 15 240
17 48 35 42 -4 23 0 0.02 M M 4.7 13 290 M M 9 1 18 290
18 52 32 42 -4 23 0 0.00 M M 4.9 14 230 M M 3 17 240
19 47 42 45 -1 20 0 0.00 M M 2.5 8 230 M M 10 1 10 230
20 50 40 45 -1 20 0 T M M 5.8 15 160 M M 8 1 22 160
21 46 42 44 -3 21 0 1.77 M M 9.0 18 90 M M 10 1 27 100
22 47 42 45 -2 20 0 0.20 M M 7.9 16 70 M M 10 1 24 90
23 51 40 46 -1 19 0 0.03 M M 3.0 9 230 M M 9 1 14 280
24 54 38 46 -1 19 0 T M M 4.7 14 240 M M 6 1 19 210
25 52 43 48 0 17 0 0.00 M M 4.9 14 250 M M 10 17 290
26 48 44 46 -2 19 0 0.00 M M 3.6 8 240 M M 10 1 10 220
27 48 43 46 -2 19 0 0.11 M M 4.2 14 180 M M 10 1 18 180
28 47 44 46 -2 19 0 1.61 M M 8.6 22 110 M M 10 1 32 110
29 48 44 46 -2 19 0 1.98 M M 13.7 26 120 M M 10 1 37 120
30 50 44 47 -2 18 0 0.73 M M 7.9 13 80 M M 10 1 17 80
31 52 48 50 1 15 0 2.20 M M 10.3 21 110 M M 10 1 36 120
================================================================================
SM 1502 1230 642 0 11.67 M 177.4 M 284
================================================================================
AV 48.5 39.7 5.7 FASTST M M 9 MAX(MPH)
MISC ----> 26 120 37 120
================================================================================
NOTES:
# LAST OF SEVERAL OCCURRENCES
COLUMN 17 PEAK WIND IN M.P.H.
PRELIMINARY LOCAL CLIMATOLOGICAL DATA (WS FORM: F-6) , PAGE 2
STATION: YAKUTAT
MONTH: MAY
YEAR: 2021
LATITUDE: 59 31 N
LONGITUDE: 139 40 W
[TEMPERATURE DATA] [PRECIPITATION DATA] SYMBOLS USED IN COLUMN 16
AVERAGE MONTHLY: 44.1 TOTAL FOR MONTH: 11.67 1 = FOG OR MIST
DPTR FM NORMAL: -1.5 DPTR FM NORMAL: 3.82 2 = FOG REDUCING VISIBILITY
HIGHEST: 54 ON 24 GRTST 24HR 2.55 ON 28-29 TO 1/4 MILE OR LESS
LOWEST: 31 ON 6 3 = THUNDER
SNOW, ICE PELLETS, HAIL 4 = ICE PELLETS
TOTAL MONTH: M 5 = HAIL
GRTST 24HR M ON M 6 = FREEZING RAIN OR DRIZZLE
GRTST DEPTH: M ON M 7 = DUSTSTORM OR SANDSTORM:
VSBY 1/2 MILE OR LESS
8 = SMOKE OR HAZE
[NO. OF DAYS WITH] [WEATHER - DAYS WITH] 9 = BLOWING SNOW
X = TORNADO
MAX 32 OR BELOW: 0 0.01 INCH OR MORE: 23
MAX 90 OR ABOVE: 0 0.10 INCH OR MORE: 15
MIN 32 OR BELOW: 3 0.50 INCH OR MORE: 7
MIN 0 OR BELOW: 0 1.00 INCH OR MORE: 4
[HDD (BASE 65) ]
TOTAL THIS MO. 642 CLEAR (SCALE 0-3) 1
DPTR FM NORMAL 42 PTCLDY (SCALE 4-7) 5
TOTAL FM JUL 1 8257 CLOUDY (SCALE 8-10) 25
DPTR FM NORMAL -57
[CDD (BASE 65) ]
TOTAL THIS MO. 0
DPTR FM NORMAL 0 [PRESSURE DATA]
TOTAL FM JAN 1 0 HIGHEST SLP 30.31 ON 9
DPTR FM NORMAL 0 LOWEST SLP 29.67 ON 31
[REMARKS]
#FINAL-05-21#