036
CXAK56 PAJK 061234
CF6YAK
PRELIMINARY LOCAL CLIMATOLOGICAL DATA (WS FORM: F-6)
STATION: YAKUTAT
MONTH: OCTOBER
YEAR: 2020
LATITUDE: 59 31 N
LONGITUDE: 139 40 W
TEMPERATURE IN F: :PCPN: SNOW: WIND :SUNSHINE: SKY :PK WND
================================================================================
1 2 3 4 5 6A 6B 7 8 9 10 11 12 13 14 15 16 17 18
12Z AVG MX 2MIN
DY MAX MIN AVG DEP HDD CDD WTR SNW DPTH SPD SPD DIR MIN PSBL S-S WX SPD DR
================================================================================
1 57 50 54 9 11 0 0.05 M M 5.0 10 110 M M 7 1 14 120
2 57 49 53 8 12 0 0.26 M M 10.1 16 120 M M 10 1 28 120
3 53 44 49 4 16 0 0.52 M M 9.4 20 160 M M 9 1 31 120
4 53 45 49 4 16 0 1.68 M M 12.9 29 120 M M 10 1 44 120
5 52 42 47 2 18 0 2.28 M M 11.0 23 220 M M 10 1 35 210
6 50 41 46 2 19 0 1.79 M M 4.0 9 350 M M 9 1 13 350
7 49 43 46 2 19 0 0.68 M M 5.2 10 80 M M 10 1 14 80
8 45 43 44 0 21 0 0.67 M M 9.0 15 70 M M 10 1 22 70
9 46 43 45 2 20 0 0.72 M M 8.0 14 70 M M 9 1 19 80
10 54 37 46 3 19 0 0.00 M M 1.7 10 330 M M 4 1 14 330
11 46 37 42 -1 23 0 0.55 M M 4.6 13 120 M M 9 1 17 110
12 45 32 39 -4 26 0 0.89 M M 5.5 13 110 M M 8 1 17 110
13 48 29 39 -3 26 0 0.00 M M 0.6 7 290 M M 0 1 8 280
14 46 28 37 -5 28 0 0.02 M M 2.4 9 60 M M 7 11 70
15 47 37 42 0 23 0 0.23 M M 2.4 7 290 M M 10 1 9 70
16 46 33 40 -1 25 0 T M M 8.4 21 60 M M 5 1 27 80
17 43 24 34 -7 31 0 0.00 M M 4.6 14 70 M M 0 19 70
18 41 24 33 -8 32 0 T M M 1.7 9 130 M M 6 1 12 120
19 39 26 33 -7 32 0 0.02 M M 3.0 9 80 M M 8 13 90
20 46 26 36 -4 29 0 0.00 M M 2.3 12 60 M M 2 14 70
21 45 21 33 -7 32 0 0.00 M M 4.3 15 70 M M 0 19 80
22 44 17 31 -8 34 0 0.00 M M 1.3 8 330 M M 0 9 330
23 44 21 33 -6 32 0 0.00 M M 5.7 21 60 M M 0 27 90
24 40 23 32 -7 33 0 0.01 M M 3.7 12 20 M M 5 15 30
25 41 34 38 0 27 0 1.56 M M 7.1 15 70 M M 10 20 70
26 50 41 46 8 19 0 1.18 M M 12.6 25 210 M M 9 18 33 210
27 47 38 43 6 22 0 0.18 M M 3.3 14 220 M M 9 1 20 210
28 44 37 41 4 24 0 0.29 M M 5.1 9 60 M M 9 13 100
29 41 36 39 2 26 0 0.68 M M 5.3 12 80 M M 10 1 18 70
30 42 34 38 2 27 0 0.60 M M 5.5 18 240 M M 9 1 22 230
31 49 32 41 5 24 0 0.75 M M 8.1 21 250 M M 9 18 28 260
================================================================================
SM 1450 1067 746 0 15.61 M 173.8 M 213
================================================================================
AV 46.8 34.4 5.6 FASTST M M 7 MAX(MPH)
MISC ----> 29 120 44 120
================================================================================
NOTES:
# LAST OF SEVERAL OCCURRENCES
COLUMN 17 PEAK WIND IN M.P.H.
PRELIMINARY LOCAL CLIMATOLOGICAL DATA (WS FORM: F-6) , PAGE 2
STATION: YAKUTAT
MONTH: OCTOBER
YEAR: 2020
LATITUDE: 59 31 N
LONGITUDE: 139 40 W
[TEMPERATURE DATA] [PRECIPITATION DATA] SYMBOLS USED IN COLUMN 16
AVERAGE MONTHLY: 40.6 TOTAL FOR MONTH: 15.61 1 = FOG OR MIST
DPTR FM NORMAL: -0.4 DPTR FM NORMAL: -6.37 2 = FOG REDUCING VISIBILITY
HIGHEST: 57 ON 2, 1 GRTST 24HR 2.53 ON 25-26 TO 1/4 MILE OR LESS
LOWEST: 17 ON 22 3 = THUNDER
SNOW, ICE PELLETS, HAIL 4 = ICE PELLETS
TOTAL MONTH: M 5 = HAIL
GRTST 24HR M ON M 6 = FREEZING RAIN OR DRIZZLE
GRTST DEPTH: M ON M 7 = DUSTSTORM OR SANDSTORM:
VSBY 1/2 MILE OR LESS
8 = SMOKE OR HAZE
[NO. OF DAYS WITH] [WEATHER - DAYS WITH] 9 = BLOWING SNOW
X = TORNADO
MAX 32 OR BELOW: 0 0.01 INCH OR MORE: 22
MAX 90 OR ABOVE: 0 0.10 INCH OR MORE: 18
MIN 32 OR BELOW: 12 0.50 INCH OR MORE: 14
MIN 0 OR BELOW: 0 1.00 INCH OR MORE: 5
[HDD (BASE 65) ]
TOTAL THIS MO. 746 CLEAR (SCALE 0-3) 6
DPTR FM NORMAL 13 PTCLDY (SCALE 4-7) 7
TOTAL FM JUL 1 1789 CLOUDY (SCALE 8-10) 18
DPTR FM NORMAL -128
[CDD (BASE 65) ]
TOTAL THIS MO. 0
DPTR FM NORMAL 0 [PRESSURE DATA]
TOTAL FM JAN 1 0 HIGHEST SLP 30.58 ON 24
DPTR FM NORMAL 0 LOWEST SLP 29.14 ON 10
[REMARKS]
#FINAL-10-20#