000
CXAK56 PAJK 011413
CF6YAK
PRELIMINARY LOCAL CLIMATOLOGICAL DATA (WS FORM: F-6)
STATION: YAKUTAT
MONTH: JULY
YEAR: 2020
LATITUDE: 59 31 N
LONGITUDE: 139 40 W
TEMPERATURE IN F: :PCPN: SNOW: WIND :SUNSHINE: SKY :PK WND
================================================================================
1 2 3 4 5 6A 6B 7 8 9 10 11 12 13 14 15 16 17 18
12Z AVG MX 2MIN
DY MAX MIN AVG DEP HDD CDD WTR SNW DPTH SPD SPD DIR MIN PSBL S-S WX SPD DR
================================================================================
1 69 43 56 3 9 0 0.00 M M 6.2 14 290 M M 1 1 16 280
2 77 43 60 7 5 0 0.00 M M 4.6 14 290 M M 0 19 290
3 69 43 56 3 9 0 0.00 M M 5.6 17 150 M M 2 23 160
4 59 53 56 3 9 0 0.00 M M 6.4 14 190 M M 10 1 19 180
5 58 53 56 3 9 0 T M M 3.5 8 230 M M 10 1 11 230
6 60 52 56 2 9 0 0.05 M M 2.7 9 280 M M 10 1 12 280
7 58 52 55 1 10 0 0.36 M M 2.0 7 220 M M 10 18 9 230
8 62 51 57 3 8 0 0.03 M M 2.9 9 220 M M 9 1 12 210
9 60 51 56 2 9 0 0.24 M M 8.0 16 90 M M 9 1 25 100
10 60 51 56 2 9 0 0.07 M M 3.5 9 220 M M 10 1 11 210
11 58 46 52 -2 13 0 0.34 M M 4.2 13 240 M M 9 1 16 240
12 60 54 57 3 8 0 0.18 M M 3.7 10 240 M M 10 1 13 240
13 58 52 55 1 10 0 0.13 M M 6.6 15 120 M M 10 1 24 130
14 59 51 55 1 10 0 0.67 M M 8.8 16 90 M M 10 1 22 80
15 64 53 59 5 6 0 T M M 7.3 15 280 M M 5 19 280
16 59 54 57 3 8 0 0.02 M M 3.9 9 180 M M 10 1 12 260
17 58 53 56 1 9 0 0.22 M M 6.7 16 130 M M 10 1 20 120
18 63 50 57 2 8 0 0.20 M M 4.8 13 240 M M 7 1 16 240
19 58 47 53 -2 12 0 1.54 M M 9.2 22 120 M M 9 12 35 110
20 58 54 56 1 9 0 1.09 M M 10.3 22 120 M M 10 1 34 110
21 62 48 55 0 10 0 0.00 M M 3.6 12 220 M M 7 1 15 230
22 58 54 56 1 9 0 0.11 M M 3.5 8 220 M M 10 1 10 200
23 63 53 58 3 7 0 0.34 M M 6.2 14 240 M M 5 1 18 240
24 58 48 53 -2 12 0 0.50 M M 4.4 13 160 M M 9 1 17 150
25 59 53 56 1 9 0 0.83 M M 7.6 13 80 M M 10 1 19 100
26 58 53 56 1 9 0 1.57 M M 8.2 16 140 M M 10 1 22 130
27 58 49 54 -1 11 0 0.22 M M 4.2 12 100 M M 9 12 16 130
28 59 47 53 -2 12 0 0.00 M M 2.9 9 300 M M 5 12 11 300
29 66 43 55 0 10 0 0.00 M M 3.1 10 310 M M 2 12 14 230
30 76 43 60 5 5 0 0.00 M M 1.7 10 210 M M 2 1 12 210
31 80 50 65 10 0 0 0.00 M M 1.9 13 360 M M 1 14 360
================================================================================
SM 1924 1547 273 0 8.71 M 158.2 M 231
================================================================================
AV 62.1 49.9 5.1 FASTST M M 7 MAX(MPH)
MISC ----> # 22 120 # 35 110
================================================================================
NOTES:
# LAST OF SEVERAL OCCURRENCES
COLUMN 17 PEAK WIND IN M.P.H.
PRELIMINARY LOCAL CLIMATOLOGICAL DATA (WS FORM: F-6) , PAGE 2
STATION: YAKUTAT
MONTH: JULY
YEAR: 2020
LATITUDE: 59 31 N
LONGITUDE: 139 40 W
[TEMPERATURE DATA] [PRECIPITATION DATA] SYMBOLS USED IN COLUMN 16
AVERAGE MONTHLY: 56.0 TOTAL FOR MONTH: 8.71 1 = FOG OR MIST
DPTR FM NORMAL: 1.7 DPTR FM NORMAL: 0.83 2 = FOG REDUCING VISIBILITY
HIGHEST: 80 ON 31 GRTST 24HR 1.57 ON 26-26 TO 1/4 MILE OR LESS
LOWEST: 43 ON 30,29 3 = THUNDER
SNOW, ICE PELLETS, HAIL 4 = ICE PELLETS
TOTAL MONTH: M 5 = HAIL
GRTST 24HR M ON M 6 = FREEZING RAIN OR DRIZZLE
GRTST DEPTH: M ON M 7 = DUSTSTORM OR SANDSTORM:
VSBY 1/2 MILE OR LESS
8 = SMOKE OR HAZE
[NO. OF DAYS WITH] [WEATHER - DAYS WITH] 9 = BLOWING SNOW
X = TORNADO
MAX 32 OR BELOW: 0 0.01 INCH OR MORE: 20
MAX 90 OR ABOVE: 0 0.10 INCH OR MORE: 16
MIN 32 OR BELOW: 0 0.50 INCH OR MORE: 6
MIN 0 OR BELOW: 0 1.00 INCH OR MORE: 3
[HDD (BASE 65) ]
TOTAL THIS MO. 273 CLEAR (SCALE 0-3) 6
DPTR FM NORMAL -57 PTCLDY (SCALE 4-7) 5
TOTAL FM JUL 1 273 CLOUDY (SCALE 8-10) 20
DPTR FM NORMAL -57
[CDD (BASE 65) ]
TOTAL THIS MO. 0
DPTR FM NORMAL 0 [PRESSURE DATA]
TOTAL FM JAN 1 0 HIGHEST SLP 30.20 ON 5
DPTR FM NORMAL 0 LOWEST SLP 29.59 ON 26
[REMARKS]
#FINAL-07-20#