000
CXAK56 PAJK 022139
CF6YAK
PRELIMINARY LOCAL CLIMATOLOGICAL DATA (WS FORM: F-6)
STATION: YAKUTAT
MONTH: OCTOBER
YEAR: 2023
LATITUDE: 59 31 N
LONGITUDE: 139 40 W
TEMPERATURE IN F: :PCPN: SNOW: WIND :SUNSHINE: SKY :PK WND
================================================================================
1 2 3 4 5 6A 6B 7 8 9 10 11 12 13 14 15 16 17 18
12Z AVG MX 2MIN
DY MAX MIN AVG DEP HDD CDD WTR SNW DPTH SPD SPD DIR MIN PSBL S-S WX SPD DR
================================================================================
1 54 46 50 4 15 0 1.57 M M 8.1 15 80 M M 10 1 23 140
2 52 46 49 3 16 0 0.43 M M 5.8 14 190 M M 10 1 19 190
3 54 34 44 -2 21 0 0.62 M M 2.9 15 220 M M 5 1 20 220
4 55 31 43 -3 22 0 0.00 M M 3.8 13 70 M M 3 1 15 80
5 54 42 48 3 17 0 3.14 M M 9.8 22 110 M M 10 1 34 120
6 54 49 52 7 13 0 0.21 M M 3.9 10 110 M M 10 1 12 120
7 55 50 53 8 12 0 1.83 M M 12.2 26 110 M M 10 1 40 110
8 52 44 48 4 17 0 0.40 M M 2.9 9 50 M M 9 1 12 130
9 54 45 50 6 15 0 0.92 M M 7.1 29 220 M M 10 1 42 210
10 52 38 45 1 20 0 0.12 M M 3.2 10 70 M M 8 1 13 80
11 51 36 44 0 21 0 T M M 2.6 9 70 M M 6 1 11 70
12 54 38 46 3 19 0 1.22 M M 10.0 30 120 M M 10 1 51 140
13 53 49 51 8 14 0 1.95 M M 9.9 22 110 M M 10 1 35 110
14 53 40 47 4 18 0 0.43 M M 5.4 25 110 M M 9 1 36 110
15 52 38 45 3 20 0 T M M 2.4 10 120 M M 6 1 13 130
16 54 35 45 3 20 0 0.21 M M 3.2 24 110 M M 4 1 36 100
17 53 47 50 8 15 0 0.56 M M 6.8 26 120 M M 9 1 41 120
18 52 47 50 9 15 0 2.09 M M 4.2 10 150 M M 10 1 17 160
19 52 40 46 5 19 0 0.13 M M 5.0 15 270 M M 7 1 20 260
20 47 32 40 -1 25 0 0.00 M M 1.3 7 60 M M 6 1 8 70
21 46 25 36 -4 29 0 0.00 M M 1.3 6 100 M M 0 1 8 110
22 41 23 32 -8 33 0 0.00 M M 3.7 15 50 M M 3 19 50
23 42 22 32 -8 33 0 0.00 M M 2.5 10 80 M M 1 12 70
24 45 18 32 -7 33 0 0.00 M M 0.7 8 330 M M 0 1 10 320
25 47 22 35 -4 30 0 0.00 M M 0.6 6 240 M M 0 8 7 350
26 50 24 37 -2 28 0 0.00 M M 0.8 6 180 M M 0 1 7 180
27 48 26 37 -1 28 0 0.00 M M 0.6 6 70 M M 7 6 70
28 46 27 37 -1 28 0 0.00 M M 0.8 5 20 M M 2 5 30
29 41 29 35 -3 30 0 0.73 M M 5.2 14 20 M M 10 1 19 20
30 45 41 43 6 22 0 0.74 M M 9.0 14 80 M M 10 1 18 70
31 49 34 42 5 23 0 0.02 M M 0.9 8 70 M M 9 1 10 70
================================================================================
SM 1557 1118 671 0 17.32 M 136.6 M 204
================================================================================
AV 50.2 36.1 4.4 FASTST M M 7 MAX(MPH)
MISC ----> 30 120 51 140
================================================================================
NOTES:
# LAST OF SEVERAL OCCURRENCES
COLUMN 17 PEAK WIND IN M.P.H.
PRELIMINARY LOCAL CLIMATOLOGICAL DATA (WS FORM: F-6) , PAGE 2
STATION: YAKUTAT
MONTH: OCTOBER
YEAR: 2023
LATITUDE: 59 31 N
LONGITUDE: 139 40 W
[TEMPERATURE DATA] [PRECIPITATION DATA] SYMBOLS USED IN COLUMN 16
AVERAGE MONTHLY: 43.1 TOTAL FOR MONTH: 17.32 1 = FOG OR MIST
DPTR FM NORMAL: 1.2 DPTR FM NORMAL: -1.56 2 = FOG REDUCING VISIBILITY
HIGHEST: 55 ON 7, 4 GRTST 24HR 3.14 ON 5- 5 TO 1/4 MILE OR LESS
LOWEST: 18 ON 24 3 = THUNDER
SNOW, ICE PELLETS, HAIL 4 = ICE PELLETS
TOTAL MONTH: M 5 = HAIL
GRTST 24HR M ON M 6 = FREEZING RAIN OR DRIZZLE
GRTST DEPTH: M ON M 7 = DUSTSTORM OR SANDSTORM:
VSBY 1/2 MILE OR LESS
8 = SMOKE OR HAZE
[NO. OF DAYS WITH] [WEATHER - DAYS WITH] 9 = BLOWING SNOW
X = TORNADO
MAX 32 OR BELOW: 0 0.01 INCH OR MORE: 19
MAX 90 OR ABOVE: 0 0.10 INCH OR MORE: 18
MIN 32 OR BELOW: 11 0.50 INCH OR MORE: 11
MIN 0 OR BELOW: 0 1.00 INCH OR MORE: 6
[HDD (BASE 65) ]
TOTAL THIS MO. 671 CLEAR (SCALE 0-3) 8
DPTR FM NORMAL -47 PTCLDY (SCALE 4-7) 7
TOTAL FM JUL 1 1659 CLOUDY (SCALE 8-10) 16
DPTR FM NORMAL -144
[CDD (BASE 65) ]
TOTAL THIS MO. 0
DPTR FM NORMAL 0 [PRESSURE DATA]
TOTAL FM JAN 1 0 HIGHEST SLP 30.59 ON 28
DPTR FM NORMAL 0 LOWEST SLP 28.81 ON 9
[REMARKS]
#FINAL-10-23#