000
CXAK56 PAJK 011310
CF6YAK
PRELIMINARY LOCAL CLIMATOLOGICAL DATA (WS FORM: F-6)
STATION: YAKUTAT
MONTH: SEPTEMBER
YEAR: 2023
LATITUDE: 59 31 N
LONGITUDE: 139 40 W
TEMPERATURE IN F: :PCPN: SNOW: WIND :SUNSHINE: SKY :PK WND
================================================================================
1 2 3 4 5 6A 6B 7 8 9 10 11 12 13 14 15 16 17 18
12Z AVG MX 2MIN
DY MAX MIN AVG DEP HDD CDD WTR SNW DPTH SPD SPD DIR MIN PSBL S-S WX SPD DR
================================================================================
1 59 53 56 4 9 0 0.21 M M 6.7 15 250 M M 10 1 20 220
2 57 49 53 1 12 0 0.17 M M 4.2 12 170 M M 9 12 14 190
3 54 44 49 -3 16 0 0.36 M M 4.4 9 80 M M 10 12 12 80
4 58 43 51 -1 14 0 0.20 M M 4.5 12 80 M M 8 1 15 90
5 59 38 49 -2 16 0 0.01 M M 3.6 13 290 M M 7 12 17 290
6 55 51 53 2 12 0 0.49 M M 4.6 12 170 M M 10 1 18 120
7 56 50 53 2 12 0 0.85 M M 6.6 13 90 M M 10 1 20 90
8 54 50 52 1 13 0 2.48 M M 12.3 21 90 M M 10 1 31 100
9 56 52 54 3 11 0 2.03 M M 11.4 17 120 M M 10 1 27 110
10 56 53 55 5 10 0 1.49 M M 8.2 15 90 M M 10 1 20 100
11 57 51 54 4 11 0 1.17 M M 8.7 23 120 M M 10 18 34 100
12 56 42 49 -1 16 0 0.06 M M 2.3 10 230 M M 6 12 15 240
13 54 46 50 0 15 0 1.44 M M 10.0 20 80 M M 10 1 26 90
14 56 46 51 1 14 0 0.38 M M 8.4 20 120 M M 9 1 32 130
15 54 45 50 0 15 0 0.34 M M 7.6 16 80 M M 9 1 21 70
16 54 48 51 2 14 0 1.72 M M 14.3 24 70 M M 10 1 37 110
17 54 48 51 2 14 0 1.55 M M 7.2 26 90 M M 10 1 44 80
18 54 47 51 2 14 0 0.38 M M 6.0 14 50 M M 10 1 21 130
19 57 40 49 0 16 0 T M M 4.2 14 280 M M 6 1 18 280
20 53 43 48 -1 17 0 1.99 M M 9.9 23 110 M M 10 1 42 130
21 57 42 50 2 15 0 0.03 M M 2.3 9 330 M M 9 1 11 330
22 52 40 46 -2 19 0 0.34 M M 5.1 15 70 M M 9 1 19 70
23 50 40 45 -3 20 0 0.63 M M 6.7 17 100 M M 9 1 25 110
24 55 33 44 -4 21 0 0.00 M M 2.3 10 330 M M 1 1 13 310
25 58 32 45 -3 20 0 T M M 0.5 7 360 M M 6 1 7 360
26 60 34 47 0 18 0 0.00 M M 1.2 7 300 M M 1 1 12 120
27 54 39 47 0 18 0 0.04 M M 2.0 7 290 M M 9 1 9 300
28 50 47 49 2 16 0 0.22 M M 5.7 10 90 M M 10 1 14 90
29 50 44 47 0 18 0 0.08 M M 4.5 9 80 M M 8 1 12 110
30 47 44 46 0 19 0 0.73 M M 8.1 17 80 M M 10 1 24 90
================================================================================
SM 1646 1334 455 0 19.39 M 183.5 M 256
================================================================================
AV 54.9 44.5 6.1 FASTST M M 9 MAX(MPH)
MISC ----> 26 90 44 80
================================================================================
NOTES:
# LAST OF SEVERAL OCCURRENCES
COLUMN 17 PEAK WIND IN M.P.H.
PRELIMINARY LOCAL CLIMATOLOGICAL DATA (WS FORM: F-6) , PAGE 2
STATION: YAKUTAT
MONTH: SEPTEMBER
YEAR: 2023
LATITUDE: 59 31 N
LONGITUDE: 139 40 W
[TEMPERATURE DATA] [PRECIPITATION DATA] SYMBOLS USED IN COLUMN 16
AVERAGE MONTHLY: 49.7 TOTAL FOR MONTH: 19.39 1 = FOG OR MIST
DPTR FM NORMAL: 0.3 DPTR FM NORMAL: 0.36 2 = FOG REDUCING VISIBILITY
HIGHEST: 60 ON 26 GRTST 24HR 2.77 ON 9-10 TO 1/4 MILE OR LESS
LOWEST: 32 ON 25 3 = THUNDER
SNOW, ICE PELLETS, HAIL 4 = ICE PELLETS
TOTAL MONTH: M 5 = HAIL
GRTST 24HR M ON M 6 = FREEZING RAIN OR DRIZZLE
GRTST DEPTH: M ON M 7 = DUSTSTORM OR SANDSTORM:
VSBY 1/2 MILE OR LESS
8 = SMOKE OR HAZE
[NO. OF DAYS WITH] [WEATHER - DAYS WITH] 9 = BLOWING SNOW
X = TORNADO
MAX 32 OR BELOW: 0 0.01 INCH OR MORE: 26
MAX 90 OR ABOVE: 0 0.10 INCH OR MORE: 21
MIN 32 OR BELOW: 1 0.50 INCH OR MORE: 11
MIN 0 OR BELOW: 0 1.00 INCH OR MORE: 8
[HDD (BASE 65) ]
TOTAL THIS MO. 455 CLEAR (SCALE 0-3) 2
DPTR FM NORMAL -13 PTCLDY (SCALE 4-7) 4
TOTAL FM JUL 1 988 CLOUDY (SCALE 8-10) 24
DPTR FM NORMAL -99
[CDD (BASE 65) ]
TOTAL THIS MO. 0
DPTR FM NORMAL 0 [PRESSURE DATA]
TOTAL FM JAN 1 0 HIGHEST SLP 30.12 ON 30
DPTR FM NORMAL 0 LOWEST SLP 28.89 ON 17
[REMARKS]
#FINAL-09-23#