000
CXUS51 KCLE 021842
CLSYNG
CLIMATE REPORT
NATIONAL WEATHER SERVICE CLEVELAND, OH
242 PM EDT THU SEP 02 2021
...................................
...THE YOUNGSTOWN OH CLIMATE SUMMARY FOR THE SEASON, FROM
6/1/2021 TO 8/31/2021...
CLIMATE NORMAL PERIOD 1991 TO 2020
CLIMATE RECORD PERIOD 1897 TO 2021
WEATHER OBSERVED NORMAL DEPART
VALUE DATE(S) VALUE FROM
NORMAL
................................................
TEMPERATURE (F)
RECORD
HIGH 100 07/16/1988
07/07/1988
07/14/1954
LOW 30 06/11/1972
HIGHEST 93 06/29
LOWEST 43 06/17
AVG. MAXIMUM 81.9 80.9 1.0
AVG. MINIMUM 61.5 58.4 3.1
MEAN 71.7 69.6 2.1
DAYS MAX >= 90 4 7.2
DAYS MAX <= 32 0 0.0
DAYS MIN <= 32 0 0.0
DAYS MIN <= 0 0 0.0
PRECIPITATION (INCHES)
RECORD
MAXIMUM 20.69 1986
MINIMUM 5.72 1933
TOTALS 20.47 11.65 8.82
DAYS >= .01 40 34.8
DAYS >= .10 29 21.9
DAYS >= .50 13 7.8
DAYS >= 1.00 6 2.4
SNOWFALL (INCHES)
RECORDS
TOTAL T 2013
TOTALS 0.0 0.0
DAYS >= TRACE 0
DAYS >= 1.0 0 0.0
DEGREE DAYS
HEATING TOTAL 42 78 -36
COOLING TOTAL 685 508 177
................................................
WIND (MPH)
HIGHEST GUST SPEED/DIRECTION 48/250 DATE 08/11
SKY COVER
POSSIBLE SUNSHINE (PERCENT) MM
NUMBER OF DAYS FAIR 9
NUMBER OF DAYS PC 43
NUMBER OF DAYS CLOUDY 40
WEATHER CONDITIONS. NUMBER OF DAYS WITH
THUNDERSTORM 31 MIXED PRECIP 0
HEAVY RAIN 13 RAIN 20
LIGHT RAIN 48 FREEZING RAIN 0
LT FREEZING RAIN 0 HAIL 0
HEAVY SNOW 0 SNOW 0
LIGHT SNOW 0 SLEET 0
FOG 63 FOG W/VIS <= 1/4 MILE 9
HAZE 4
- INDICATES NEGATIVE NUMBERS.
R INDICATES RECORD WAS SET OR TIED.
MM INDICATES DATA IS MISSING.
T INDICATES TRACE AMOUNT.
$$