000
CXUS51 KPBZ 010730
CF6ZZV
PRELIMINARY LOCAL CLIMATOLOGICAL DATA (WS FORM: F-6)
STATION: ZANESVILLE OH
MONTH: AUGUST
YEAR: 2021
LATITUDE: 39 56 N
LONGITUDE: 81 54 W
TEMPERATURE IN F: :PCPN: SNOW: WIND :SUNSHINE: SKY :PK WND
================================================================================
1 2 3 4 5 6A 6B 7 8 9 10 11 12 13 14 15 16 17 18
12Z AVG MX 2MIN
DY MAX MIN AVG DEP HDD CDD WTR SNW DPTH SPD SPD DIR MIN PSBL S-S WX SPD DR
================================================================================
1 79 61 70 -4 0 5 0.31 M M 4.1 17 320 M M 3 123 23 320
2 79 54 67 -7 0 2 0.00 M M 3.1 12 30 M M 1 1 17 50
3 82 53 68 -6 0 3 0.00 M M 3.1 13 50 M M 2 18 18 40
4 84 59 72 -2 0 7 0.00 M M 4.1 13 40 M M 3 17 40
5 86 57 72 -2 0 7 0.00 M M 0.9 8 350 M M 1 11 330
6 88 62 75 1 0 10 0.12 M M 4.4 24 250 M M 2 30 250
7 85 65 75 1 0 10 0.24 M M 2.8 18 290 M M 3 138 24 290
8 88 62 75 1 0 10 0.00 M M 2.9 9 270 M M 3 12 12 270
9 92 67 80 7 0 15 0.05 M M 6.4 17 230 M M 3 18 26 220
10 90 69 80 7 0 15 0.07 M M 7.7 21 210 M M 3 13 25 200
11 93 71 82 9 0 17 0.14 M M 7.5 32 320 M M 3 13 45 320
12 94 69 82 9 0 17 0.22 M M 5.8 35 340 M M 2 13 46 340
13 92 68 80 7 0 15 0.29 M M 4.4 33 210 M M 3 13 50 210
14 83 66 75 2 0 10 T M M 4.9 12 340 M M 4 1 17 50
15 76 63 70 -3 0 5 0.00 M M 5.8 13 50 M M 6 22 80
16 78 68 73 0 0 8 0.22 M M 2.0 7 150 M M 8 1 10 120
17 83 70 77 4 0 12 0.12 M 0 4.3 15 130 M M 6 1 20 130
18 85 70 78 5 0 13 2.99 M M 7.5 15 330 M M 7 1 22 330
19 82 67 75 2 0 10 T M M 1.5 8 320 M M 4 12 9 310
20 85 64 75 3 0 10 0.00 M M 2.3 10 30 M M 3 12 13 60
21 86 63 75 3 0 10 T M M 1.4 10 90 M M 2 1 12 210
22 88 65 77 5 0 12 0.00 M M 2.7 21 70 M M 1 1 27 70
23 89 65 77 5 0 12 0.00 M M 3.5 14 330 M M 3 12 18 340
24 89 65 77 5 0 12 0.00 M M 1.2 8 200 M M 1 1 11 210
25 89 71 80 8 0 15 0.28 M M 3.0 20 280 M M 4 13 25 310
26 87 71 79 7 0 14 0.06 M M 2.0 10 150 M M 6 13 13 150
27 89 68 79 7 0 14 0.00 M M 2.4 8 200 M M 2 12 12 200
28 88 70 79 8 0 14 0.00 M M 2.5 10 230 M M 1 1 14 200
29 88 70 79 8 0 14 0.65 M M 4.7 21 270 M M 1 1238 30 280
30 84 70 77 6 0 12 0.01 M M 4.4 14 330 M M 3 17 330
31 77 68 73 2 0 8 0.85 M M 4.1 13 190 M M 9 1 15 190
================================================================================
SM 2658 2031 0 338 6.62 M 117.4 M 103
================================================================================
AV 85.7 65.5 3.8 FASTST M M 3 MAX(MPH)
MISC ----> 35 340 50 210
================================================================================
NOTES:
# LAST OF SEVERAL OCCURRENCES
COLUMN 17 PEAK WIND IN M.P.H.
PRELIMINARY LOCAL CLIMATOLOGICAL DATA (WS FORM: F-6) , PAGE 2
STATION: ZANESVILLE OH
MONTH: AUGUST
YEAR: 2021
LATITUDE: 39 56 N
LONGITUDE: 81 54 W
[TEMPERATURE DATA] [PRECIPITATION DATA] SYMBOLS USED IN COLUMN 16
AVERAGE MONTHLY: 75.6 TOTAL FOR MONTH: 6.62 1 = FOG OR MIST
DPTR FM NORMAL: 2.9 DPTR FM NORMAL: 3.42 2 = FOG REDUCING VISIBILITY
HIGHEST: 94 ON 12 GRTST 24HR 3.07 ON 17-18 TO 1/4 MILE OR LESS
LOWEST: 53 ON 3 3 = THUNDER
SNOW, ICE PELLETS, HAIL 4 = ICE PELLETS
TOTAL MONTH: M 5 = HAIL
GRTST 24HR M ON M 6 = FREEZING RAIN OR DRIZZLE
GRTST DEPTH: 0 7 = DUSTSTORM OR SANDSTORM:
VSBY 1/2 MILE OR LESS
8 = SMOKE OR HAZE
[NO. OF DAYS WITH] [WEATHER - DAYS WITH] 9 = BLOWING SNOW
X = TORNADO
MAX 32 OR BELOW: 0 0.01 INCH OR MORE: 16
MAX 90 OR ABOVE: 5 0.10 INCH OR MORE: 12
MIN 32 OR BELOW: 0 0.50 INCH OR MORE: 3
MIN 0 OR BELOW: 0 1.00 INCH OR MORE: 1
[HDD (BASE 65) ]
TOTAL THIS MO. 0 CLEAR (SCALE 0-3) 19
DPTR FM NORMAL -4 PTCLDY (SCALE 4-7) 11
TOTAL FM JUL 1 0 CLOUDY (SCALE 8-10) 1
DPTR FM NORMAL -2
[CDD (BASE 65) ]
TOTAL THIS MO. 338
DPTR FM NORMAL 95 [PRESSURE DATA]
TOTAL FM JAN 1 919 HIGHEST SLP 30.22 ON 15
DPTR FM NORMAL 124 LOWEST SLP 29.73 ON 31
[REMARKS]
#FINAL-08-21#