000
CXUS55 KBOU 270744
CF620V
PRELIMINARY LOCAL CLIMATOLOGICAL DATA (WS FORM: F-6)

                                          STATION:   Kremmling
                                          MONTH:     MAY
                                          YEAR:      2017
                                          LATITUDE:   40  3 N
                                          LONGITUDE: 106 22 W

  TEMPERATURE IN F:       :PCPN:    SNOW:  WIND      :SUNSHINE: SKY     :PK WND
================================================================================
1   2   3   4   5  6A  6B    7    8   9   10  11  12  13   14  15   16   17  18
                                     12Z  AVG MX 2MIN
DY MAX MIN AVG DEP HDD CDD  WTR  SNW DPTH SPD SPD DIR MIN PSBL S-S WX    SPD DR
================================================================================

 1  59  37  48   M  17   0    M    M    M  7.4 20 280   M    M   9        24 320
 2  50  34  42   M  23   0    M    M    M  3.4 20 330   M    M   8 3      27 330
 3  61  34  48   M  17   0    M    M    M  5.4 14 320   M    M   4        21 320
 4  73  28  51   M  14   0    M    M    M  1.9  8 340   M    M   0         M  M
 5  79  34  57   M   8   0    M    M    M  1.0  6  50   M    M   0         M  M
 6  81  34  58   M   7   0    M    M    M  2.7 21 220   M    M   1        28 220
 7  72  43  58   M   7   0    M    M    M  4.5 20 190   M    M   4 3      28 190
 8  73  36  55   M  10   0    M    M    M  4.5 20 140   M    M   5 3      27 130
 9  73  41  57   M   8   0    M    M    M  3.4 18 250   M    M   3 3      40 260
10  61  45  53   M  12   0    M    M    M  4.3 14 330   M    M   8 3      20 350
11  73  36  55   M  10   0    M    M    M  3.2 13 310   M    M   2 2      17 310
12  79  36  58   M   7   0    M    M    M  4.5 17 260   M    M   1        25 260
13  81  37  59   M   6   0    M    M    M  9.3 22 240   M    M   1        36 230
14  79  37  58   M   7   0    M    M    M  6.9 23 250   M    M   1        29 250
15  77  34  56   M   9   0    M    M    M  4.1 13 260   M    M   3        22 150
16  68  41  55   M  10   0    M    M    M  8.9 21 320   M    M   4 3      32 260
17  59  34  47   M  18   0    M    M    M  6.8 20 220   M    M   7 3      29 240
18  39  34  37   M  28   0    M    M    M  2.7  8 340   M    M  10         M  M
19  48  32  40   M  25   0    M    M    M  2.9  8 220   M    M   6         M  M
20  54  34  44   M  21   0    M    M    M  3.1 10 250   M    M   6         M  M
21  61  32  47   M  18   0    M    M    M  2.7 15 350   M    M   6        18 350
22  59  37  48   M  17   0    M    M    M  5.0 15 320   M    M   7 3      23 300
23  61  36  49   M  16   0    M    M    M  4.2 10 320   M    M   4        17 250
24  79  34  57   M   8   0    M    M    M  6.3 21 280   M    M   2        30 280
25  66  45  56   M   9   0    M    M    M  6.6 16 360   M    M   7 3      27 270
26  66  37  52   M  13   0    M    M    M  2.3 18 260   M    M   3 1      28 260
================================================================================
SM 1731  942       345   0    M     M    118.0          M      112
================================================================================
AV 66.6 36.2                               4.5 FASTST   M    M   4    MAX(MPH)
                                 MISC ---->  # 23 250               # 40  260
================================================================================
NOTES:
# LAST OF SEVERAL OCCURRENCES

COLUMN 17 PEAK WIND IN M.P.H.

PRELIMINARY LOCAL CLIMATOLOGICAL DATA (WS FORM: F-6) , PAGE 2

                                          STATION:  Kremmling
                                          MONTH:    MAY
                                          YEAR:     2017
                                          LATITUDE:   40  3 N
                                          LONGITUDE: 106 22 W

[TEMPERATURE DATA]      [PRECIPITATION DATA]       SYMBOLS USED IN COLUMN 16

AVERAGE MONTHLY: 51.4   TOTAL FOR MONTH:      M    1 = FOG OR MIST
DPTR FM NORMAL:     M   DPTR FM NORMAL:       M    2 = FOG REDUCING VISIBILITY
HIGHEST:    81 ON 13, 6 GRTST 24HR    M  ON   M        TO 1/4 MILE OR LESS
LOWEST:     28 ON  4                               3 = THUNDER
                        SNOW, ICE PELLETS, HAIL    4 = ICE PELLETS
                        TOTAL MONTH:    M          5 = HAIL
                        GRTST 24HR    M  ON   M    6 = FREEZING RAIN OR DRIZZLE
                        GRTST DEPTH:  M  ON   M    7 = DUSTSTORM OR SANDSTORM:
                                                       VSBY 1/2 MILE OR LESS
                                                   8 = SMOKE OR HAZE
[NO. OF DAYS WITH]      [WEATHER - DAYS WITH]      9 = BLOWING SNOW
                                                   X = TORNADO
MAX 32 OR BELOW:   0    0.01 INCH OR MORE:   0
MAX 90 OR ABOVE:   0    0.10 INCH OR MORE:   0
MIN 32 OR BELOW:   3    0.50 INCH OR MORE:   0
MIN  0 OR BELOW:   0    1.00 INCH OR MORE:   0

[HDD (BASE 65) ]
TOTAL THIS MO.   345    CLEAR  (SCALE 0-3)  10
DPTR FM NORMAL     M    PTCLDY (SCALE 4-7)  13
TOTAL FM JUL 1  6905    CLOUDY (SCALE 8-10)  3
DPTR FM NORMAL     M

[CDD (BASE 65) ]
TOTAL THIS MO.     0
DPTR FM NORMAL     M    [PRESSURE DATA]
TOTAL FM JAN 1     0    HIGHEST SLP M ON M
DPTR FM NORMAL     M    LOWEST  SLP M ON M

[REMARKS]
