000
CXUS55 KBOU 240757
CF620V
PRELIMINARY LOCAL CLIMATOLOGICAL DATA (WS FORM: F-6)

                                          STATION:   Kremmling
                                          MONTH:     JULY
                                          YEAR:      2015
                                          LATITUDE:   40  3 N
                                          LONGITUDE: 106 22 W

  TEMPERATURE IN F:       :PCPN:    SNOW:  WIND      :SUNSHINE: SKY     :PK WND
================================================================================
1   2   3   4   5  6A  6B    7    8   9   10  11  12  13   14  15   16   17  18
                                     12Z  AVG MX 2MIN
DY MAX MIN AVG DEP HDD CDD  WTR  SNW DPTH SPD SPD DIR MIN PSBL S-S WX    SPD DR
================================================================================

 1  81  50  66   M   0   1    M    M    M  2.9 12 340   M    M   2 3      16 340
 2  88  50  69   M   0   4    M    M    M  4.8 21 350   M    M   2 3      25 350
 3  90  52  71   M   0   6    M    M    M  3.5 10 100   M    M   1 3      17 360
 4  88  50  69   M   0   4    M    M    M  4.3 15 180   M    M   1        21 200
 5  73  50  62   M   3   0    M    M    M  1.3  6 230   M    M   4 3       9 320
 6  73  50  62   M   3   0    M    M    M  1.8 10 240   M    M   5 3      20  30
 7  70  54  62   M   3   0    M    M    M  2.7 13 250   M    M   9 3      17 250
 8  63  52  58   M   7   0    M    M    M  2.0 10 250   M    M  10 3       M  M
 9  73  50  62   M   3   0    M    M    M  4.1 15 350   M    M   5 3      30 350
10  73  50  62   M   3   0    M    M    M  6.4 17 220   M    M   4 3      24 220
11  77  43  60   M   5   0    M    M    M  4.7 28 250   M    M   2        44 250
12  81  45  63   M   2   0    M    M    M  6.4 25 260   M    M   1 3      33 260
13  79  50  65   M   0   0    M    M    M  4.2 13  80   M    M   4 3      21 320
14  77  45  61   M   4   0    M    M    M  3.2 13 330   M    M   4 3      22 330
15  77  46  62   M   3   0    M    M    M  3.7 10 200   M    M   5 3       M  M
16  79  41  60   M   5   0    M    M    M  3.1 14 240   M    M   2 3      24 240
17  81  41  61   M   4   0    M    M    M  6.0 20 210   M    M   2        37 210
18  77  45  61   M   4   0    M    M    M  2.4 10  90   M    M   3        17 290
19  72  45  59   M   6   0    M    M    M  1.5  6 280   M    M   7         M  M
20  79  41  60   M   5   0    M    M    M  3.0 18 190   M    M   4 2      22 190
21  70  52  61   M   4   0    M    M    M  2.6 12 270   M    M   6 3      17 210
22  81  41  61   M   4   0    M    M    M  4.6 21 220   M    M   3        27 220
23  86  41  64   M   1   0    M    M    M  4.9 16 220   M    M   1        27 220
================================================================================
SM 1788 1084        69  15    M     M     84.1          M       87
================================================================================
AV 77.7 47.1                               3.7 FASTST   M    M   4    MAX(MPH)
                                 MISC ---->    28   M                 44    M
================================================================================
NOTES:
# LAST OF SEVERAL OCCURRENCES

COLUMN 17 PEAK WIND IN M.P.H.

PRELIMINARY LOCAL CLIMATOLOGICAL DATA (WS FORM: F-6) , PAGE 2

                                          STATION:  Kremmling
                                          MONTH:    JULY
                                          YEAR:     2015
                                          LATITUDE:   40  3 N
                                          LONGITUDE: 106 22 W

[TEMPERATURE DATA]      [PRECIPITATION DATA]       SYMBOLS USED IN COLUMN 16

AVERAGE MONTHLY: 62.4   TOTAL FOR MONTH:      M    1 = FOG OR MIST
DPTR FM NORMAL:     M   DPTR FM NORMAL:       M    2 = FOG REDUCING VISIBILITY
HIGHEST:    90 ON  3    GRTST 24HR    M  ON   M        TO 1/4 MILE OR LESS
LOWEST:     41 ON 23,22                            3 = THUNDER
                        SNOW, ICE PELLETS, HAIL    4 = ICE PELLETS
                        TOTAL MONTH:    M          5 = HAIL
                        GRTST 24HR    M  ON   M    6 = FREEZING RAIN OR DRIZZLE
                        GRTST DEPTH:  M  ON   M    7 = DUSTSTORM OR SANDSTORM:
                                                       VSBY 1/2 MILE OR LESS
                                                   8 = SMOKE OR HAZE
[NO. OF DAYS WITH]      [WEATHER - DAYS WITH]      9 = BLOWING SNOW
                                                   X = TORNADO
MAX 32 OR BELOW:   0    0.01 INCH OR MORE:   0
MAX 90 OR ABOVE:   1    0.10 INCH OR MORE:   0
MIN 32 OR BELOW:   0    0.50 INCH OR MORE:   0
MIN  0 OR BELOW:   0    1.00 INCH OR MORE:   0

[HDD (BASE 65) ]
TOTAL THIS MO.    69    CLEAR  (SCALE 0-3)  11
DPTR FM NORMAL     M    PTCLDY (SCALE 4-7)  10
TOTAL FM JUL 1    69    CLOUDY (SCALE 8-10)  2
DPTR FM NORMAL     M

[CDD (BASE 65) ]
TOTAL THIS MO.    15
DPTR FM NORMAL     M    [PRESSURE DATA]
TOTAL FM JAN 1    39    HIGHEST SLP M ON M
DPTR FM NORMAL     M    LOWEST  SLP M ON M

[REMARKS]
