000
CXUS53 KUNR 010945
CF62WX
PRELIMINARY LOCAL CLIMATOLOGICAL DATA (WS FORM: F-6)

                                          STATION:   BUFFALO SD
                                          MONTH:     JUNE
                                          YEAR:      2015
                                          LATITUDE:   45 35 N
                                          LONGITUDE: 103 33 W

  TEMPERATURE IN F:       :PCPN:    SNOW:  WIND      :SUNSHINE: SKY     :PK WND
================================================================================
1   2   3   4   5  6A  6B    7    8   9   10  11  12  13   14  15   16   17  18
                                     12Z  AVG MX 2MIN
DY MAX MIN AVG DEP HDD CDD  WTR  SNW DPTH SPD SPD DIR MIN PSBL S-S WX    SPD DR
================================================================================

 1  86  49  68  10   0   3 0.11    M    M 11.5 55 230   M    M   M 3      70 220
 2  78  55  67   8   0   2 0.00    M    M 13.0 25 320   M    M   M        31 310
 3  69  53  61   2   4   0 0.05    M    M 11.3 21 320   M    M   M        26 320
 4  67  51  59   0   6   0 0.13    M    M 11.4 35  70   M    M   M        41  70
 5  78  57  68   8   0   3 0.00    M    M 14.3 26 140   M    M   M        31 140
 6  77  56  67   7   0   2 0.25    M    M 11.2 29 340   M    M   M        33 340
 7  81  54  68   8   0   3 0.00    M    M 13.7 31 320   M    M   M        39 280
 8  87  55  71  10   0   6 0.00    M    M 10.4 24 250   M    M   M        28 250
 9  86  60  73  12   0   8 0.00    M    M 11.1 20 290   M    M   M        23 290
10  70  56  63   2   2   0 0.27    M    M 15.0 32 140   M    M   M        39 140
11  67  52  60  -2   5   0 0.00    M    M  8.4 16 100   M    M   M        21 100
12  82  52  67   5   0   2 0.00    M    M 13.2 25 300   M    M   M        31 300
13  74  60  67   5   0   2 0.02    M    M 13.6 28 310   M    M   M        36 310
14  71  51  61  -2   4   0 0.27    M    M 13.2 40 340   M    M   M        49 340
15  67  49  58  -5   7   0 0.25    M    M 10.6 20  80   M    M   M        25  80
16  65  50  58  -6   7   0 0.49    M    M 10.4 24  80   M    M   M        29  80
17  78  45  62  -2   3   0 0.13    M    M  6.2 26 260   M    M   M        31 270
18  73  51  62  -2   3   0 0.00    M    M 11.2 23  80   M    M   M        28  80
19  82  58  70   6   0   5 0.76    M    M 12.6 37 330   M    M   M        46 320
20  79  54  67   2   0   2 0.00    M    M 10.1 20 320   M    M   M        23 310
21  84  55  70   5   0   5 0.00    M    M 11.8 53 320   M    M   M        79 310
22  74  52  63  -3   2   0 0.00    M    M 12.1 25 330   M    M   M        30 330
23  79  56  68   2   0   3 0.00    M    M 11.4 24 170   M    M   M        30 160
24  78  56  67   1   0   2    M    M    M  9.0 29 310   M    M   M        35 310
25  77  56  67   1   0   2    M    M    M  4.9 23  60   M    M   M        28  70
26  84  50  67   0   0   2 0.00    M    M  4.5 13 290   M    M   M        17 300
27  89  59  74   7   0   9 0.00    M    M 10.5 24 330   M    M   M        27 330
28  89  57  73   6   0   8 0.00    M    M  4.9 12  80   M    M   M        13  80
29  94  62  78  10   0  13 0.00    M    M  6.1 18 290   M    M   M        21 290
30  85  63  74   6   0   9 0.00    M    M  8.9 24  70   M    M   M        31  60
================================================================================
SM 2350 1634        43  91  2.73    M    316.5          M        M
================================================================================
AV 78.3 54.5                              10.5 FASTST   M    M   5    MAX(MPH)
                                 MISC ---->  # 55 230               # 79  310
================================================================================
NOTES:
# LAST OF SEVERAL OCCURRENCES

COLUMN 17 PEAK WIND IN M.P.H.

PRELIMINARY LOCAL CLIMATOLOGICAL DATA (WS FORM: F-6) , PAGE 2

                                          STATION:  BUFFALO SD
                                          MONTH:    JUNE
                                          YEAR:     2015
                                          LATITUDE:   45 35 N
                                          LONGITUDE: 103 33 W

[TEMPERATURE DATA]      [PRECIPITATION DATA]       SYMBOLS USED IN COLUMN 16

AVERAGE MONTHLY: 66.4   TOTAL FOR MONTH:   2.73    1 = FOG OR MIST
DPTR FM NORMAL:   3.1   DPTR FM NORMAL:    0.10    2 = FOG REDUCING VISIBILITY
HIGHEST:    94 ON 29    GRTST 24HR  0.76 ON 19-19      TO 1/4 MILE OR LESS
LOWEST:     45 ON 17                               3 = THUNDER
                        SNOW, ICE PELLETS, HAIL    4 = ICE PELLETS
                        TOTAL MONTH:    M          5 = HAIL
                        GRTST 24HR    M  ON   M    6 = FREEZING RAIN OR DRIZZLE
                        GRTST DEPTH:  M  ON   M    7 = DUSTSTORM OR SANDSTORM:
                                                       VSBY 1/2 MILE OR LESS
                                                   8 = SMOKE OR HAZE
[NO. OF DAYS WITH]      [WEATHER - DAYS WITH]      9 = BLOWING SNOW
                                                   X = TORNADO
MAX 32 OR BELOW:   0    0.01 INCH OR MORE:  11
MAX 90 OR ABOVE:   1    0.10 INCH OR MORE:   9
MIN 32 OR BELOW:   0    0.50 INCH OR MORE:   1
MIN  0 OR BELOW:   0    1.00 INCH OR MORE:   0

[HDD (BASE 65) ]
TOTAL THIS MO.    43    CLEAR  (SCALE 0-3)   0
DPTR FM NORMAL   -71    PTCLDY (SCALE 4-7)   0
TOTAL FM JUL 1  7217    CLOUDY (SCALE 8-10)  0
DPTR FM NORMAL  -711

[CDD (BASE 65) ]
TOTAL THIS MO.    91
DPTR FM NORMAL    29    [PRESSURE DATA]
TOTAL FM JAN 1    91    HIGHEST SLP 30.22 ON 15
DPTR FM NORMAL    23    LOWEST  SLP 29.57 ON 21

[REMARKS]
#FINAL-06-15#
