000
CXUS53 KUNR 230945
CF62WX
PRELIMINARY LOCAL CLIMATOLOGICAL DATA (WS FORM: F-6)

                                          STATION:   BUFFALO SD
                                          MONTH:     JUNE
                                          YEAR:      2017
                                          LATITUDE:   45 35 N
                                          LONGITUDE: 103 33 W

  TEMPERATURE IN F:       :PCPN:    SNOW:  WIND      :SUNSHINE: SKY     :PK WND
================================================================================
1   2   3   4   5  6A  6B    7    8   9   10  11  12  13   14  15   16   17  18
                                     12Z  AVG MX 2MIN
DY MAX MIN AVG DEP HDD CDD  WTR  SNW DPTH SPD SPD DIR MIN PSBL S-S WX    SPD DR
================================================================================

 1  92  53  73  15   0   8 0.00    M    M 13.3 23 170   M    M   M        29 160
 2  84  55  70  11   0   5 0.00    M    M 14.1 32 320   M    M   M        40 340
 3  84  55  70  11   0   5 0.00    M    M  8.3 17 300   M    M   M        24 310
 4  91  55  73  14   0   8 0.00    M    M  7.1 15 130   M    M   M        20 190
 5  95  57  76  16   0  11 0.03    M    M 12.8 37 320   M    M   M        46 320
 6  77  53  65   5   0   0 0.00    M    M 12.4 29 330   M    M   M        33 330
 7  82  50  66   6   0   1 0.00    M    M  8.9 16  70   M    M   M        19  70
 8  90  56  73  12   0   8 0.00    M    M 15.4 29 140   M    M   M        36 140
 9  92  62  77  16   0  12 0.00    M    M 15.2 35 340   M    M   M        42 330
10  83  55  69   8   0   4 0.06    M    M 16.8 40 320   M    M   M        48 310
11  78  54  66   4   0   1 0.00    M    M 10.1 21 300   M    M   M        29 300
12  82  51  67   5   0   2 0.35    M    M 16.3 31 120   M    M   M        40 120
13  81  55  68   6   0   3 0.19    M    M 13.9 37  60   M    M   M        46 240
14  74  52  63   0   2   0 0.00    M    M 21.6 39 290   M    M   M        48 300
15  82  46  64   1   1   0 0.00    M    M 14.8 33 280   M    M   M        40 280
16  80  59  70   6   0   5 0.03    M    M 11.6 33 300   M    M   M        41 310
17  72  51  62  -2   3   0 0.03    M    M 22.0 41 320   M    M   M        49 320
18  75  45  60  -4   5   0 0.00    M    M  9.7 24 270   M    M   M        28 270
19  82  48  65   1   0   0 0.00    M    M 14.2 28 300   M    M   M        37 310
20  85  50  68   3   0   3 0.01    M    M 12.2 23  10   M    M   M        27  10
21  87  57  72   7   0   7 0.03    M    M 13.6 32 330   M    M   M        37 330
22  76  52  64  -2   1   0 0.00    M    M 20.2 37 310   M    M   M        44 330
================================================================================
SM 1824 1171        12  83  0.73    M    304.5          M        M
================================================================================
AV 82.9 53.2                              13.8 FASTST   M    M   2    MAX(MPH)
                                 MISC ---->  # 41 320               # 49  320
================================================================================
NOTES:
# LAST OF SEVERAL OCCURRENCES

COLUMN 17 PEAK WIND IN M.P.H.

PRELIMINARY LOCAL CLIMATOLOGICAL DATA (WS FORM: F-6) , PAGE 2

                                          STATION:  BUFFALO SD
                                          MONTH:    JUNE
                                          YEAR:     2017
                                          LATITUDE:   45 35 N
                                          LONGITUDE: 103 33 W

[TEMPERATURE DATA]      [PRECIPITATION DATA]       SYMBOLS USED IN COLUMN 16

AVERAGE MONTHLY: 68.1   TOTAL FOR MONTH:   0.73    1 = FOG OR MIST
DPTR FM NORMAL:   6.2   DPTR FM NORMAL:   -1.36    2 = FOG REDUCING VISIBILITY
HIGHEST:    95 ON  5    GRTST 24HR  0.35 ON 12-12      TO 1/4 MILE OR LESS
LOWEST:     45 ON 18                               3 = THUNDER
                        SNOW, ICE PELLETS, HAIL    4 = ICE PELLETS
                        TOTAL MONTH:    M          5 = HAIL
                        GRTST 24HR    M  ON   M    6 = FREEZING RAIN OR DRIZZLE
                        GRTST DEPTH:  M  ON   M    7 = DUSTSTORM OR SANDSTORM:
                                                       VSBY 1/2 MILE OR LESS
                                                   8 = SMOKE OR HAZE
[NO. OF DAYS WITH]      [WEATHER - DAYS WITH]      9 = BLOWING SNOW
                                                   X = TORNADO
MAX 32 OR BELOW:   0    0.01 INCH OR MORE:   8
MAX 90 OR ABOVE:   5    0.10 INCH OR MORE:   2
MIN 32 OR BELOW:   0    0.50 INCH OR MORE:   0
MIN  0 OR BELOW:   0    1.00 INCH OR MORE:   0

[HDD (BASE 65) ]
TOTAL THIS MO.    12    CLEAR  (SCALE 0-3)   0
DPTR FM NORMAL   -89    PTCLDY (SCALE 4-7)   0
TOTAL FM JUL 1  7078    CLOUDY (SCALE 8-10)  0
DPTR FM NORMAL  -837

[CDD (BASE 65) ]
TOTAL THIS MO.    83
DPTR FM NORMAL    49    [PRESSURE DATA]
TOTAL FM JAN 1    96    HIGHEST SLP M ON M
DPTR FM NORMAL    56    LOWEST  SLP 29.08 ON  9

[REMARKS]
