000
CXUS55 KBOU 251833
CF633V
PRELIMINARY LOCAL CLIMATOLOGICAL DATA (WS FORM: F-6)

                                          STATION:   Walden
                                          MONTH:     DECEMBER
                                          YEAR:      2014
                                          LATITUDE:   40 45 N
                                          LONGITUDE: 106 16 W

  TEMPERATURE IN F:       :PCPN:    SNOW:  WIND      :SUNSHINE: SKY     :PK WND
================================================================================
1   2   3   4   5  6A  6B    7    8   9   10  11  12  13   14  15   16   17  18
                                     12Z  AVG MX 2MIN
DY MAX MIN AVG DEP HDD CDD  WTR  SNW DPTH SPD SPD DIR MIN PSBL S-S WX    SPD DR
================================================================================

 1  37  27  32   M  33   0    M    M    M 10.2 27 240   M    M   6        32 240
 2  43  28  36   M  29   0    M    M    M 15.5 24 240   M    M   1        44 200
 3  41  23  32   M  33   0    M    M    M 10.4 23 210   M    M   6        29 220
 4  41  25  33   M  32   0    M    M    M  8.1 12 260   M    M   6        17 210
 5  41  21  31   M  34   0    M    M    M  4.9 14 250   M    M   6         M  M
 6  43  21  32   M  33   0    M    M    M  6.5 14 240   M    M   3        18 240
 7  43  21  32   M  33   0    M    M    M  9.4 15 200   M    M   3        21 240
 8  41  18  30   M  35   0    M    M    M  6.7  9 130   M    M   0         M  M
 9  43  12  28   M  37   0    M    M    M  7.1 12 120   M    M   1         M  M
10  43  12  28   M  37   0    M    M    M  4.6 10 130   M    M   0         M  M
11  50  14  32   M  33   0    M    M    M  8.0 15 180   M    M   0        20 190
12  50  19  35   M  30   0    M    M    M  5.4  8 210   M    M   2         M  M
13  45  30  38   M  27   0    M    M    M  6.3 14 330   M    M   5         M  M
14  30  19  25   M  40   0    M    M    M  7.7 18 340   M    M  10        20 310
15  27   1  14   M  51   0    M    M    M  6.6 16 200   M    M   6        20 200
16  23  -2  11   M  54   0    M    M    M  3.8  8 120   M    M   6         M  M
17  30   9  20   M  45   0    M    M    M  3.0 10 340   M    M   6         M  M
18  14   0   7   M  58   0    M    M    M  1.1  7 120   M    M   6         M  M
19  27  -6  11   M  54   0    M    M    M  7.5 18 210   M    M   4        24 200
20  30  14  22   M  43   0    M    M    M  9.8 15 210   M    M   7        18 190
21  32  27  30   M  35   0    M    M    M 16.1 27 210   M    M  10        40 310
22  30  12  21   M  44   0    M    M    M 13.7 25 330   M    M   8        30 330
23  19  -4   8   M  57   0    M    M    M 14.1 29 320   M    M   5        36 310
24  28  -4  12   M  53   0    M    M    M  9.9 18 190   M    M   1        28 190
================================================================================
SM  851  337       960   0    M     M    196.4          M      108
================================================================================
AV 35.5 14.0                               8.2 FASTST   M    M   5    MAX(MPH)
                                 MISC ---->    29   M                 44    M
================================================================================
NOTES:
# LAST OF SEVERAL OCCURRENCES

COLUMN 17 PEAK WIND IN M.P.H.

PRELIMINARY LOCAL CLIMATOLOGICAL DATA (WS FORM: F-6) , PAGE 2

                                          STATION:  Walden
                                          MONTH:    DECEMBER
                                          YEAR:     2014
                                          LATITUDE:   40 45 N
                                          LONGITUDE: 106 16 W

[TEMPERATURE DATA]      [PRECIPITATION DATA]       SYMBOLS USED IN COLUMN 16

AVERAGE MONTHLY: 24.8   TOTAL FOR MONTH:      M    1 = FOG OR MIST
DPTR FM NORMAL:     M   DPTR FM NORMAL:       M    2 = FOG REDUCING VISIBILITY
HIGHEST:    50 ON 12,11 GRTST 24HR    M  ON   M        TO 1/4 MILE OR LESS
LOWEST:     -6 ON 19                               3 = THUNDER
                        SNOW, ICE PELLETS, HAIL    4 = ICE PELLETS
                        TOTAL MONTH:    M          5 = HAIL
                        GRTST 24HR    M  ON   M    6 = FREEZING RAIN OR DRIZZLE
                        GRTST DEPTH:  M  ON   M    7 = DUSTSTORM OR SANDSTORM:
                                                       VSBY 1/2 MILE OR LESS
                                                   8 = SMOKE OR HAZE
[NO. OF DAYS WITH]      [WEATHER - DAYS WITH]      9 = BLOWING SNOW
                                                   X = TORNADO
MAX 32 OR BELOW:  11    0.01 INCH OR MORE:   0
MAX 90 OR ABOVE:   0    0.10 INCH OR MORE:   0
MIN 32 OR BELOW:  24    0.50 INCH OR MORE:   0
MIN  0 OR BELOW:   5    1.00 INCH OR MORE:   0

[HDD (BASE 65) ]
TOTAL THIS MO.   960    CLEAR  (SCALE 0-3)   8
DPTR FM NORMAL     M    PTCLDY (SCALE 4-7)  14
TOTAL FM JUL 1  3676    CLOUDY (SCALE 8-10)  2
DPTR FM NORMAL     M

[CDD (BASE 65) ]
TOTAL THIS MO.     0
DPTR FM NORMAL     M    [PRESSURE DATA]
TOTAL FM JAN 1     1    HIGHEST SLP M ON M
DPTR FM NORMAL     M    LOWEST  SLP M ON M

[REMARKS]
