000
CXUS54 KMAF 281100
CF66R6
PRELIMINARY LOCAL CLIMATOLOGICAL DATA (WS FORM: F-6)

                                          STATION:   Terrell County Airport
                                          MONTH:     FEBRUARY
                                          YEAR:      2015
                                          LATITUDE:   30  2 N
                                          LONGITUDE: 102 13 W

  TEMPERATURE IN F:       :PCPN:    SNOW:  WIND      :SUNSHINE: SKY     :PK WND
================================================================================
1   2   3   4   5  6A  6B    7    8   9   10  11  12  13   14  15   16   17  18
                                     12Z  AVG MX 2MIN
DY MAX MIN AVG DEP HDD CDD  WTR  SNW DPTH SPD SPD DIR MIN PSBL S-S WX    SPD DR
================================================================================

 1  72  44  58   7   7   0 0.00  0.0    0 10.0 22  10   M    M   0        29  20
 2  48  36  42  -9  23   0 0.00  0.0    0  5.0 14  40   M    M   0        17  50
 3  48  39  44  -7  21   0 0.00  0.0    0  5.6 14 110   M    M   0        18 110
 4  74  44  59   8   6   0 0.00  0.0    0 13.4 28  10   M    M   0        35 350
 5  53  39  46  -5  19   0 0.97    M    0  9.2 26 350   M    M   0        34 350
 6  64  36  50  -2  15   0 0.00  0.0    0  5.7 13 130   M    M   0        16 140
 7  71  46  59   7   6   0 0.00  0.0    0  5.5 13 130   M    M   0        16 150
 8  90  40  65  13   0   0 0.00  0.0    0 10.3 23 330   M    M   0        29 330
 9  82  50  66  14   0   1 0.00  0.0    0  6.7 14 130   M    M   0        17 120
10  82  46  64  11   1   0 0.00  0.0    0  5.7 14 130   M    M   0        17 100
11  79  50  65  12   0   0 0.00  0.0    0 14.5 36  10   M    M   0        46 360
12  52  42  47  -6  18   0 0.27    M    0 10.2 21 360   M    M   0        27  10
13  69  48  59   6   6   0 0.00  0.0    0  6.0 16 220   M    M   0        20 210
14  71  46  59   5   6   0 0.00  0.0    0  5.5 13 130   M    M   0        16 120
15  77  56  67  13   0   2 0.00  0.0    0  5.8 14 130   M    M   0        18 130
16  63  42  53  -1  12   0 0.00  0.0    0 12.2 37 340   M    M   0        47 330
17  58  36  47  -7  18   0 0.02    M    0  7.0 17  20   M    M   0        23  20
18  67  35  51  -4  14   0 0.00  0.0    0  6.5 14 130   M    M   0        20 130
19  70  39  55   0  10   0 0.00  0.0    0  7.4 15 150   M    M   0        21 160
20  87  46  67  12   0   2 0.00  0.0    0  6.0 20 220   M    M   0        24 210
21  82  59  71  16   0   6 0.00  0.0    0  6.3 17  30   M    M   0        22  20
22  77  34  56   0   9   0 0.00  0.0    0 13.7 33 360   M    M   0        41 360
23  35  30  33 -23  32   0 0.00  0.0    0 13.6 22 360   M    M   0        29  10
24  45  30  38 -18  27   0 0.00  0.0    0  7.9 16 300   M    M   0        21 300
25  72  37  55  -1  10   0 0.00  0.0    0 10.2 22 290   M    M   0        31 310
26  56  33  45 -12  20   0 0.00  0.0    0 14.6 25  10   M    M   0        34 360
27  37  30  34 -23  31   0 0.01    M    0 11.1 15  60   M    M   0        18  80
================================================================================
SM 1781 1113       311  11  1.27     0.0 235.6          M        0
================================================================================
AV 66.0 41.2                               8.7 FASTST   M    M   0    MAX(MPH)
                                 MISC ---->  # 37 340               # 47  330
================================================================================
NOTES:
# LAST OF SEVERAL OCCURRENCES

COLUMN 17 PEAK WIND IN M.P.H.

PRELIMINARY LOCAL CLIMATOLOGICAL DATA (WS FORM: F-6) , PAGE 2

                                          STATION:  Terrell County Airport
                                          MONTH:    FEBRUARY
                                          YEAR:     2015
                                          LATITUDE:   30  2 N
                                          LONGITUDE: 102 13 W

[TEMPERATURE DATA]      [PRECIPITATION DATA]       SYMBOLS USED IN COLUMN 16

AVERAGE MONTHLY: 53.6   TOTAL FOR MONTH:   1.27    1 = FOG OR MIST
DPTR FM NORMAL:  -0.1   DPTR FM NORMAL:    0.58    2 = FOG REDUCING VISIBILITY
HIGHEST:    90 ON  8    GRTST 24HR  0.97 ON  5- 5      TO 1/4 MILE OR LESS
LOWEST:     30 ON 27,24                            3 = THUNDER
                        SNOW, ICE PELLETS, HAIL    4 = ICE PELLETS
                        TOTAL MONTH:   0.0 INCH    5 = HAIL
                        GRTST 24HR     0.0         6 = FREEZING RAIN OR DRIZZLE
                        GRTST DEPTH:   0           7 = DUSTSTORM OR SANDSTORM:
                                                       VSBY 1/2 MILE OR LESS
                                                   8 = SMOKE OR HAZE
[NO. OF DAYS WITH]      [WEATHER - DAYS WITH]      9 = BLOWING SNOW
                                                   X = TORNADO
MAX 32 OR BELOW:   0    0.01 INCH OR MORE:   4
MAX 90 OR ABOVE:   1    0.10 INCH OR MORE:   2
MIN 32 OR BELOW:   3    0.50 INCH OR MORE:   1
MIN  0 OR BELOW:   0    1.00 INCH OR MORE:   0

[HDD (BASE 65) ]
TOTAL THIS MO.   311    CLEAR  (SCALE 0-3)  27
DPTR FM NORMAL    -2    PTCLDY (SCALE 4-7)   0
TOTAL FM JUL 1  1505    CLOUDY (SCALE 8-10)  0
DPTR FM NORMAL   -92

[CDD (BASE 65) ]
TOTAL THIS MO.    11
DPTR FM NORMAL     7    [PRESSURE DATA]
TOTAL FM JAN 1    13    HIGHEST SLP M ON M
DPTR FM NORMAL     9    LOWEST  SLP 29.65 ON 20

[REMARKS]
