000
CXUS54 KMAF 221100
CF66R6
PRELIMINARY LOCAL CLIMATOLOGICAL DATA (WS FORM: F-6)

                                          STATION:   Terrell County Airport
                                          MONTH:     NOVEMBER
                                          YEAR:      2017
                                          LATITUDE:   30  2 N
                                          LONGITUDE: 102 13 W

  TEMPERATURE IN F:       :PCPN:    SNOW:  WIND      :SUNSHINE: SKY     :PK WND
================================================================================
1   2   3   4   5  6A  6B    7    8   9   10  11  12  13   14  15   16   17  18
                                     12Z  AVG MX 2MIN
DY MAX MIN AVG DEP HDD CDD  WTR  SNW DPTH SPD SPD DIR MIN PSBL S-S WX    SPD DR
================================================================================

 1  87  47  67   4   0   2 0.00  0.0    0 10.9 24 240   M    M   0        30 240
 2  90  50  70   7   0   5 0.00  0.0    0  6.9 17 210   M    M   0        22 230
 3  87  52  70   8   0   5 0.00  0.0    0  5.7 14 110   M    M   0        19 130
 4  87  59  73  11   0   8 0.00  0.0    0  4.9 13 130   M    M   0        16 130
 5  90  65  78  17   0  13 0.00  0.0    0  3.3 14 140   M    M   0        16 130
 6  87  64  76  15   0  11 0.00  0.0    0  4.3 12  70   M    M   0        16 100
 7  85  59  72  12   0   7 0.00  0.0    0  9.1 22  40   M    M   0        27  20
 8  59  44  52  -8  13   0 0.03    M    0 10.1 20  30   M    M   0        26 360
 9  61  45  53  -7  12   0 0.00  0.0    0  3.3  9 120   M    M   0        12 110
10  58  45  52  -7  13   0 0.00  0.0    0  7.4 14 110   M    M   0        18 110
11  73  54  64   5   1   0 0.00  0.0    0  6.1 13 110   M    M   0        16 130
12  71  59  65   7   0   0 0.00  0.0    0  8.9 23 340   M    M   0        28 350
13  74  59  67   9   0   2 0.00  0.0    0  8.4 15 110   M    M   0        20  90
14  82  62  72  14   0   7 0.00  0.0    0  6.3 14 130   M    M   0        18 130
15  80  55  68  11   0   3 0.00  0.0    0  7.2 25 340   M    M   0        32 340
16  77  51  64   7   1   0 0.00  0.0    0  5.4 10 130   M    M   0        13 130
17  83  51  67  11   0   2 0.00  0.0    0  5.7 13 130   M    M   0        16 130
18  83  49  66  10   0   1 0.00  0.0    0 11.8 32 350   M    M   0        43 350
19  61  39  50  -6  15   0 0.00  0.0    0  7.2 15 120   M    M   0        20 140
20  70  36  53  -2  12   0 0.00  0.0    0  6.8 13 140   M    M   0        15 130
21  85  40  63   8   2   0 0.00  0.0    0 11.1 28  10   M    M   0        39 350
================================================================================
SM 1630 1085        69  66  0.03     0.0 150.8          M        0
================================================================================
AV 77.6 51.7                               7.2 FASTST   M    M   0    MAX(MPH)
                                 MISC ---->  # 32 350               # 43  350
================================================================================
NOTES:
# LAST OF SEVERAL OCCURRENCES

COLUMN 17 PEAK WIND IN M.P.H.

PRELIMINARY LOCAL CLIMATOLOGICAL DATA (WS FORM: F-6) , PAGE 2

                                          STATION:  Terrell County Airport
                                          MONTH:    NOVEMBER
                                          YEAR:     2017
                                          LATITUDE:   30  2 N
                                          LONGITUDE: 102 13 W

[TEMPERATURE DATA]      [PRECIPITATION DATA]       SYMBOLS USED IN COLUMN 16

AVERAGE MONTHLY: 64.6   TOTAL FOR MONTH:   0.03    1 = FOG OR MIST
DPTR FM NORMAL:   5.8   DPTR FM NORMAL:   -0.61    2 = FOG REDUCING VISIBILITY
HIGHEST:    90 ON  5, 2 GRTST 24HR  0.13 ON 31- 1      TO 1/4 MILE OR LESS
LOWEST:     36 ON 20                               3 = THUNDER
                        SNOW, ICE PELLETS, HAIL    4 = ICE PELLETS
                        TOTAL MONTH:   0.0 INCH    5 = HAIL
                        GRTST 24HR     0.0         6 = FREEZING RAIN OR DRIZZLE
                        GRTST DEPTH:   0           7 = DUSTSTORM OR SANDSTORM:
                                                       VSBY 1/2 MILE OR LESS
                                                   8 = SMOKE OR HAZE
[NO. OF DAYS WITH]      [WEATHER - DAYS WITH]      9 = BLOWING SNOW
                                                   X = TORNADO
MAX 32 OR BELOW:   0    0.01 INCH OR MORE:   1
MAX 90 OR ABOVE:   2    0.10 INCH OR MORE:   0
MIN 32 OR BELOW:   0    0.50 INCH OR MORE:   0
MIN  0 OR BELOW:   0    1.00 INCH OR MORE:   0

[HDD (BASE 65) ]
TOTAL THIS MO.    69    CLEAR  (SCALE 0-3)  21
DPTR FM NORMAL   -73    PTCLDY (SCALE 4-7)   0
TOTAL FM JUL 1   123    CLOUDY (SCALE 8-10)  0
DPTR FM NORMAL   -62

[CDD (BASE 65) ]
TOTAL THIS MO.    66
DPTR FM NORMAL    55    [PRESSURE DATA]
TOTAL FM JAN 1  3150    HIGHEST SLP M ON M
DPTR FM NORMAL   429    LOWEST  SLP 29.72 ON 17

[REMARKS]
