000
CXUS55 KABR 191400
CF68D3
PRELIMINARY LOCAL CLIMATOLOGICAL DATA (WS FORM: F-6)

                                          STATION:   SISSETON SD
                                          MONTH:     OCTOBER
                                          YEAR:      2014
                                          LATITUDE:   45 40 N
                                          LONGITUDE:  96 59 W

  TEMPERATURE IN F:       :PCPN:    SNOW:  WIND      :SUNSHINE: SKY     :PK WND
================================================================================
1   2   3   4   5  6A  6B    7    8   9   10  11  12  13   14  15   16   17  18
                                     12Z  AVG MX 2MIN
DY MAX MIN AVG DEP HDD CDD  WTR  SNW DPTH SPD SPD DIR MIN PSBL S-S WX    SPD DR
================================================================================

 1  73  46  60   7   5   0 0.00  0.0    0  9.5 20 310   M    M   0        26 210
 2  70  45  58   6   7   0 0.00  0.0    0  8.8 30 330   M    M   0        40 330
 3  47  36  42 -10  23   0 0.00  0.0    0 24.7 39 350   M    M   0        51 360
 4  50  32  41 -11  24   0 0.00  0.0    0 13.5 24 330   M    M   0        30 340
 5  54  38  46  -5  19   0 0.00  0.0    0 13.1 25 320   M    M   0        33 320
 6  67  36  52   1  13   0 0.00  0.0    0 16.1 32 310   M    M   0        42 320
 7  60  47  54   4  11   0 0.00  0.0    0 18.5 33 340   M    M   0        39 330
 8  59  32  46  -4  19   0 0.00  0.0    0  8.4 22 340   M    M   0        26 340
 9  55  27  41  -9  24   0 0.00  0.0    0  4.1 13 350   M    M   0        16 360
10  58  23  41  -8  24   0 0.00  0.0    0  3.3 13  10   M    M   0        17  30
11  65  25  45  -4  20   0 0.00  0.0    0 12.4 24 190   M    M   0        32 190
12  64  44  54   6  11   0 0.01  0.0    0 10.4 21 210   M    M   0        28 200
13  65  39  52   4  13   0 0.05  0.0    0 12.9 22  10   M    M   0        28 350
14  67  34  51   4  14   0 0.00  0.0    0  6.1 14  30   M    M   0        18  30
15  71  29  50   3  15   0 0.00  0.0    0 10.1 20 180   M    M   0        24 180
16  70  46  58  12   7   0 0.00  0.0    0 20.9 36 310   M    M   0        49 300
17  51  43  47   1  18   0 0.00  0.0    0 18.3 30 360   M    M   0        41 330
18  51  39  45  -1  20   0 0.00  0.0    0  8.3 22 210   M    M   0        30 210
================================================================================
SM 1097  661       287   0  0.06     0.0 219.4          M        0
================================================================================
AV 60.9 36.7                              12.2 FASTST   M    M   0    MAX(MPH)
                                 MISC ---->  # 39 350               # 51  360
================================================================================
NOTES:
# LAST OF SEVERAL OCCURRENCES

COLUMN 17 PEAK WIND IN M.P.H.

PRELIMINARY LOCAL CLIMATOLOGICAL DATA (WS FORM: F-6) , PAGE 2

                                          STATION:  SISSETON SD
                                          MONTH:    OCTOBER
                                          YEAR:     2014
                                          LATITUDE:   45 40 N
                                          LONGITUDE:  96 59 W

[TEMPERATURE DATA]      [PRECIPITATION DATA]       SYMBOLS USED IN COLUMN 16

AVERAGE MONTHLY: 48.8   TOTAL FOR MONTH:   0.06    1 = FOG OR MIST
DPTR FM NORMAL:  -0.4   DPTR FM NORMAL:   -1.39    2 = FOG REDUCING VISIBILITY
HIGHEST:    73 ON  1    GRTST 24HR  0.06 ON 30- 1      TO 1/4 MILE OR LESS
LOWEST:     23 ON 10                               3 = THUNDER
                        SNOW, ICE PELLETS, HAIL    4 = ICE PELLETS
                        TOTAL MONTH:   0.0 INCH    5 = HAIL
                        GRTST 24HR     0.0         6 = FREEZING RAIN OR DRIZZLE
                        GRTST DEPTH:   0           7 = DUSTSTORM OR SANDSTORM:
                                                       VSBY 1/2 MILE OR LESS
                                                   8 = SMOKE OR HAZE
[NO. OF DAYS WITH]      [WEATHER - DAYS WITH]      9 = BLOWING SNOW
                                                   X = TORNADO
MAX 32 OR BELOW:   0    0.01 INCH OR MORE:   2
MAX 90 OR ABOVE:   0    0.10 INCH OR MORE:   0
MIN 32 OR BELOW:   6    0.50 INCH OR MORE:   0
MIN  0 OR BELOW:   0    1.00 INCH OR MORE:   0

[HDD (BASE 65) ]
TOTAL THIS MO.   287    CLEAR  (SCALE 0-3)  18
DPTR FM NORMAL     0    PTCLDY (SCALE 4-7)   0
TOTAL FM JUL 1   490    CLOUDY (SCALE 8-10)  0
DPTR FM NORMAL   -42

[CDD (BASE 65) ]
TOTAL THIS MO.     0
DPTR FM NORMAL     0    [PRESSURE DATA]
TOTAL FM JAN 1   442    HIGHEST SLP M ON M
DPTR FM NORMAL   -81    LOWEST  SLP 29.50 ON  6

[REMARKS]
