000
CXUS55 KABR 281400
CF68D3
PRELIMINARY LOCAL CLIMATOLOGICAL DATA (WS FORM: F-6)

                                          STATION:   SISSETON SD
                                          MONTH:     JULY
                                          YEAR:      2016
                                          LATITUDE:   45 40 N
                                          LONGITUDE:  96 59 W

  TEMPERATURE IN F:       :PCPN:    SNOW:  WIND      :SUNSHINE: SKY     :PK WND
================================================================================
1   2   3   4   5  6A  6B    7    8   9   10  11  12  13   14  15   16   17  18
                                     12Z  AVG MX 2MIN
DY MAX MIN AVG DEP HDD CDD  WTR  SNW DPTH SPD SPD DIR MIN PSBL S-S WX    SPD DR
================================================================================

 1  76  41  59 -11   6   0 0.00  0.0    0  4.1 12 150   M    M   0        16 130
 2  84  56  70   0   0   5 0.00  0.0    0  5.8 15 190   M    M   0        23 160
 3  82  57  70   0   0   5 0.00  0.0    0 11.3 21 150   M    M   0        29 160
 4  94  57  76   6   0  11 0.16  0.0    0  7.7 26 330   M    M   0 3      33 340
 5  82  60  71   1   0   6 0.13  0.0    0  8.7 30 210   M    M   0        38 210
 6  84  53  69  -2   0   4 0.12  0.0    0  4.0 16 130   M    M   0        20 130
 7  77  59  68  -3   0   3 0.12  0.0    0  7.3 25 150   M    M   0        33 140
 8  81  57  69  -2   0   4 0.00  0.0    0  9.3 17 350   M    M   0        22 340
 9  85  52  69  -2   0   4 0.00  0.0    0 10.5 29 170   M    M   0        35 180
10  82  63  73   2   0   8 0.69  0.0    0 10.9 64 360   M    M   0 3      83 350
11  77  62  70  -1   0   5 3.33  0.0    0 10.1 30 350   M    M   0 3      41 340
12  85  62  74   3   0   9 0.00  0.0    0 15.8 30 270   M    M   0        39 260
13  82  62  72   1   0   7 0.00  0.0    0 16.0 31 320   M    M   0        42 320
14  67  52  60 -11   5   0 0.00  0.0    0 13.4 23 350   M    M   0        30 330
15  77  48  63  -9   2   0 0.00  0.0    0  3.6  9 360   M    M   0        12 360
16  79  52  66  -6   0   1 0.08  0.0    0  8.8 22 150   M    M   0        27 150
17  81  59  70  -2   0   5 0.00  0.0    0 10.1 28 350   M    M   0        42 290
18  84  56  70  -2   0   5 0.00  0.0    0  5.3 12 150   M    M   0        15 140
19  88  63  76   4   0  11 0.00  0.0    0  9.8 18 180   M    M   0        24 160
20  91  72  82  10   0  17 0.00  0.0    0  7.9 14 140   M    M   0        19 180
21  88  67  78   6   0  13 0.07  0.0    0  3.4 23  30   M    M   0        31  30
22  89  66  78   6   0  13 0.00  0.0    0  2.7 16 170   M    M   0        20 160
23  86  69  78   6   0  13 0.04  0.0    0  8.0 20 340   M    M   0        26 350
24  84  65  75   3   0  10 0.00  0.0    0 11.1 21 320   M    M   0        27 320
25  90  56  73   1   0   8 0.00  0.0    0  8.7 25 240   M    M   0        34 240
26  83  67  75   3   0  10 0.05  0.0    0 11.4 29 250   M    M   0        39 240
27  80  61  71  -1   0   6 0.21  0.0    0  9.2 24 330   M    M   0        30 330
================================================================================
SM 2238 1594        13 183  5.00     0.0 234.9          M        0
================================================================================
AV 82.9 59.0                               8.7 FASTST   M    M   0    MAX(MPH)
                                 MISC ---->  # 64 360               # 83  350
================================================================================
NOTES:
# LAST OF SEVERAL OCCURRENCES

COLUMN 17 PEAK WIND IN M.P.H.

PRELIMINARY LOCAL CLIMATOLOGICAL DATA (WS FORM: F-6) , PAGE 2

                                          STATION:  SISSETON SD
                                          MONTH:    JULY
                                          YEAR:     2016
                                          LATITUDE:   45 40 N
                                          LONGITUDE:  96 59 W

[TEMPERATURE DATA]      [PRECIPITATION DATA]       SYMBOLS USED IN COLUMN 16

AVERAGE MONTHLY: 71.0   TOTAL FOR MONTH:   5.00    1 = FOG OR MIST
DPTR FM NORMAL:  -0.3   DPTR FM NORMAL:    1.84    2 = FOG REDUCING VISIBILITY
HIGHEST:    94 ON  4    GRTST 24HR  3.33 ON 11-11      TO 1/4 MILE OR LESS
LOWEST:     41 ON  1                               3 = THUNDER
                        SNOW, ICE PELLETS, HAIL    4 = ICE PELLETS
                        TOTAL MONTH:   0.0 INCH    5 = HAIL
                        GRTST 24HR     0.0         6 = FREEZING RAIN OR DRIZZLE
                        GRTST DEPTH:   0           7 = DUSTSTORM OR SANDSTORM:
                                                       VSBY 1/2 MILE OR LESS
                                                   8 = SMOKE OR HAZE
[NO. OF DAYS WITH]      [WEATHER - DAYS WITH]      9 = BLOWING SNOW
                                                   X = TORNADO
MAX 32 OR BELOW:   0    0.01 INCH OR MORE:  11
MAX 90 OR ABOVE:   3    0.10 INCH OR MORE:   7
MIN 32 OR BELOW:   0    0.50 INCH OR MORE:   2
MIN  0 OR BELOW:   0    1.00 INCH OR MORE:   1

[HDD (BASE 65) ]
TOTAL THIS MO.    13    CLEAR  (SCALE 0-3)  27
DPTR FM NORMAL    10    PTCLDY (SCALE 4-7)   0
TOTAL FM JUL 1    13    CLOUDY (SCALE 8-10)  0
DPTR FM NORMAL    10

[CDD (BASE 65) ]
TOTAL THIS MO.   183
DPTR FM NORMAL     5    [PRESSURE DATA]
TOTAL FM JAN 1   387    HIGHEST SLP M ON M
DPTR FM NORMAL    92    LOWEST  SLP 29.46 ON 11

[REMARKS]
