000
CXUS56 KEKA 191230
CF6ACV
PRELIMINARY LOCAL CLIMATOLOGICAL DATA (WS FORM: F-6)

                                          STATION:   ARCATA CA
                                          MONTH:     OCTOBER
                                          YEAR:      2017
                                          LATITUDE:   40 58 N
                                          LONGITUDE: 124  6 W

  TEMPERATURE IN F:       :PCPN:    SNOW:  WIND      :SUNSHINE: SKY     :PK WND
================================================================================
1   2   3   4   5  6A  6B    7    8   9   10  11  12  13   14  15   16   17  18
                                     12Z  AVG MX 2MIN
DY MAX MIN AVG DEP HDD CDD  WTR  SNW DPTH SPD SPD DIR MIN PSBL S-S WX    SPD DR
================================================================================

 1  66  42  54   0  11   0 0.00  0.0    0  8.5 25 350   M    M   0        38 350
 2  64  40  52  -2  13   0 0.00  0.0    0  8.6 23 340   M    M   0        34 340
 3  72  41  57   3   8   0 0.00  0.0    0  7.6 23 320   M    M   0        28 320
 4  65  41  53  -1  12   0 0.00  0.0    0  3.4  9 220   M    M   0 12     12 250
 5  62  38  50  -4  15   0 0.00  0.0    0  3.6  9 320   M    M   0        23 250
 6  72  38  55   1  10   0 0.00  0.0    0  4.9 18 340   M    M   0 8      23 330
 7  65  41  53  -1  12   0 0.00  0.0    0  7.4 21 350   M    M   1 8      27 360
 8  66  43  55   1  10   0 0.00  0.0    0 10.9 28 360   M    M   0 18     39  10
 9  77  45  61   7   4   0 0.00  0.0    0  7.6 10  30   M    M   0         M  M
10  61  41  51  -3  14   0 0.00  0.0    M  5.4 21 330   M    M   2 18     25 330
11  58  37  48  -6  17   0 0.02    M    0  5.9 18 340   M    M   0 18     24 350
12  61  34  48  -6  17   0 0.00  0.0    0  4.9 18 330   M    M   0 8      23 320
13  62  39  51  -3  14   0 0.00  0.0    0  6.9 21 320   M    M   1 1      26 320
14  72  37  55   2  10   0 0.00  0.0    0  6.6 17 340   M    M   0        21 350
15  68  43  56   3   9   0 0.00  0.0    0  2.9  8 310   M    M   0 8      14 320
16  68  41  55   2  10   0 0.00  0.0    0  2.8  8 190   M    M   0 1      16 130
17  62  42  52  -1  13   0 0.00  0.0    0  3.6 18 330   M    M   4 12     23 330
18  58  40  49  -4  16   0 0.04    M    0  3.1  9 290   M    M   7 12     11 170
================================================================================
SM 1179  723       215   0  0.06     0.0 104.6          M       15
================================================================================
AV 65.5 40.2                               5.8 FASTST   M    M   1    MAX(MPH)
                                 MISC ---->  # 28 360               # 39   10
================================================================================
NOTES:
# LAST OF SEVERAL OCCURRENCES

COLUMN 17 PEAK WIND IN M.P.H.

PRELIMINARY LOCAL CLIMATOLOGICAL DATA (WS FORM: F-6) , PAGE 2

                                          STATION:  ARCATA CA
                                          MONTH:    OCTOBER
                                          YEAR:     2017
                                          LATITUDE:   40 58 N
                                          LONGITUDE: 124  6 W

[TEMPERATURE DATA]      [PRECIPITATION DATA]       SYMBOLS USED IN COLUMN 16

AVERAGE MONTHLY: 52.8   TOTAL FOR MONTH:   0.06    1 = FOG OR MIST
DPTR FM NORMAL:  -0.9   DPTR FM NORMAL:   -0.96    2 = FOG REDUCING VISIBILITY
HIGHEST:    77 ON  9    GRTST 24HR  0.04 ON 18-18      TO 1/4 MILE OR LESS
LOWEST:     34 ON 12                               3 = THUNDER
                        SNOW, ICE PELLETS, HAIL    4 = ICE PELLETS
                        TOTAL MONTH:   0.0 INCH    5 = HAIL
                        GRTST 24HR     0.0         6 = FREEZING RAIN OR DRIZZLE
                        GRTST DEPTH:   0           7 = DUSTSTORM OR SANDSTORM:
                                                       VSBY 1/2 MILE OR LESS
                                                   8 = SMOKE OR HAZE
[NO. OF DAYS WITH]      [WEATHER - DAYS WITH]      9 = BLOWING SNOW
                                                   X = TORNADO
MAX 32 OR BELOW:   0    0.01 INCH OR MORE:   2
MAX 90 OR ABOVE:   0    0.10 INCH OR MORE:   0
MIN 32 OR BELOW:   0    0.50 INCH OR MORE:   0
MIN  0 OR BELOW:   0    1.00 INCH OR MORE:   0

[HDD (BASE 65) ]
TOTAL THIS MO.   215    CLEAR  (SCALE 0-3)  16
DPTR FM NORMAL    11    PTCLDY (SCALE 4-7)   2
TOTAL FM JUL 1   838    CLOUDY (SCALE 8-10)  0
DPTR FM NORMAL  -198

[CDD (BASE 65) ]
TOTAL THIS MO.     0
DPTR FM NORMAL     0    [PRESSURE DATA]
TOTAL FM JAN 1    21    HIGHEST SLP M ON M
DPTR FM NORMAL    20    LOWEST  SLP 29.93 ON  3

[REMARKS]
