000
CXUS56 KEKA 281230
CF6ACV
PRELIMINARY LOCAL CLIMATOLOGICAL DATA (WS FORM: F-6)

                                          STATION:   ARCATA CA
                                          MONTH:     FEBRUARY
                                          YEAR:      2017
                                          LATITUDE:   40 58 N
                                          LONGITUDE: 124  6 W

  TEMPERATURE IN F:       :PCPN:    SNOW:  WIND      :SUNSHINE: SKY     :PK WND
================================================================================
1   2   3   4   5  6A  6B    7    8   9   10  11  12  13   14  15   16   17  18
                                     12Z  AVG MX 2MIN
DY MAX MIN AVG DEP HDD CDD  WTR  SNW DPTH SPD SPD DIR MIN PSBL S-S WX    SPD DR
================================================================================

 1  63  40  52   5  13   0 0.01    M    0  4.0 15 240   M    M   3 8      17 240
 2  65  49  57  10   8   0 0.22  0.0    0 15.0 33 160   M    M   8 1      42 170
 3  56  52  54   7  11   0 0.76  0.0    0 13.8 30 200   M    M   9 1      38 200
 4  53  50  52   5  13   0 0.54  0.0    0  8.5 18 180   M    M   7 1      27 190
 5  61  50  56   9   9   0 0.74  0.0    0 13.5 29 160   M    M  10 1      39 170
 6  53  45  49   2  16   0 0.55  0.0    0  5.8 23 240   M    M  10 1      29 250
 7  60  47  54   7  11   0 0.55    M    0 14.0 37 200   M    M   8 1      52 200
 8  63  50  57  10   8   0 0.95  0.0    0 11.6 30 150   M    M  10 1      39 150
 9  64  49  57  10   8   0 1.11    M    0 15.4 30 160   M    M  10 1      42 170
10  53  40  47   0  18   0 0.42    M    0  6.1 16 340   M    M   6 1      21 340
11  53  33  43  -4  22   0 0.00  0.0    0  5.7 20 320   M    M   0 1      22 320
12  55  33  44  -3  21   0 0.00  0.0    0  3.4 13 330   M    M   0 18     16 320
13  53  40  47   0  18   0 0.00  0.0    0  2.4  9 270   M    M   1 18     11 250
14  62  40  51   4  14   0    T    M    0  4.5 13 140   M    M   3 1      16 260
15  68  53  61  14   4   0 1.31  0.0    0  9.9 25 180   M    M  10 1      35 190
16  56  47  52   5  13   0 1.29    M    0 12.8 31 210   M    M   9 1      41 230
17  51  42  47   0  18   0 0.63    M    0  3.6 13  40   M    M   6 1      21  30
18  51  44  48   1  17   0 0.33    M    0 11.6 28 330   M    M  10 1      35 330
19  56  47  52   5  13   0 0.78    M    0  8.9 23 170   M    M   9 1      29 150
20  58  50  54   7  11   0 1.21  0.0    0 11.4 31 190   M    M  10 1      44 210
21  54  44  49   2  16   0 0.61    M    0 10.8 33 220   M    M   9 1      43 210
22  47  35  41  -6  24   0 0.94    M    0  4.7 23 320   M    M   8 1      28 320
23  48  31  40  -7  25   0 0.13    M    0  5.0 16 330   M    M   2 1      21 320
24  48  30  39  -8  26   0 0.15    M    0  6.4 16 230   M    M   7 1      21 210
25  53  36  45  -2  20   0 0.08    M    0  7.8 18 330   M    M   4        23 330
26  47  33  40  -8  25   0 0.40    M    0  6.6 20 270   M    M   7 1      29 280
27  47  37  42  -6  23   0 0.43    M    0  4.7  9 280   M    M   8 1      13 130
================================================================================
SM 1498 1147       425   0 14.14     0.0 227.9          M      184
================================================================================
AV 55.5 42.5                               8.4 FASTST   M    M   7    MAX(MPH)
                                 MISC ---->  # 37 200               # 52  200
================================================================================
NOTES:
# LAST OF SEVERAL OCCURRENCES

COLUMN 17 PEAK WIND IN M.P.H.

PRELIMINARY LOCAL CLIMATOLOGICAL DATA (WS FORM: F-6) , PAGE 2

                                          STATION:  ARCATA CA
                                          MONTH:    FEBRUARY
                                          YEAR:     2017
                                          LATITUDE:   40 58 N
                                          LONGITUDE: 124  6 W

[TEMPERATURE DATA]      [PRECIPITATION DATA]       SYMBOLS USED IN COLUMN 16

AVERAGE MONTHLY: 49.0   TOTAL FOR MONTH:  14.14    1 = FOG OR MIST
DPTR FM NORMAL:   1.9   DPTR FM NORMAL:    7.82    2 = FOG REDUCING VISIBILITY
HIGHEST:    68 ON 15    GRTST 24HR  2.48 ON 15-16      TO 1/4 MILE OR LESS
LOWEST:     30 ON 24                               3 = THUNDER
                        SNOW, ICE PELLETS, HAIL    4 = ICE PELLETS
                        TOTAL MONTH:   0.0 INCH    5 = HAIL
                        GRTST 24HR     0.0         6 = FREEZING RAIN OR DRIZZLE
                        GRTST DEPTH:   0           7 = DUSTSTORM OR SANDSTORM:
                                                       VSBY 1/2 MILE OR LESS
                                                   8 = SMOKE OR HAZE
[NO. OF DAYS WITH]      [WEATHER - DAYS WITH]      9 = BLOWING SNOW
                                                   X = TORNADO
MAX 32 OR BELOW:   0    0.01 INCH OR MORE:  23
MAX 90 OR ABOVE:   0    0.10 INCH OR MORE:  21
MIN 32 OR BELOW:   2    0.50 INCH OR MORE:  14
MIN  0 OR BELOW:   0    1.00 INCH OR MORE:   4

[HDD (BASE 65) ]
TOTAL THIS MO.   425    CLEAR  (SCALE 0-3)   4
DPTR FM NORMAL   -61    PTCLDY (SCALE 4-7)  11
TOTAL FM JUL 1  2991    CLOUDY (SCALE 8-10) 12
DPTR FM NORMAL  -303

[CDD (BASE 65) ]
TOTAL THIS MO.     0
DPTR FM NORMAL     0    [PRESSURE DATA]
TOTAL FM JAN 1     0    HIGHEST SLP M ON M
DPTR FM NORMAL     0    LOWEST  SLP 29.30 ON  7

[REMARKS]
