000
CXUS52 KFFC 291110
CF6AHN
PRELIMINARY LOCAL CLIMATOLOGICAL DATA (WS FORM: F-6)

                                          STATION:   ATHENS
                                          MONTH:     AUGUST
                                          YEAR:      2014
                                          LATITUDE:   33 57 N
                                          LONGITUDE:  83 19 W

  TEMPERATURE IN F:       :PCPN:    SNOW:  WIND      :SUNSHINE: SKY     :PK WND
================================================================================
1   2   3   4   5  6A  6B    7    8   9   10  11  12  13   14  15   16   17  18
                                     12Z  AVG MX 2MIN
DY MAX MIN AVG DEP HDD CDD  WTR  SNW DPTH SPD SPD DIR MIN PSBL S-S WX    SPD DR
================================================================================

 1  80  67  74  -6   0   9 0.02  0.0    0  7.1 14  80   M    M   8 18     18  80
 2  81  67  74  -6   0   9    T  0.0    0  4.9 10 100   M    M   7        15  70
 3  89  65  77  -3   0  12 0.00  0.0    0  3.5 10  20   M    M   2 1      17  50
 4  91  67  79  -1   0  14 0.00  0.0    0  3.5 10  30   M    M   2 18     18  90
 5  93  67  80   0   0  15 0.00  0.0    0  1.7 10 290   M    M   1 18     14 310
 6  95  65  80   0   0  15 0.00  0.0    0  3.3 12 300   M    M   1 18     17 300
 7  97  70  84   4   0  19 0.01  0.0    0  2.7 12 310   M    M   1 18     17 300
 8  85  70  78  -2   0  13 0.29  0.0    0  5.9 20 290   M    M   4 18      M  M
 9  89  70  80   0   0  15    T  0.0    0  1.5  8 270   M    M   7 1      13 250
10  81  71  76  -4   0  11 0.00  0.0    0  4.6 10  70   M    M   9 1      15  80
11  90  70  80   0   0  15 0.00  0.0    0  1.9  8  60   M    M   7 1       9 180
12  93  72  83   3   0  18 0.12  0.0    0  3.0 14 300   M    M   2 18     22 310
13  90  68  79  -1   0  14 0.00  0.0    0  4.6 13 300   M    M   0        18 280
14  89  63  76  -4   0  11 0.00  0.0    0  3.5 13  90   M    M   2        18 120
15  92  62  77  -3   0  12 0.00  0.0    0  1.2  8 320   M    M   1 18     12  70
16  93  64  79  -1   0  14 0.00  0.0    0  1.8 12 310   M    M   1 18     17 300
17  95  65  80   0   0  15 0.07  0.0    0  2.4 15 300   M    M   1 1      23 310
18  92  70  81   1   0  16 0.82  0.0    0  3.3 26 290   M    M   2 13     37 280
19  89  69  79  -1   0  14 0.09  0.0    0  5.0 13 270   M    M   4 1      20 270
20  95  69  82   2   0  17 0.00  0.0    0  3.9 10 330   M    M   1 18     18 260
21  98  67  83   4   0  18 0.00  0.0    0  2.0 12 290   M    M   0 8      20 290
22  97  71  84   5   0  19 0.00  0.0    0  4.1 13 320   M    M   1 1      21 310
23  98  72  85   6   0  20    T  0.0    0  3.3 15 320   M    M   1        25 330
24  90  72  81   2   0  16 0.00  0.0    0  7.6 17  70   M    M   4        24  70
25  86  66  76  -3   0  11 0.00  0.0    0  8.0 18  70   M    M   1 18     25  80
26  89  63  76  -3   0  11 0.00  0.0    0  6.0 13  70   M    M   0 8      18  60
27  92  62  77  -2   0  12 0.00  0.0    0  2.7  9 340   M    M   0 8      15 360
28  97  60  79   1   0  14 0.00  0.0    0  1.2  7 200   M    M   0 18     13 220
================================================================================
SM 2546 1884         0 399  1.42     0.0 104.2          M       70
================================================================================
AV 90.9 67.3                               3.7 FASTST   M    M   3    MAX(MPH)
                                 MISC ---->  # 26 290               # 37  280
================================================================================
NOTES:
# LAST OF SEVERAL OCCURRENCES

COLUMN 17 PEAK WIND IN M.P.H.

PRELIMINARY LOCAL CLIMATOLOGICAL DATA (WS FORM: F-6) , PAGE 2

                                          STATION:  ATHENS
                                          MONTH:    AUGUST
                                          YEAR:     2014
                                          LATITUDE:   33 57 N
                                          LONGITUDE:  83 19 W

[TEMPERATURE DATA]      [PRECIPITATION DATA]       SYMBOLS USED IN COLUMN 16

AVERAGE MONTHLY: 79.1   TOTAL FOR MONTH:   1.42    1 = FOG OR MIST
DPTR FM NORMAL:  -0.6   DPTR FM NORMAL:   -1.81    2 = FOG REDUCING VISIBILITY
HIGHEST:    98 ON 23,21 GRTST 24HR  0.91 ON 18-19      TO 1/4 MILE OR LESS
LOWEST:     60 ON 28                               3 = THUNDER
                        SNOW, ICE PELLETS, HAIL    4 = ICE PELLETS
                        TOTAL MONTH:   0.0 INCH    5 = HAIL
                        GRTST 24HR     0.0         6 = FREEZING RAIN OR DRIZZLE
                        GRTST DEPTH:   0           7 = DUSTSTORM OR SANDSTORM:
                                                       VSBY 1/2 MILE OR LESS
                                                   8 = SMOKE OR HAZE
[NO. OF DAYS WITH]      [WEATHER - DAYS WITH]      9 = BLOWING SNOW
                                                   X = TORNADO
MAX 32 OR BELOW:   0    0.01 INCH OR MORE:   7
MAX 90 OR ABOVE:  18    0.10 INCH OR MORE:   3
MIN 32 OR BELOW:   0    0.50 INCH OR MORE:   1
MIN  0 OR BELOW:   0    1.00 INCH OR MORE:   0

[HDD (BASE 65) ]
TOTAL THIS MO.     0    CLEAR  (SCALE 0-3)  20
DPTR FM NORMAL     0    PTCLDY (SCALE 4-7)   7
TOTAL FM JUL 1     0    CLOUDY (SCALE 8-10)  1
DPTR FM NORMAL     0

[CDD (BASE 65) ]
TOTAL THIS MO.   399
DPTR FM NORMAL   -13    [PRESSURE DATA]
TOTAL FM JAN 1  1536    HIGHEST SLP M ON M
DPTR FM NORMAL    22    LOWEST  SLP 29.80 ON 12

[REMARKS]
