000
CXUS52 KFFC 011110
CF6AHN
PRELIMINARY LOCAL CLIMATOLOGICAL DATA (WS FORM: F-6)

                                          STATION:   ATHENS
                                          MONTH:     JUNE
                                          YEAR:      2015
                                          LATITUDE:   33 57 N
                                          LONGITUDE:  83 19 W

  TEMPERATURE IN F:       :PCPN:    SNOW:  WIND      :SUNSHINE: SKY     :PK WND
================================================================================
1   2   3   4   5  6A  6B    7    8   9   10  11  12  13   14  15   16   17  18
                                     12Z  AVG MX 2MIN
DY MAX MIN AVG DEP HDD CDD  WTR  SNW DPTH SPD SPD DIR MIN PSBL S-S WX    SPD DR
================================================================================

 1  87  66  77   3   0  12 0.16  0.0    0  1.3 13 310   M    M   6 1      16 300
 2  87  65  76   1   0  11 0.14  0.0    0  2.9  9  10   M    M   6 138    14 170
 3  82  61  72  -3   0   7 0.45  0.0    0  6.1 14  80   M    M   6 138    21 240
 4  81  61  71  -4   0   6 0.00  0.0    0  4.3 13  80   M    M   6        17  70
 5  87  61  74  -1   0   9 0.00  0.0    0  1.8  8 300   M    M   3 18     14 330
 6  91  67  79   3   0  14 0.00  0.0    0  1.9  9  60   M    M   3 8      12  70
 7  91  66  79   3   0  14 0.00  0.0    0  3.9  9 120   M    M   1        14 180
 8  90  70  80   4   0  15    T  0.0    0  4.8 12 230   M    M   2 13     17 220
 9  89  68  79   3   0  14 0.81  0.0    0  4.1 31 340   M    M   4 13     47 340
10  83  68  76  -1   0  11 0.00  0.0    0  1.9  7 210   M    M   6 1      12 210
11  88  67  78   1   0  13 0.01  0.0    0  2.1 12 320   M    M   5 1      16 300
12  89  69  79   2   0  14 0.01  0.0    0  4.6 12 220   M    M   4        19 220
13  93  67  80   3   0  15 0.00  0.0    0  3.2  8 340   M    M   0        13 260
14  96  70  83   5   0  18 0.00  0.0    0  3.0  9 290   M    M   0        13 290
15  98  71  85   7   0  20 0.00  0.0    0  2.2 10 240   M    M   1        15 230
16  98  72  85   7   0  20 0.00  0.0    0  3.0 10 300   0    0   0        17 330
17  99  74  87   9   0  22 0.00  0.0    0  2.8  9 180   M    M   0 8      13 190
18  98  71  85   7   0  20 0.07  0.0    0  2.5 15 270   M    M   2 138    28 280
19  96  69  83   5   0  18 0.00  0.0    0  2.7 10 220   M    M   1 1      16 230
20  93  73  83   4   0  18 0.04  0.0    0  4.8 20 230   M    M   2 1      37 230
21  96  72  84   5   0  19 0.00  0.0    0  4.6 12 270   M    M   1 13     19 290
22 100  73  87   8   0  22 0.00  0.0    0  3.4 12 300   M    M   1 8      15 330
23  98  73  86   7   0  21 0.00  0.0    0  5.6 15 300   M    M   0 8      20 300
24  99  74  87   8   0  22    T  0.0    0  2.7 16 300   M    M   2        23 350
25  99  71  85   6   0  20 0.00  0.0    0  4.0 12 310   M    M   0        18 330
26  99  75  87   7   0  22 0.00  0.0    0  4.0 12 200   M    M   2        20 210
27  91  72  82   2   0  17 0.57  0.0    0  4.3 18 300   M    M   5 13     29 290
28  87  66  77  -3   0  12 0.00  0.0    0  5.7 12 300   M    M   1 1      18 310
29  90  60  75  -5   0  10 0.00  0.0    0  3.6 13 300   M    M   2        17 300
30  91  67  79  -1   0  14 0.50  0.0    0  4.2 20 330   M    M   1 1      29 280
================================================================================
SM 2766 2059         0 470  2.76     0.0 106.0            0     73
================================================================================
AV 92.2 68.6                               3.5 FASTST    0   0   2    MAX(MPH)
                                 MISC ---->  # 31 340               # 47  340
================================================================================
NOTES:
# LAST OF SEVERAL OCCURRENCES

COLUMN 17 PEAK WIND IN M.P.H.

PRELIMINARY LOCAL CLIMATOLOGICAL DATA (WS FORM: F-6) , PAGE 2

                                          STATION:  ATHENS
                                          MONTH:    JUNE
                                          YEAR:     2015
                                          LATITUDE:   33 57 N
                                          LONGITUDE:  83 19 W

[TEMPERATURE DATA]      [PRECIPITATION DATA]       SYMBOLS USED IN COLUMN 16

AVERAGE MONTHLY: 80.4   TOTAL FOR MONTH:   2.76    1 = FOG OR MIST
DPTR FM NORMAL:   2.9   DPTR FM NORMAL:   -1.42    2 = FOG REDUCING VISIBILITY
HIGHEST:   100 ON 22    GRTST 24HR  0.81 ON  9- 9      TO 1/4 MILE OR LESS
LOWEST:     60 ON 29                               3 = THUNDER
                        SNOW, ICE PELLETS, HAIL    4 = ICE PELLETS
                        TOTAL MONTH:   0.0 INCH    5 = HAIL
                        GRTST 24HR     0.0         6 = FREEZING RAIN OR DRIZZLE
                        GRTST DEPTH:   0           7 = DUSTSTORM OR SANDSTORM:
                                                       VSBY 1/2 MILE OR LESS
                                                   8 = SMOKE OR HAZE
[NO. OF DAYS WITH]      [WEATHER - DAYS WITH]      9 = BLOWING SNOW
                                                   X = TORNADO
MAX 32 OR BELOW:   0    0.01 INCH OR MORE:  10
MAX 90 OR ABOVE:  20    0.10 INCH OR MORE:   6
MIN 32 OR BELOW:   0    0.50 INCH OR MORE:   3
MIN  0 OR BELOW:   0    1.00 INCH OR MORE:   0

[HDD (BASE 65) ]
TOTAL THIS MO.     0    CLEAR  (SCALE 0-3)  21
DPTR FM NORMAL    -1    PTCLDY (SCALE 4-7)   9
TOTAL FM JUL 1  2828    CLOUDY (SCALE 8-10)  0
DPTR FM NORMAL    57

[CDD (BASE 65) ]
TOTAL THIS MO.   470
DPTR FM NORMAL    92    [PRESSURE DATA]
TOTAL FM JAN 1   795    HIGHEST SLP 30.18 ON 13
DPTR FM NORMAL   177    LOWEST  SLP 29.81 ON 27

[REMARKS]
#FINAL-06-15#
