000
CXUS52 KFFC 181110
CF6AHN
PRELIMINARY LOCAL CLIMATOLOGICAL DATA (WS FORM: F-6)

                                          STATION:   ATHENS
                                          MONTH:     SEPTEMBER
                                          YEAR:      2014
                                          LATITUDE:   33 57 N
                                          LONGITUDE:  83 19 W

  TEMPERATURE IN F:       :PCPN:    SNOW:  WIND      :SUNSHINE: SKY     :PK WND
================================================================================
1   2   3   4   5  6A  6B    7    8   9   10  11  12  13   14  15   16   17  18
                                     12Z  AVG MX 2MIN
DY MAX MIN AVG DEP HDD CDD  WTR  SNW DPTH SPD SPD DIR MIN PSBL S-S WX    SPD DR
================================================================================

 1  96  71  84   6   0  19    T  0.0    0  1.2 10 320   M    M   1        14 310
 2  97  70  84   7   0  19 0.00  0.0    0  2.8 10 310   M    M   0 3      15 330
 3  96  71  84   7   0  19 0.03  0.0    0  2.3 14 300   M    M   2 3      20 310
 4  84  72  78   1   0  13 1.83  0.0    0  1.9 20  90   M    M   5 3      24  80
 5  92  71  82   5   0  17 0.00  0.0    0  1.9  8 120   M    M   2        13  70
 6  93  71  82   6   0  17 0.00  0.0    0  2.1  8 170   M    M   3 123    12 170
 7  91  72  82   6   0  17 0.10  0.0    0  3.7 13  70   M    M   2        16  50
 8  80  71  76   0   0  11 0.01  0.0    0  6.1 13  80   M    M   9        16  70
 9  82  66  74  -2   0   9 0.00  0.0    0  3.0  8  70   M    M   7        10  80
10  87  69  78   3   0  13 0.00  0.0    0  2.7  7 120   M    M   6        12 110
11  93  68  81   6   0  16 0.00  0.0    0  1.8 10 230   M    M   4        15 240
12  93  73  83   8   0  18 1.44  0.0    0  2.6 14 110   M    M   2 3      18 110
13  89  70  80   6   0  15 1.16  0.0    0  1.4 12 320   M    M   4        16 310
14  74  66  70  -4   0   5    T  0.0    0  7.0 14  60   M    M  10        18  60
15  76  65  71  -3   0   6    T  0.0    0  1.2  7  80   M    M  10         9  40
16  90  70  80   7   0  15 0.06  0.0    0  2.6  9 280   M    M   3        15 270
17  87  68  78   5   0  13 0.00  0.0    0  3.5  8  90   M    M   2        10  70
================================================================================
SM 1500 1184         0 242  4.63     0.0  47.8          M       72
================================================================================
AV 88.2 69.6                               2.8 FASTST   M    M   4    MAX(MPH)
                                 MISC ---->  # 20  90               # 24   80
================================================================================
NOTES:
# LAST OF SEVERAL OCCURRENCES

COLUMN 17 PEAK WIND IN M.P.H.

PRELIMINARY LOCAL CLIMATOLOGICAL DATA (WS FORM: F-6) , PAGE 2

                                          STATION:  ATHENS
                                          MONTH:    SEPTEMBER
                                          YEAR:     2014
                                          LATITUDE:   33 57 N
                                          LONGITUDE:  83 19 W

[TEMPERATURE DATA]      [PRECIPITATION DATA]       SYMBOLS USED IN COLUMN 16

AVERAGE MONTHLY: 78.9   TOTAL FOR MONTH:   4.63    1 = FOG OR MIST
DPTR FM NORMAL:   3.5   DPTR FM NORMAL:    2.58    2 = FOG REDUCING VISIBILITY
HIGHEST:    97 ON  2    GRTST 24HR  1.85 ON  3- 4      TO 1/4 MILE OR LESS
LOWEST:     65 ON 15                               3 = THUNDER
                        SNOW, ICE PELLETS, HAIL    4 = ICE PELLETS
                        TOTAL MONTH:   0.0 INCH    5 = HAIL
                        GRTST 24HR     0.0         6 = FREEZING RAIN OR DRIZZLE
                        GRTST DEPTH:   0           7 = DUSTSTORM OR SANDSTORM:
                                                       VSBY 1/2 MILE OR LESS
                                                   8 = SMOKE OR HAZE
[NO. OF DAYS WITH]      [WEATHER - DAYS WITH]      9 = BLOWING SNOW
                                                   X = TORNADO
MAX 32 OR BELOW:   0    0.01 INCH OR MORE:   7
MAX 90 OR ABOVE:   9    0.10 INCH OR MORE:   4
MIN 32 OR BELOW:   0    0.50 INCH OR MORE:   3
MIN  0 OR BELOW:   0    1.00 INCH OR MORE:   3

[HDD (BASE 65) ]
TOTAL THIS MO.     0    CLEAR  (SCALE 0-3)   9
DPTR FM NORMAL     0    PTCLDY (SCALE 4-7)   5
TOTAL FM JUL 1     0    CLOUDY (SCALE 8-10)  3
DPTR FM NORMAL     0

[CDD (BASE 65) ]
TOTAL THIS MO.   242
DPTR FM NORMAL    63    [PRESSURE DATA]
TOTAL FM JAN 1  1827    HIGHEST SLP M ON M
DPTR FM NORMAL    93    LOWEST  SLP 29.85 ON 17

[REMARKS]
