000
CXUS55 KCYS 271000
CF6AIA
PRELIMINARY LOCAL CLIMATOLOGICAL DATA (WS FORM: F-6)

                                          STATION:   ALLIANCE NEBRASKA AIRPORT
                                          MONTH:     JUNE
                                          YEAR:      2017
                                          LATITUDE:   42  2 N
                                          LONGITUDE: 102 48 W

  TEMPERATURE IN F:       :PCPN:    SNOW:  WIND      :SUNSHINE: SKY     :PK WND
================================================================================
1   2   3   4   5  6A  6B    7    8   9   10  11  12  13   14  15   16   17  18
                                     12Z  AVG MX 2MIN
DY MAX MIN AVG DEP HDD CDD  WTR  SNW DPTH SPD SPD DIR MIN PSBL S-S WX    SPD DR
================================================================================

 1  82  42  62   2   3   0 0.00    M    M 11.8 22 160   M    M   0        30 150
 2  83  49  66   5   0   1 0.07    M    M  8.6 25 300   M    M   2 3      33 300
 3  78  45  62   1   3   0 0.00    M    M  6.6 18  60   M    M   0 8      28  60
 4  81  40  61   0   4   0 0.00    M    M  5.0 13 140   M    M   0        19 130
 5  86  48  67   5   0   2 0.00    M    M  8.8 16 160   M    M   0 1      23 170
 6  75  52  64   2   1   0 0.00    M    M 10.4 18  20   M    M   2        24  10
 7  81  46  64   2   1   0 0.00    M    M  7.2 21 160   M    M   3 12     25 160
 8  85  50  68   6   0   3 0.00    M    M  6.8 15 170   M    M   0 1      19 170
 9  93  58  76  13   0  11 0.00    M    M 12.9 26 270   M    M   0        32 260
10  84  54  69   6   0   4 0.00    M    M 10.2 20 140   M    M   0        25 350
11  83  55  69   6   0   4 0.00    M    M 13.6 25 360   M    M   1        31 350
12  84  63  74  10   0   9 0.00    M    M 14.4 30 350   M    M   7 3      38 350
13  77  52  65   1   0   0    T    M    M 11.0 28 270   M    M   3        36 330
14  82  43  63  -1   2   0 0.00    M    M 12.3 28 270   M    M   0        36 270
15  84  42  63  -2   2   0 0.00    M    M  5.6 17 320   M    M   0        24 330
16  90  49  70   5   0   5 0.00    M    M 10.4 23 350   M    M   1        29 310
17  72  40  56  -9   9   0    T    M    M 10.7 24 330   M    M   5        30 330
18  81  38  60  -6   5   0 0.00    M    M  7.5 17  30   M    M   2        23 230
19  82  47  65  -1   0   0 0.00    M    M  5.3 14 340   M    M   5        22 280
20  93  46  70   4   0   5 0.00    M    M  4.8 12 220   M    M   0        14 250
21  94  55  75   8   0  10 0.00    M    M  7.0 20 350   M    M   0        25  10
22  79  55  67   0   0   2 0.01    M    M 12.2 24 350   M    M   2        30  10
23  73  44  59  -8   6   0 0.01    M    M 12.6 24 340   M    M   3        31 330
24  76  48  62  -6   3   0 0.00    M    M  6.3 17  40   M    M   5        22  50
25  80  52  66  -2   0   1    T    M    M  8.1 16 160   M    M   5        24 260
26  82  46  64  -4   1   0 0.00    M    M  9.5 20 160   M    M   0 12     25 160
================================================================================
SM 2140 1259        40  57  0.09    M    239.6          M       46
================================================================================
AV 82.3 48.4                               9.2 FASTST   M    M   2    MAX(MPH)
                                 MISC ---->  # 30 350               # 38  350
================================================================================
NOTES:
# LAST OF SEVERAL OCCURRENCES

COLUMN 17 PEAK WIND IN M.P.H.

PRELIMINARY LOCAL CLIMATOLOGICAL DATA (WS FORM: F-6) , PAGE 2

                                          STATION:  ALLIANCE NEBRASKA AIRPORT
                                          MONTH:    JUNE
                                          YEAR:     2017
                                          LATITUDE:   42  2 N
                                          LONGITUDE: 102 48 W

[TEMPERATURE DATA]      [PRECIPITATION DATA]       SYMBOLS USED IN COLUMN 16

AVERAGE MONTHLY: 65.4   TOTAL FOR MONTH:   0.09    1 = FOG OR MIST
DPTR FM NORMAL:   1.1   DPTR FM NORMAL:   -2.48    2 = FOG REDUCING VISIBILITY
HIGHEST:    94 ON 21    GRTST 24HR  0.07 ON  2- 2      TO 1/4 MILE OR LESS
LOWEST:     38 ON 18                               3 = THUNDER
                        SNOW, ICE PELLETS, HAIL    4 = ICE PELLETS
                        TOTAL MONTH:    M          5 = HAIL
                        GRTST 24HR    M  ON   M    6 = FREEZING RAIN OR DRIZZLE
                        GRTST DEPTH:  M  ON   M    7 = DUSTSTORM OR SANDSTORM:
                                                       VSBY 1/2 MILE OR LESS
                                                   8 = SMOKE OR HAZE
[NO. OF DAYS WITH]      [WEATHER - DAYS WITH]      9 = BLOWING SNOW
                                                   X = TORNADO
MAX 32 OR BELOW:   0    0.01 INCH OR MORE:   3
MAX 90 OR ABOVE:   4    0.10 INCH OR MORE:   0
MIN 32 OR BELOW:   0    0.50 INCH OR MORE:   0
MIN  0 OR BELOW:   0    1.00 INCH OR MORE:   0

[HDD (BASE 65) ]
TOTAL THIS MO.    40    CLEAR  (SCALE 0-3)  21
DPTR FM NORMAL   -50    PTCLDY (SCALE 4-7)   5
TOTAL FM JUL 1  6677    CLOUDY (SCALE 8-10)  0
DPTR FM NORMAL  -628

[CDD (BASE 65) ]
TOTAL THIS MO.    57
DPTR FM NORMAL   -10    [PRESSURE DATA]
TOTAL FM JAN 1    58    HIGHEST SLP  0.00 ON 11
DPTR FM NORMAL   -19    LOWEST  SLP 29.41 ON 10

[REMARKS]
