000
CXUS55 KCYS 261000
CF6AIA
PRELIMINARY LOCAL CLIMATOLOGICAL DATA (WS FORM: F-6)

                                          STATION:   ALLIANCE NEBRASKA AIRPORT
                                          MONTH:     MAY
                                          YEAR:      2016
                                          LATITUDE:   42  2 N
                                          LONGITUDE: 102 48 W

  TEMPERATURE IN F:       :PCPN:    SNOW:  WIND      :SUNSHINE: SKY     :PK WND
================================================================================
1   2   3   4   5  6A  6B    7    8   9   10  11  12  13   14  15   16   17  18
                                     12Z  AVG MX 2MIN
DY MAX MIN AVG DEP HDD CDD  WTR  SNW DPTH SPD SPD DIR MIN PSBL S-S WX    SPD DR
================================================================================

 1  47  23  35 -15  30   0 0.01    M    M  8.2 16 360   M    M   5 1      22 360
 2  63  21  42  -8  23   0 0.01    M    M  8.7 21 310   M    M   3        26 270
 3  70  29  50   0  15   0 0.00    M    M 10.0 22  10   M    M   0        27  20
 4  74  34  54   4  11   0 0.00    M    M  5.9 12 130   M    M   0        12 140
 5  83  39  61  10   4   0 0.00    M    M  9.5 20 210   M    M   1        25 220
 6  82  45  64  13   1   0    T    M    M 14.2 30  30   M    M   1 3      35  30
 7  63  45  54   2  11   0 0.85    M    M 20.7 40  70   M    M   4 138    49  70
 8  65  42  54   2  11   0    T    M    M  5.7 22 290   M    M   6 3      27 300
 9  68  41  55   3  10   0 0.00    M    M  5.9 17 240   M    M   5        22 250
10  62  35  49  -4  16   0 0.02    M    M  9.8 31 300   M    M   3        39 290
11  58  28  43 -10  22   0 0.00    M    M 14.2 30 310   M    M   2        37 290
12  68  27  48  -5  17   0 0.00    M    M  8.4 18 270   M    M   1        25 290
13  51  36  44 -10  21   0 0.00    M    M 14.5 31  20   M    M   6        39  10
14  53  23  38 -16  27   0 0.00    M    M  3.3 15  30   M    M   5        18  30
15  50  40  45  -9  20   0 0.06    M    M 12.8 23 150   M    M  10 1      28 160
16  47  26  37 -18  28   0 0.02    M    M  8.8 16  90   M    M   8 12     19  90
17  62  23  43 -12  22   0 0.00    M    M  4.7 12  90   M    M   6 12     16 140
18  66  31  49  -7  16   0 0.00    M    M 13.1 25 170   M    M   2 1      31 160
19  74  43  59   3   6   0 0.00    M    M 18.5 30 170   M    M   0        38 160
20  75  47  61   5   4   0 0.00    M    M 20.4 28 160   M    M   3        35 150
21  62  54  58   1   7   0 0.02    M    M 22.1 36 150   M    M  10 1      45 150
22  79  49  64   7   1   0    T    M    M 12.3 38 300   M    M   3 38     52 290
23  74  36  55  -2  10   0 0.06    M    M 10.9 32 270   M    M   3        38 270
24  77  34  56  -2   9   0 0.09    M    M 12.2 44 240   M    M   2 3      54 240
25  73  44  59   1   6   0 0.01    M    M 11.0 25 270   M    M   3 1      33 260
================================================================================
SM 1646  895       348   0  1.15    M    285.8          M       92
================================================================================
AV 65.8 35.8                              11.4 FASTST   M    M   4    MAX(MPH)
                                 MISC ---->  # 44 240               # 54  240
================================================================================
NOTES:
# LAST OF SEVERAL OCCURRENCES

COLUMN 17 PEAK WIND IN M.P.H.

PRELIMINARY LOCAL CLIMATOLOGICAL DATA (WS FORM: F-6) , PAGE 2

                                          STATION:  ALLIANCE NEBRASKA AIRPORT
                                          MONTH:    MAY
                                          YEAR:     2016
                                          LATITUDE:   42  2 N
                                          LONGITUDE: 102 48 W

[TEMPERATURE DATA]      [PRECIPITATION DATA]       SYMBOLS USED IN COLUMN 16

AVERAGE MONTHLY: 50.8   TOTAL FOR MONTH:   1.15    1 = FOG OR MIST
DPTR FM NORMAL:  -2.9   DPTR FM NORMAL:   -0.82    2 = FOG REDUCING VISIBILITY
HIGHEST:    83 ON  5    GRTST 24HR  1.01 ON 30- 1      TO 1/4 MILE OR LESS
LOWEST:     21 ON  2                               3 = THUNDER
                        SNOW, ICE PELLETS, HAIL    4 = ICE PELLETS
                        TOTAL MONTH:    M          5 = HAIL
                        GRTST 24HR    M  ON   M    6 = FREEZING RAIN OR DRIZZLE
                        GRTST DEPTH:  M  ON   M    7 = DUSTSTORM OR SANDSTORM:
                                                       VSBY 1/2 MILE OR LESS
                                                   8 = SMOKE OR HAZE
[NO. OF DAYS WITH]      [WEATHER - DAYS WITH]      9 = BLOWING SNOW
                                                   X = TORNADO
MAX 32 OR BELOW:   0    0.01 INCH OR MORE:  10
MAX 90 OR ABOVE:   0    0.10 INCH OR MORE:   1
MIN 32 OR BELOW:   9    0.50 INCH OR MORE:   1
MIN  0 OR BELOW:   0    1.00 INCH OR MORE:   0

[HDD (BASE 65) ]
TOTAL THIS MO.   348    CLEAR  (SCALE 0-3)  13
DPTR FM NORMAL    61    PTCLDY (SCALE 4-7)  10
TOTAL FM JUL 1  6804    CLOUDY (SCALE 8-10)  2
DPTR FM NORMAL  -372

[CDD (BASE 65) ]
TOTAL THIS MO.     0
DPTR FM NORMAL     0    [PRESSURE DATA]
TOTAL FM JAN 1     0    HIGHEST SLP  0.00 ON 22
DPTR FM NORMAL     0    LOWEST  SLP 29.46 ON  9

[REMARKS]
