000
CXUS55 KCYS 301000
CF6AIA
PRELIMINARY LOCAL CLIMATOLOGICAL DATA (WS FORM: F-6)

                                          STATION:   ALLIANCE NEBRASKA AIRPORT
                                          MONTH:     JUNE
                                          YEAR:      2015
                                          LATITUDE:   42  2 N
                                          LONGITUDE: 102 48 W

  TEMPERATURE IN F:       :PCPN:    SNOW:  WIND      :SUNSHINE: SKY     :PK WND
================================================================================
1   2   3   4   5  6A  6B    7    8   9   10  11  12  13   14  15   16   17  18
                                     12Z  AVG MX 2MIN
DY MAX MIN AVG DEP HDD CDD  WTR  SNW DPTH SPD SPD DIR MIN PSBL S-S WX    SPD DR
================================================================================

 1  82  55  69   9   0   4 0.37    M    M 12.9 24 160   M    M   3 123    31 300
 2  82  57  70   9   0   5 0.00    M    M  9.6 31 360   M    M   0        40 350
 3  76  52  64   3   1   0 0.00    M    M 10.2 20 120   M    M   4        23 110
 4  71  58  65   4   0   0 0.00    M    M 10.1 29 120   M    M   6        36 120
 5  76  60  68   6   0   3    T    M    M 14.6 30 150   M    M   7 1      39 150
 6  81  57  69   7   0   4 0.06    M    M  8.4 30  10   M    M   3 13     39 360
 7  75  52  64   2   1   0 0.37    M    M  9.0 18  10   M    M   4 13     23  10
 8  82  48  65   3   0   0 0.00    M    M  5.5 14 270   M    M   0        19 240
 9  92  51  72   9   0   7 0.00    M    M  4.6 10 280   M    M   0        15 260
10  74  55  65   2   0   0 0.01    M    M  8.8 22 130   M    M   7        29 110
11  62  57  60  -3   5   0 0.15    M    M  8.0 15  40   M    M  10 1      22  40
12  72  53  63  -1   2   0 0.00    M    M  7.6 15 170   M    M   5 1      19 180
13  83  49  66   2   0   1 0.00    M    M  8.7 15 150   M    M   2 12     21 110
14  80  61  71   7   0   6 0.00    M    M 11.2 20  50   M    M   3 1      24  70
15  74  58  66   1   0   1 0.62    M    M  9.7 20 140   M    M   5 13     26 140
16  79  59  69   4   0   4 0.46    M    M 12.7 24 160   M    M   6 13     35 160
17  79  59  69   4   0   4 0.00    M    M  6.9 21 170   M    M   2        25 160
18  78  56  67   1   0   2 0.28    M    M 11.0 30  20   M    M   3 13     40  20
19  89  61  75   9   0  10 0.00    M    M 14.2 26 160   M    M   4 1      33 160
20  82  59  71   5   0   6 0.00    M    M 10.8 25  10   M    M   0        35  10
21  85  59  72   5   0   7 0.00    M    M 16.1 28 130   M    M   2        34 120
22  78  57  68   1   0   3 0.00    M    M 11.8 38 360   M    M   0        46 360
23  80  54  67   0   0   2 0.00    M    M 12.8 21 160   M    M   1        28 150
24  83  54  69   1   0   4 0.00    M    M  8.1 29 140   M    M   1        33 130
25  77  57  67  -1   0   2 0.40    M    M 10.4 35  10   M    M   4 13     46  10
26  78  56  67  -1   0   2 0.00    M    M  6.9 15  10   M    M   1        20 350
27  86  52  69   1   0   4 0.00    M    M  4.1 14  20   M    M   0        21 350
28  89  50  70   1   0   5 0.00    M    M  4.0 15  40   M    M   0        19  30
29  89  58  74   5   0   9    T    M    M  5.8 21  10   M    M   1 3      29 360
================================================================================
SM 2314 1614         9  95  2.72    M    274.5          M       84
================================================================================
AV 79.8 55.7                               9.5 FASTST   M    M   3    MAX(MPH)
                                 MISC ---->  # 38 360               # 46  360
================================================================================
NOTES:
# LAST OF SEVERAL OCCURRENCES

COLUMN 17 PEAK WIND IN M.P.H.

PRELIMINARY LOCAL CLIMATOLOGICAL DATA (WS FORM: F-6) , PAGE 2

                                          STATION:  ALLIANCE NEBRASKA AIRPORT
                                          MONTH:    JUNE
                                          YEAR:     2015
                                          LATITUDE:   42  2 N
                                          LONGITUDE: 102 48 W

[TEMPERATURE DATA]      [PRECIPITATION DATA]       SYMBOLS USED IN COLUMN 16

AVERAGE MONTHLY: 67.7   TOTAL FOR MONTH:   2.72    1 = FOG OR MIST
DPTR FM NORMAL:   3.0   DPTR FM NORMAL:   -0.09    2 = FOG REDUCING VISIBILITY
HIGHEST:    92 ON  9    GRTST 24HR  0.62 ON 15-15      TO 1/4 MILE OR LESS
LOWEST:     48 ON  8                               3 = THUNDER
                        SNOW, ICE PELLETS, HAIL    4 = ICE PELLETS
                        TOTAL MONTH:    M          5 = HAIL
                        GRTST 24HR    M  ON   M    6 = FREEZING RAIN OR DRIZZLE
                        GRTST DEPTH:  M  ON   M    7 = DUSTSTORM OR SANDSTORM:
                                                       VSBY 1/2 MILE OR LESS
                                                   8 = SMOKE OR HAZE
[NO. OF DAYS WITH]      [WEATHER - DAYS WITH]      9 = BLOWING SNOW
                                                   X = TORNADO
MAX 32 OR BELOW:   0    0.01 INCH OR MORE:   9
MAX 90 OR ABOVE:   1    0.10 INCH OR MORE:   7
MIN 32 OR BELOW:   0    0.50 INCH OR MORE:   1
MIN  0 OR BELOW:   0    1.00 INCH OR MORE:   0

[HDD (BASE 65) ]
TOTAL THIS MO.     9    CLEAR  (SCALE 0-3)  17
DPTR FM NORMAL   -84    PTCLDY (SCALE 4-7)  11
TOTAL FM JUL 1  6908    CLOUDY (SCALE 8-10)  1
DPTR FM NORMAL  -400

[CDD (BASE 65) ]
TOTAL THIS MO.    95
DPTR FM NORMAL    13    [PRESSURE DATA]
TOTAL FM JAN 1    95    HIGHEST SLP  0.00 ON 16
DPTR FM NORMAL     3    LOWEST  SLP  0.00 ON 16

[REMARKS]
