000
CXAK56 PAJK 221146
CF6AJN
PRELIMINARY LOCAL CLIMATOLOGICAL DATA (WS FORM: F-6)

                                          STATION:   JUNEAU
                                          MONTH:     MARCH
                                          YEAR:      2017
                                          LATITUDE:   58 22 N
                                          LONGITUDE: 134 35 W

  TEMPERATURE IN F:       :PCPN:    SNOW:  WIND      :SUNSHINE: SKY     :PK WND
================================================================================
1   2   3   4   5  6A  6B    7    8   9   10  11  12  13   14  15   16   17  18
                                     12Z  AVG MX 2MIN
DY MAX MIN AVG DEP HDD CDD  WTR  SNW DPTH SPD SPD DIR MIN PSBL S-S WX    SPD DR
================================================================================

 1  33  28  31   0  34   0 0.08  2.1    2 12.4 23 130   M    M  10 1      27 110
 2  29  22  26  -6  39   0 0.18  3.7    3  7.1 20 140   M    M  10 1      25 130
 3  24  14  19 -13  46   0    T  0.4    6 10.5 25  90   M    M   5 1      33  70
 4  21   8  15 -17  50   0 0.00  0.0    4 12.6 24  60   M    M   1        37  60
 5  20   5  13 -19  52   0 0.00  0.0    4  9.7 24  80   M    M   2        35  80
 6  16  12  14 -18  51   0 0.00  0.0    4 17.0 29  90   M    M   3        37 100
 7  19  10  15 -17  50   0 0.00  0.0    3 17.1 29  90   M    M   5        37  90
 8  20  15  18 -14  47   0 0.00  0.0    3 16.2 23 100   M    M   7        30  90
 9  22  15  19 -13  46   0 0.00  0.0    3 17.0 30 100   M    M   2        39  70
10  21  16  19 -14  46   0 0.00  0.0    2 18.1 29  90   M    M   1        37 100
11  24  12  18 -15  47   0 0.00  0.0    2 16.6 30  90   M    M   1        43  80
12  22  11  17 -16  48   0 0.55  7.5    2  4.5  9 250   M    M   9 1      10 280
13  29  22  26  -7  39   0 0.48  6.1   12  1.1  7 300   M    M  10 12      8 270
14  30  24  27  -6  38   0 0.39  7.2   15  2.0  8 250   M    M  10 1       9 250
15  36  27  32  -1  33   0 0.11  1.5   20 11.1 26 130   M    M  10 18     31 130
16  36  30  33  -1  32   0 0.19  1.2   15  6.9 18 120   M    M  10 18     24 120
17  37  21  29  -5  36   0 0.00  0.0   12  2.3 16 130   M    M   8 12     19 130
18  31  15  23 -11  42   0    T    T   12  1.4  8 210   M    M   7 128    10 280
19  37  21  29  -5  36   0 0.04  0.6   12 10.4 23 120   M    M  10 1      29 120
20  38  28  33  -1  32   0 0.11    T   12 11.8 23 120   M    M   9 1      29 110
21  42  24  33  -2  32   0 0.00  0.0    8  1.9  8 240   M    M   8 1      11 230
================================================================================
SM  587  380       876   0  2.13    30.3 207.7          M      138
================================================================================
AV 28.0 18.1                               9.9 FASTST   M    M   7    MAX(MPH)
                                 MISC ---->  # 30 100               # 43   80
================================================================================
NOTES:
# LAST OF SEVERAL OCCURRENCES

COLUMN 17 PEAK WIND IN M.P.H.

PRELIMINARY LOCAL CLIMATOLOGICAL DATA (WS FORM: F-6) , PAGE 2

                                          STATION:  JUNEAU
                                          MONTH:    MARCH
                                          YEAR:     2017
                                          LATITUDE:   58 22 N
                                          LONGITUDE: 134 35 W

[TEMPERATURE DATA]      [PRECIPITATION DATA]       SYMBOLS USED IN COLUMN 16

AVERAGE MONTHLY: 23.0   TOTAL FOR MONTH:   2.13    1 = FOG OR MIST
DPTR FM NORMAL:  -9.8   DPTR FM NORMAL:   -0.55    2 = FOG REDUCING VISIBILITY
HIGHEST:    42 ON 21    GRTST 24HR  0.55 ON 12-12      TO 1/4 MILE OR LESS
LOWEST:      5 ON  5                               3 = THUNDER
                        SNOW, ICE PELLETS, HAIL    4 = ICE PELLETS
                        TOTAL MONTH:  30.3 INCHES  5 = HAIL
                        GRTST 24HR   7.5 ON 12-12  6 = FREEZING RAIN OR DRIZZLE
                        GRTST DEPTH:  20 ON 15     7 = DUSTSTORM OR SANDSTORM:
                                                       VSBY 1/2 MILE OR LESS
                                                   8 = SMOKE OR HAZE
[NO. OF DAYS WITH]      [WEATHER - DAYS WITH]      9 = BLOWING SNOW
                                                   X = TORNADO
MAX 32 OR BELOW:  14    0.01 INCH OR MORE:   9
MAX 90 OR ABOVE:   0    0.10 INCH OR MORE:   7
MIN 32 OR BELOW:  21    0.50 INCH OR MORE:   1
MIN  0 OR BELOW:   0    1.00 INCH OR MORE:   0

[HDD (BASE 65) ]
TOTAL THIS MO.   876    CLEAR  (SCALE 0-3)   6
DPTR FM NORMAL   201    PTCLDY (SCALE 4-7)   5
TOTAL FM JUL 1  6493    CLOUDY (SCALE 8-10) 10
DPTR FM NORMAL   -13

[CDD (BASE 65) ]
TOTAL THIS MO.     0
DPTR FM NORMAL     0    [PRESSURE DATA]
TOTAL FM JAN 1     0    HIGHEST SLP M ON M
DPTR FM NORMAL     0    LOWEST  SLP 29.15 ON 12

[REMARKS]
