452
CXUS56 KSGX 291445
CF6AJO
PRELIMINARY LOCAL CLIMATOLOGICAL DATA (WS FORM: F-6)

                                          STATION:   CORONA AIRPORT CA
                                          MONTH:     APRIL
                                          YEAR:      2017
                                          LATITUDE:   33 53 N
                                          LONGITUDE: 117 36 W

  TEMPERATURE IN F:       :PCPN:    SNOW:  WIND      :SUNSHINE: SKY     :PK WND
================================================================================
1   2   3   4   5  6A  6B    7    8   9   10  11  12  13   14  15   16   17  18
                                     12Z  AVG MX 2MIN
DY MAX MIN AVG DEP HDD CDD  WTR  SNW DPTH SPD SPD DIR MIN PSBL S-S WX    SPD DR
================================================================================

 1  77  36  57   M   8   0 0.00  0.0    0  5.2 15 270   M    M   0        24 240
 2  80  39  60   M   5   0 0.00  0.0    0  5.3 17 280   M    M   0        22 280
 3  69  41  55   M  10   0    T    M    0  5.9 15 270   M    M   2 12     23 270
 4  80  49  65   M   0   0 0.00  0.0    0  5.7 14 280   M    M   4        20 260
 5  86  42  64   M   1   0 0.00  0.0    0  4.2 13 280   M    M   0 1      18 260
 6  82  44  63   M   2   0 0.00  0.0    0  5.9 14 280   M    M   0 128    23 270
 7  76  46  61   M   4   0 0.00  0.0    0  6.2 17 260   M    M   2 128    22 260
 8  70  41  56   M   9   0 0.08    M    0  5.8 14 260   M    M   5 1      21 260
 9  74  36  55   M  10   0 0.00  0.0    0  3.5 13 260   M    M   0        16 260
10  79  35  57   M   8   0 0.00  0.0    0  4.4 15 260   M    M   0        21 260
11  78  42  60   M   5   0 0.00  0.0    0  6.2 17 280   M    M   0        25 280
12  75  39  57   M   8   0 0.00  0.0    0  5.7 16 280   M    M   1        23 280
13  71  48  60   M   5   0 0.00  0.0    0  6.5 14 240   M    M   4        21 240
14  71  38  55   M  10   0 0.00  0.0    0  5.4 15 270   M    M   0 8      21 270
15  77  36  57   M   8   0 0.00  0.0    0  6.3 16 290   M    M   0        24 280
16  80  42  61   M   4   0 0.00  0.0    0  6.2 17 280   M    M   0        25 280
17  79  42  61   M   4   0 0.00  0.0    0  6.3 14 270   M    M   1        23 270
18  77  58  68   M   0   3 0.00  0.0    0  6.1 14 270   M    M   4        21 270
19  77  50  64   M   1   0 0.00  0.0    0  6.5 16 260   M    M   3        23 250
20  79  45  62   M   3   0 0.00  0.0    0  6.1 17 290   M    M   0        22 280
21  94  43  69   M   0   4 0.00  0.0    0  5.1 17  50   M    M   0        23  50
22  93  44  69   M   0   4 0.00  0.0    0  4.5 16 270   M    M   0        23 270
23  82  50  66   M   0   1 0.00  0.0    0  6.5 17 290   M    M   0        27 270
24  73  50  62   M   3   0 0.00  0.0    0  6.7 20 280   M    M   3        24 280
25  75  47  61   M   4   0 0.00  0.0    0  4.3 13 260   M    M   0        18 260
26  80  45  63   M   2   0 0.00  0.0    0  5.1 15 310   M    M   0        17 260
27  79  47  63   M   2   0 0.00  0.0    0  5.0 15 300   M    M   0        18 270
28  83  46  65   M   0   0 0.00  0.0    0  5.3 13 270   M    M   0 8      20 250
================================================================================
SM 2196 1221       116  12  0.08     0.0 155.9          M       29
================================================================================
AV 78.4 43.6                               5.6 FASTST   M    M   1    MAX(MPH)
                                 MISC ---->    20   M               # 27  270
================================================================================
NOTES:
# LAST OF SEVERAL OCCURRENCES

COLUMN 17 PEAK WIND IN M.P.H.

PRELIMINARY LOCAL CLIMATOLOGICAL DATA (WS FORM: F-6) , PAGE 2

                                          STATION:  CORONA AIRPORT CA
                                          MONTH:    APRIL
                                          YEAR:     2017
                                          LATITUDE:   33 53 N
                                          LONGITUDE: 117 36 W

[TEMPERATURE DATA]      [PRECIPITATION DATA]       SYMBOLS USED IN COLUMN 16

AVERAGE MONTHLY: 61.0   TOTAL FOR MONTH:   0.08    1 = FOG OR MIST
DPTR FM NORMAL:     M   DPTR FM NORMAL:       M    2 = FOG REDUCING VISIBILITY
HIGHEST:    94 ON 21    GRTST 24HR  0.08 ON  8- 8      TO 1/4 MILE OR LESS
LOWEST:     35 ON 10                               3 = THUNDER
                        SNOW, ICE PELLETS, HAIL    4 = ICE PELLETS
                        TOTAL MONTH:   0.0 INCH    5 = HAIL
                        GRTST 24HR     0.0         6 = FREEZING RAIN OR DRIZZLE
                        GRTST DEPTH:   0           7 = DUSTSTORM OR SANDSTORM:
                                                       VSBY 1/2 MILE OR LESS
                                                   8 = SMOKE OR HAZE
[NO. OF DAYS WITH]      [WEATHER - DAYS WITH]      9 = BLOWING SNOW
                                                   X = TORNADO
MAX 32 OR BELOW:   0    0.01 INCH OR MORE:   1
MAX 90 OR ABOVE:   2    0.10 INCH OR MORE:   0
MIN 32 OR BELOW:   0    0.50 INCH OR MORE:   0
MIN  0 OR BELOW:   0    1.00 INCH OR MORE:   0

[HDD (BASE 65) ]
TOTAL THIS MO.   116    CLEAR  (SCALE 0-3)  24
DPTR FM NORMAL     M    PTCLDY (SCALE 4-7)   4
TOTAL FM JUL 1  1492    CLOUDY (SCALE 8-10)  0
DPTR FM NORMAL     M

[CDD (BASE 65) ]
TOTAL THIS MO.    12
DPTR FM NORMAL     M    [PRESSURE DATA]
TOTAL FM JAN 1    20    HIGHEST SLP M ON M
DPTR FM NORMAL     M    LOWEST  SLP M ON M

[REMARKS]
