000
CXUS55 KALY 280710
CF6ALB
PRELIMINARY LOCAL CLIMATOLOGICAL DATA (WS FORM: F-6)

                                          STATION:   ALBANY NY
                                          MONTH:     JUNE
                                          YEAR:      2017
                                          LATITUDE:   42 45 N
                                          LONGITUDE:  73 48 W

  TEMPERATURE IN F:       :PCPN:    SNOW:  WIND      :SUNSHINE: SKY     :PK WND
================================================================================
1   2   3   4   5  6A  6B    7    8   9   10  11  12  13   14  15   16   17  18
                                     12Z  AVG MX 2MIN
DY MAX MIN AVG DEP HDD CDD  WTR  SNW DPTH SPD SPD DIR MIN PSBL S-S WX    SPD DR
================================================================================

 1  74  52  63   0   2   0 0.00  0.0    0  9.0 23 290   M    M   4 1      31 290
 2  67  44  56  -7   9   0 0.00  0.0    0  7.6 24 280   M    M   6        35 270
 3  72  45  59  -5   6   0    T  0.0    0  9.4 23 290   M    M   5        32 290
 4  65  45  55  -9  10   0 0.05  0.0    0  5.4 16 170   M    M   8 1      23 180
 5  66  55  61  -3   4   0 1.48  0.0    0  4.0 16 110   M    M  10 13     22 120
 6  56  50  53 -12  12   0 0.31  0.0    0  6.3 14  50   M    M  10 1      18  40
 7  75  49  62  -3   3   0    T  0.0    0  5.4 14  10   M    M   5        21  20
 8  80  49  65   0   0   0 0.00  0.0    0  4.4 13 180   M    M   5        17 140
 9  79  57  68   2   0   3 0.00  0.0    0  8.1 24 280   M    M   6        32 270
10  84  54  69   3   0   4 0.00  0.0    0  5.6 15 200   M    M   5        18 200
11  92  67  80  14   0  15 0.00  0.0    0  7.2 22 250   M    M   4        26 250
12  95  64  80  14   0  15 0.00  0.0    0  5.9 16 280   M    M   2        21 290
13  91  66  79  12   0  14 0.01  0.0    0  7.1 21 280   M    M   7        26 290
14  79  58  69   2   0   4 0.00  0.0    0  6.5 15  30   M    M   5        22  20
15  80  54  67   0   0   2 0.01  0.0    0  8.5 21 190   M    M   6        27 180
16  67  60  64  -4   1   0 0.66  0.0    0  6.2 20 180   M    M  10 1      29 180
17  81  64  73   5   0   8 0.00  0.0    0  7.9 18 170   M    M   8        26 160
18  88  72  80  12   0  15    T  0.0    0 13.4 23 180   M    M   9        33 160
19  83  68  76   8   0  11 1.12  0.0    0  7.0 23 300   M    M   6 138    33 310
20  80  64  72   3   0   7 0.10  0.0    0  7.6 24 300   M    M   7 1      30 290
21  78  60  69   0   0   4    T  0.0    0  8.6 18 280   M    M   4        25 270
22  81  53  67  -2   0   2 0.00  0.0    0  3.4 12 250   M    M   4        19 240
23  89  69  79  10   0  14 0.18  0.0    0 10.7 22 190   M    M   8 1      30 200
24  81  64  73   3   0   8 0.14  0.0    0 10.8 26 290   M    M   6 1      35 270
25  80  58  69  -1   0   4 0.06  0.0    0  7.2 30 290   M    M   5 3      37 290
26  74  53  64  -6   1   0 0.34  0.0    0  4.2 23 300   M    M   5 1358   30 300
27  71  53  62  -8   3   0 0.12  0.0    0  4.7 25 280   M    M   7 38     35 280
================================================================================
SM 2108 1547        51 130  4.58     0.0 192.1          M      167
================================================================================
AV 78.1 57.3                               7.1 FASTST   M    M   6    MAX(MPH)
                                 MISC ---->  # 30 290               # 37  290
================================================================================
NOTES:
# LAST OF SEVERAL OCCURRENCES

COLUMN 17 PEAK WIND IN M.P.H.

PRELIMINARY LOCAL CLIMATOLOGICAL DATA (WS FORM: F-6) , PAGE 2

                                          STATION:  ALBANY NY
                                          MONTH:    JUNE
                                          YEAR:     2017
                                          LATITUDE:   42 45 N
                                          LONGITUDE:  73 48 W

[TEMPERATURE DATA]      [PRECIPITATION DATA]       SYMBOLS USED IN COLUMN 16

AVERAGE MONTHLY: 67.7   TOTAL FOR MONTH:   4.58    1 = FOG OR MIST
DPTR FM NORMAL:   0.8   DPTR FM NORMAL:    1.15    2 = FOG REDUCING VISIBILITY
HIGHEST:    95 ON 12    GRTST 24HR  1.48 ON  5- 5      TO 1/4 MILE OR LESS
LOWEST:     44 ON  2                               3 = THUNDER
                        SNOW, ICE PELLETS, HAIL    4 = ICE PELLETS
                        TOTAL MONTH:   0.0 INCH    5 = HAIL
                        GRTST 24HR     0.0         6 = FREEZING RAIN OR DRIZZLE
                        GRTST DEPTH:   0           7 = DUSTSTORM OR SANDSTORM:
                                                       VSBY 1/2 MILE OR LESS
                                                   8 = SMOKE OR HAZE
[NO. OF DAYS WITH]      [WEATHER - DAYS WITH]      9 = BLOWING SNOW
                                                   X = TORNADO
MAX 32 OR BELOW:   0    0.01 INCH OR MORE:  13
MAX 90 OR ABOVE:   3    0.10 INCH OR MORE:   9
MIN 32 OR BELOW:   0    0.50 INCH OR MORE:   3
MIN  0 OR BELOW:   0    1.00 INCH OR MORE:   2

[HDD (BASE 65) ]
TOTAL THIS MO.    51    CLEAR  (SCALE 0-3)   1
DPTR FM NORMAL    -1    PTCLDY (SCALE 4-7)  21
TOTAL FM JUL 1  5868    CLOUDY (SCALE 8-10)  5
DPTR FM NORMAL  -812

[CDD (BASE 65) ]
TOTAL THIS MO.   130
DPTR FM NORMAL    31    [PRESSURE DATA]
TOTAL FM JAN 1   180    HIGHEST SLP M ON M
DPTR FM NORMAL    51    LOWEST  SLP 29.52 ON 24

[REMARKS]
