000
CXUS54 KCRP 271300
CF6ALI
PRELIMINARY LOCAL CLIMATOLOGICAL DATA (WS FORM: F-6)

                                          STATION:   ALICE
                                          MONTH:     MAY
                                          YEAR:      2015
                                          LATITUDE:   27 44 N
                                          LONGITUDE:  98  1 W

  TEMPERATURE IN F:       :PCPN:    SNOW:  WIND      :SUNSHINE: SKY     :PK WND
================================================================================
1   2   3   4   5  6A  6B    7    8   9   10  11  12  13   14  15   16   17  18
                                     12Z  AVG MX 2MIN
DY MAX MIN AVG DEP HDD CDD  WTR  SNW DPTH SPD SPD DIR MIN PSBL S-S WX    SPD DR
================================================================================

 1  86  54  70  -6   0   5 0.00  0.0    0  6.0 16 110   M    M   0        30 340
 2  87  55  71  -6   0   6 0.00  0.0    0  6.2 18 150   M    M   0       131  90
 3  89  60  75  -2   0  10 0.00  0.0    0 10.9 22 130   M    M   2 1      33 140
 4  87  71  79   2   0  14 0.00  0.0    0 13.1 24 130   M    M   8        32 110
 5  84  72  78   1   0  13    T  0.0    0 14.8 28 140   M    M   9 1      35 110
 6  89  75  82   4   0  17 0.00  0.0    0 13.8 22 130   M    M   8        30 120
 7  89  76  83   5   0  18    T  0.0    0 12.1 22 160   M    M  10 18     32 110
 8  91  78  85   7   0  20    T  0.0    0 14.4 23 140   M    M   9 18     37 110
 9  97  77  87   9   0  22 0.00  0.0    0 16.7 29 150   M    M   6 18     37 140
10  92  78  85   7   0  20 0.00  0.0    0 16.1 24 160   M    M   9 8      34 140
11  89  72  81   2   0  16    T  0.0    0 11.8 21 120   M    M  10 138    30 360
12  85  70  78  -1   0  13    T  0.0    0 10.4 30  70   M    M   8 13     37  60
13  82  71  77  -2   0  12 3.49  0.0    0 11.2 24 130   M    M   8 13     39 110
14  91  74  83   4   0  18 0.01  0.0    0  9.8 21 130   M    M   8 18     36 110
15  80  68  74  -6   0   9 1.57  0.0    0  7.5 35 300   M    M   7 138     M 100
16  92  70  81   1   0  16 0.00  0.0    0 13.8 25 150   M    M  10 18     77  60
17  89  77  83   3   0  18    T  0.0    0 11.6 22 140   M    M  10 18     40 100
18  92  77  85   5   0  20 0.00  0.0    0 10.4 21 120   M    M   8 18     40 110
19  92  76  84   4   0  19    T  0.0    0 12.5 24 140   M    M   6 18     38 110
20  91  76  84   4   0  19 0.00  0.0    0 10.6 21 130   M    M   8 18      M 140
21  86  74  80  -1   0  15 0.08  0.0    0  8.1 25 140   M    M   8 13     42 130
22  92  74  83   2   0  18 0.02  0.0    0  9.8 22 130   M    M   6 13     43 140
23  89  73  81   0   0  16 1.08  0.0    0 11.8 28 160   M    M   4 13     68  90
24  91  70  81   0   0  16 0.09  0.0    0 10.9 35 200   M    M   1 13     45  90
25  91  75  83   2   0  18 0.04  0.0    0 12.4 24 160   M    M   6 13     45 110
26  92  78  85   4   0  20 0.00  0.0    0 11.1 20 140   M    M   9 18     50 100
================================================================================
SM 2315 1871         0 408  6.38     0.0 297.8          M      178
================================================================================
AV 89.0 72.0                              11.5 FASTST   M    M   7    MAX(MPH)
                                 MISC ---->  # 35 300               #131   90
================================================================================
NOTES:
# LAST OF SEVERAL OCCURRENCES

COLUMN 17 PEAK WIND IN M.P.H.

PRELIMINARY LOCAL CLIMATOLOGICAL DATA (WS FORM: F-6) , PAGE 2

                                          STATION:  ALICE
                                          MONTH:    MAY
                                          YEAR:     2015
                                          LATITUDE:   27 44 N
                                          LONGITUDE:  98  1 W

[TEMPERATURE DATA]      [PRECIPITATION DATA]       SYMBOLS USED IN COLUMN 16

AVERAGE MONTHLY: 80.5   TOTAL FOR MONTH:   6.38    1 = FOG OR MIST
DPTR FM NORMAL:   1.4   DPTR FM NORMAL:    3.44    2 = FOG REDUCING VISIBILITY
HIGHEST:    97 ON  9    GRTST 24HR  3.49 ON 13-13      TO 1/4 MILE OR LESS
LOWEST:     54 ON  1                               3 = THUNDER
                        SNOW, ICE PELLETS, HAIL    4 = ICE PELLETS
                        TOTAL MONTH:   0.0 INCH    5 = HAIL
                        GRTST 24HR     0.0         6 = FREEZING RAIN OR DRIZZLE
                        GRTST DEPTH:   0           7 = DUSTSTORM OR SANDSTORM:
                                                       VSBY 1/2 MILE OR LESS
                                                   8 = SMOKE OR HAZE
[NO. OF DAYS WITH]      [WEATHER - DAYS WITH]      9 = BLOWING SNOW
                                                   X = TORNADO
MAX 32 OR BELOW:   0    0.01 INCH OR MORE:   8
MAX 90 OR ABOVE:  12    0.10 INCH OR MORE:   3
MIN 32 OR BELOW:   0    0.50 INCH OR MORE:   3
MIN  0 OR BELOW:   0    1.00 INCH OR MORE:   3

[HDD (BASE 65) ]
TOTAL THIS MO.     0    CLEAR  (SCALE 0-3)   4
DPTR FM NORMAL     0    PTCLDY (SCALE 4-7)  10
TOTAL FM JUL 1   994    CLOUDY (SCALE 8-10) 12
DPTR FM NORMAL    93

[CDD (BASE 65) ]
TOTAL THIS MO.   408
DPTR FM NORMAL    42    [PRESSURE DATA]
TOTAL FM JAN 1   870    HIGHEST SLP M ON M
DPTR FM NORMAL    44    LOWEST  SLP 29.62 ON  9

[REMARKS]
