000
CXUS53 KDMX 270920
CF6AMW
PRELIMINARY LOCAL CLIMATOLOGICAL DATA (WS FORM: F-6)

                                          STATION:   AMES IA
                                          MONTH:     FEBRUARY
                                          YEAR:      2015
                                          LATITUDE:   41 59 N
                                          LONGITUDE:  93 37 W

  TEMPERATURE IN F:       :PCPN:    SNOW:  WIND      :SUNSHINE: SKY     :PK WND
================================================================================
1   2   3   4   5  6A  6B    7    8   9   10  11  12  13   14  15   16   17  18
                                     12Z  AVG MX 2MIN
DY MAX MIN AVG DEP HDD CDD  WTR  SNW DPTH SPD SPD DIR MIN PSBL S-S WX    SPD DR
================================================================================

 1  32   6  19  -2  46   0 0.21    M    M 16.3 29 360   M    M   9 18     39 360
 2  13 -14   0 -21  65   0 0.00  0.0    M  7.9 17 340   M    M   3        20 330
 3  20  -4   8 -13  57   0 0.00  0.0    M  3.7 13 150   M    M   4 18     16 190
 4  17 -13   2 -20  63   0    M    M    M 13.6 26 340   M    M   5 18     32 340
 5  16 -22  -3 -25  68   0 0.00  0.0    M  6.7 18 200   M    M   0 1      23 200
 6  34   2  18  -4  47   0 0.00  0.0    M  5.0 13 160   M    M   1 128    15 170
 7  41  15  28   6  37   0 0.00  0.0    M  6.5 14 200   M    M   0 128    18 200
 8  38  32  35  13  30   0 0.01    M    M 11.0 18 340   M    M   6 18     23 340
 9  32  28  30   7  35   0 0.00  0.0    M  6.4 13  20   M    M  10 18     15 360
10  35  22  29   6  36   0 0.00  0.0    M 10.8 22 170   M    M   7 18     26 150
11  36   7  22  -1  43   0    T    M    M 21.2 38 340   M    M   7 1      46 330
12  13   1   7 -17  58   0 0.00  0.0    M 10.6 30 340   M    M   3 8      39 340
13  34  11  23  -1  42   0    T    M    M 10.6 20 350   M    M   4 8      24 360
14  26   3  15  -9  50   0    T    M    M 18.4 33 340   M    M   4        43 350
15  10   3   7 -17  58   0 0.00  0.0    M  9.2 14 140   M    M  10        19 120
16  26  10  18  -7  47   0 0.00  0.0    M  8.2 24 340   M    M  10        29 340
17  19   9  14 -11  51   0    T    M    M 12.1 23 300   M    M   7 8      29 310
18  10  -2   4 -22  61   0 0.00  0.0    M 16.6 29 340   M    M   2        36 350
19  11  -9   1 -25  64   0 0.00  0.0    M  6.9 15 140   M    M   2 8      17 140
20  34  11  23  -3  42   0 0.00  0.0    M 10.0 21 170   M    M   7        25 200
21  31  10  21  -6  44   0 0.00  0.0    M 13.2 23 340   M    M   8        29 340
22  11  -1   5 -22  60   0 0.00  0.0    M 16.5 24 340   M    M   2        33 310
23  17 -11   3 -24  62   0 0.00  0.0    M  9.2 18 220   M    M   0 8      24 210
24  39  12  26  -2  39   0 0.00  0.0    M 15.0 28 310   M    M   3        34 310
25  24   7  16 -12  49   0 0.02    M    M 12.2 24  10   M    M   9 128    29  10
26   8  -4   2 -27  63   0 0.00  0.0    M 15.0 23 330   M    M   2        29 340
================================================================================
SM  627  109      1317   0  0.24     0.0 292.8          M      125
================================================================================
AV 24.1  4.2                              11.3 FASTST   M    M   5    MAX(MPH)
                                 MISC ---->  # 38 340               # 46  330
================================================================================
NOTES:
# LAST OF SEVERAL OCCURRENCES

COLUMN 17 PEAK WIND IN M.P.H.

PRELIMINARY LOCAL CLIMATOLOGICAL DATA (WS FORM: F-6) , PAGE 2

                                          STATION:  AMES IA
                                          MONTH:    FEBRUARY
                                          YEAR:     2015
                                          LATITUDE:   41 59 N
                                          LONGITUDE:  93 37 W

[TEMPERATURE DATA]      [PRECIPITATION DATA]       SYMBOLS USED IN COLUMN 16

AVERAGE MONTHLY: 14.2   TOTAL FOR MONTH:   0.24    1 = FOG OR MIST
DPTR FM NORMAL: -10.2   DPTR FM NORMAL:   -0.65    2 = FOG REDUCING VISIBILITY
HIGHEST:    41 ON  7    GRTST 24HR  0.85 ON 31- 1      TO 1/4 MILE OR LESS
LOWEST:    -22 ON  5                               3 = THUNDER
                        SNOW, ICE PELLETS, HAIL    4 = ICE PELLETS
                        TOTAL MONTH:   0.0 INCH    5 = HAIL
                        GRTST 24HR     0.0         6 = FREEZING RAIN OR DRIZZLE
                        GRTST DEPTH:  M  ON   M    7 = DUSTSTORM OR SANDSTORM:
                                                       VSBY 1/2 MILE OR LESS
                                                   8 = SMOKE OR HAZE
[NO. OF DAYS WITH]      [WEATHER - DAYS WITH]      9 = BLOWING SNOW
                                                   X = TORNADO
MAX 32 OR BELOW:  18    0.01 INCH OR MORE:   3
MAX 90 OR ABOVE:   0    0.10 INCH OR MORE:   1
MIN 32 OR BELOW:  26    0.50 INCH OR MORE:   0
MIN  0 OR BELOW:   9    1.00 INCH OR MORE:   0

[HDD (BASE 65) ]
TOTAL THIS MO.  1317    CLEAR  (SCALE 0-3)  10
DPTR FM NORMAL   258    PTCLDY (SCALE 4-7)  11
TOTAL FM JUL 1  5361    CLOUDY (SCALE 8-10)  5
DPTR FM NORMAL   147

[CDD (BASE 65) ]
TOTAL THIS MO.     0
DPTR FM NORMAL     0    [PRESSURE DATA]
TOTAL FM JAN 1     0    HIGHEST SLP M ON M
DPTR FM NORMAL     0    LOWEST  SLP 29.58 ON  7

[REMARKS]
