563
CXAK56 PANT 300959
CF6ANN

PRELIMINARY LOCAL CLIMATOLOGICAL DATA (WS FORM: F-6)

                                          STATION:   ANNETTE
                                          MONTH:     07
                                          YEAR:      2016
                                          LATITUDE:   55 02 N
                                          LONGITUDE: 131 34 W

  TEMPERATURE IN F:       :PCPN:    SNOW:  WIND      :SUNSHINE: SKY     :PK WND
================================================================================
1   2   3   4   5  6A  6B    7     8   9   10  11  12  13   14  15   16  17  18
                                      12Z  AVG MX 2MIN
DY MAX MIN AVG DEP HDD CDD  WTR   SNW DPTH SPD SPD DIR MIN PSBL S-S WX   SPD DR
================================================================================

 1  62  55  59   2   6   0  0.74  0.0   0 12.8 21  130   M    M   M 18    32 150
 2  59  53  56  -1   9   0  0.89  0.0   0  7.2 20  130   M    M   M 1     26 120
 3  64  52  58   1   7   0     T  0.0   0  4.5  8  290   M    M   M 1     14 270
 4  70  49  60   3   5   0  0.00  0.0   0  3.4  8  210   M    M   M       13 220
 5  62  51  57   0   8   0  0.00  0.0   0  4.6 10  130   M    M   M       15 130
 6  63  54  59   1   6   0     T  0.0   0  0.0  8  130   M    M   M       10 130
 7  68  56  62   4   3   0     T  0.0   0  3.9  9  330   M    M   M       12 330
 8  67  55  61   3   4   0  0.05  0.0   0  5.1 12  130   M    M   M 1     15 160
 9  74  57  66   8   0   1  0.32  0.0   0  3.2  8  190   M    M   M 1     11 210
10  62  56  59   1   6   0  0.03  0.0   0  6.9 13  140   M    M   M 18    19 170
11  61  55  58   0   7   0  0.21  0.0   0  6.9 15  120   M    M   M 18    20 130
12  70  56  63   5   2   0     T  0.0   0  2.9  9  320   M    M   M       13 240
13  69  57  63   5   2   0  0.00  0.0   0  3.5  9  140   M    M   M       12 140
14  78  57  68   9   0   3  0.00  0.0   0  7.1 14  330   M    M   M       19 340
15  73  62  68   9   0   3  0.00  0.0   0  7.7 14  320   M    M   M       19 320
16  76  62  69  10   0   4  0.00  0.0   0  9.7 17  310   M    M   M       24 310
17  78  59  69  10   0   4  0.00  0.0   0  8.3 14  320   M    M   M       19 310
18  81  58  70  11   0   5  0.00  0.0   0  7.6 16  140   M    M   M 1     21 140
19  61  58  60   1   5   0  0.03  0.0   0  8.1 16  140   M    M   M 1     21 140
20  61  57  59   0   6   0  0.04  0.0   0  8.8 14  150   M    M   M 1     22 150
21  62  57  60   1   5   0  0.09  0.0   0  7.1 12  190   M    M   M 1     16 150
22  59  55  57  -2   8   0  0.17  0.0   0  6.9 16  150   M    M   M 1     25 150
23  59  56  58  -1   7   0  0.95  0.0   0  9.5 21  140   M    M   M 1     31 150
24  63  56  60   0   5   0  0.00  0.0   0  3.9 10  160   M    M   M       14 150
25  66  55  61   1   4   0  0.00  0.0   0  1.4  9  210   M    M   M       12 230
26  64  53  59  -1   6   0     T  0.0   0  5.4 12  130   M    M   M 1     16 130
27  66  59  63   3   2   0  0.01  0.0   0  3.9  9  130   M    M   M 1     11 200
28  67  55  61   1   4   0  0.23  0.0   0  5.8 10  140   M    M   M 1     14 230
29  71  54  63   3   2   0     T  0.0   0  5.6 13  310   M    M   M       17 300
================================================================================
SM 1936 1619       119  20  3.76 0.0    171.7           M        M
================================================================================
AV 66.8 55.8                              5.9 FASTST  PSBL  %   M    MAX(MPH)
                                 MISC ---->  #  21  140                 32 150
================================================================================
NOTES:
# LAST OF SEVERAL OCCURRENCES

COLUMN 17 PEAK WIND IN M.P.H.

PRELIMINARY LOCAL CLIMATOLOGICAL DATA (WS FORM: F-6) , PAGE 2

                                          STATION:   ANNETTE
                                          MONTH:     07
                                          YEAR:      2016
                                          LATITUDE:  55 02 N
                                          LONGITUDE: 131 34 W

[TEMPERATURE DATA]      [PRECIPITATION DATA]       SYMBOLS USED IN COLUMN 16

AVERAGE MONTHLY:61.3   TOTAL FOR MONTH: 3.76       1 = FOG
DPTR FM NORMAL:  2.7   DPTR FM NORMAL: -0.57       2 = FOG REDUCING VISIBILITY
HIGHEST:    81 ON 18    GRTST 24HR   0.95 ON 23        TO 1/4 MILE OR LESS
LOWEST:     49 ON  4                               3 = THUNDER
                        SNOW, ICE PELLETS, HAIL    4 = ICE PELLETS
                        TOTAL MONTH: 0.0         5 = HAIL
                        GRTST 24HR   0.0           6 = GLAZE OR RIME
                        GRTST DEPTH:    0          7 = BLOWING DUST OR SAND:
                                                       VSBY 1/2 MILE OR LESS
                                                   8 = SMOKE OR HAZE
[NO. OF DAYS WITH]      [WEATHER - DAYS WITH]      9 = BLOWING SNOW
                                                   X = TORNADO
MAX 32 OR BELOW:   0    0.01 INCH OR MORE:  13
MAX 70 OR ABOVE:   9    0.10 INCH OR MORE:   7
MIN 32 OR BELOW:   0    0.50 INCH OR MORE:   3
MIN  0 OR BELOW:   0    1.00 INCH OR MORE:   0

[HDD (BASE 65) ]
TOTAL THIS MO.   119    CLEAR  (SCALE 0-3)   M
DPTR FM NORMAL   -77    PTCLDY (SCALE 4-7)   M
SEASONAL TOTAL   119    CLOUDY (SCALE 8-10)  M
DPTR FM NORMAL   -77

[CDD (BASE 65) ]
TOTAL THIS MO.    20
DPTR FM NORMAL    20    [PRESSURE DATA]
SEASONAL TOTAL    22    HIGHEST SLP     M
DPTR FM NORMAL    22    LOWEST  SLP     M

[REMARKS]
