094
CXUS56 KMTR 291000
CF6APC
PRELIMINARY LOCAL CLIMATOLOGICAL DATA (WS FORM: F-6)

                                          STATION:   NAPA AIRPORT
                                          MONTH:     APRIL
                                          YEAR:      2016
                                          LATITUDE:   38 13 N
                                          LONGITUDE: 122 17 W

  TEMPERATURE IN F:       :PCPN:    SNOW:  WIND      :SUNSHINE: SKY     :PK WND
================================================================================
1   2   3   4   5  6A  6B    7    8   9   10  11  12  13   14  15   16   17  18
                                     12Z  AVG MX 2MIN
DY MAX MIN AVG DEP HDD CDD  WTR  SNW DPTH SPD SPD DIR MIN PSBL S-S WX    SPD DR
================================================================================

 1  65  39  52  -1  13   0 0.00  0.0    0  6.5 14 260   M    M   1 1      18 260
 2  69  48  59   6   6   0 0.00  0.0    0  5.6 13 200   M    M   5        15 210
 3  65  48  57   3   8   0 0.00  0.0    0  7.1 18 270   M    M   5 1      24 270
 4  71  41  56   2   9   0 0.00  0.0    0  5.4 15 210   M    M   0 12     17 210
 5  76  41  59   5   6   0 0.00  0.0    0  4.5 13 280   M    M   0        15 280
 6  86  42  64  10   1   0 0.00  0.0    0  5.0 16 120   M    M   0        20 110
 7  68  52  60   6   5   0 0.00  0.0    0  9.9 23 210   M    M   0        27 210
 8  66  53  60   6   5   0 0.04  0.0    0  9.2 20 200   M    M   7        24 200
 9  60  56  58   4   7   0 0.58  0.0    0  7.7 14 210   M    M   9 1      16 220
10  60  53  57   3   8   0 0.05  0.0    0  7.5 15 260   M    M  10        19 270
11  65  52  59   5   6   0 0.00  0.0    0  5.4 13 270   M    M   7        15 270
12  65  45  55   1  10   0 0.00  0.0    0  8.1 16 240   M    M   5 1      20 250
13  66  45  56   2   9   0    T    M    0 10.2 23 280   M    M   1        27 200
14  63  42  53  -2  12   0 0.02    M    0 12.4 26 270   M    M   1 1      33 280
15  74  36  55   0  10   0 0.00  0.0    0  5.9 20 340   M    M   0        26 330
16  78  43  61   6   4   0 0.00  0.0    0  4.6 14  10   M    M   0        18  20
17  81  44  63   8   2   0 0.00  0.0    0  5.5 16  90   M    M   0        21  90
18  83  43  63   8   2   0 0.00  0.0    0  4.2 13 240   M    M   0        15 240
19  76  45  61   6   4   0 0.00  0.0    0  3.9 14 250   M    M   0        20 270
20  71  41  56   1   9   0 0.00  0.0    0  6.1 18 200   M    M   1        23 200
21  68  52  60   5   5   0 0.00  0.0    0 10.0 23 210   M    M   6        29 210
22  61  50  56   0   9   0 0.25  0.0    0 14.8 29 270   M    M   5 1      36 260
23  67  41  54  -2  11   0 0.00  0.0    0  6.3 20 260   M    M   1 1      24 280
24  69  45  57   1   8   0 0.00  0.0    0 12.3 28 270   M    M   1        35 270
25  67  38  53  -3  12   0 0.00  0.0    0  9.5 25 270   M    M   0        30 270
26  68  36  52  -4  13   0 0.00    M    0  8.1 21 240   M    M   0        25 250
27  68  41  55  -1  10   0    T  0.0    0  9.7 25 290   M    M   3        32 290
28  74  39  57   1   8   0 0.00  0.0    0  8.3 22 230   M    M   0        25 220
================================================================================
SM 1950 1251       212   0  0.94     0.0 213.7          M       68
================================================================================
AV 69.6 44.7                               7.6 FASTST   M    M   2    MAX(MPH)
                                 MISC ---->  # 29 270               # 36  260
================================================================================
NOTES:
# LAST OF SEVERAL OCCURRENCES

COLUMN 17 PEAK WIND IN M.P.H.

PRELIMINARY LOCAL CLIMATOLOGICAL DATA (WS FORM: F-6) , PAGE 2

                                          STATION:  NAPA AIRPORT
                                          MONTH:    APRIL
                                          YEAR:     2016
                                          LATITUDE:   38 13 N
                                          LONGITUDE: 122 17 W

[TEMPERATURE DATA]      [PRECIPITATION DATA]       SYMBOLS USED IN COLUMN 16

AVERAGE MONTHLY: 57.2   TOTAL FOR MONTH:   0.94    1 = FOG OR MIST
DPTR FM NORMAL:   2.4   DPTR FM NORMAL:   -0.05    2 = FOG REDUCING VISIBILITY
HIGHEST:    86 ON  6    GRTST 24HR  0.61 ON  8- 9      TO 1/4 MILE OR LESS
LOWEST:     36 ON 26,15                            3 = THUNDER
                        SNOW, ICE PELLETS, HAIL    4 = ICE PELLETS
                        TOTAL MONTH:   0.0 INCH    5 = HAIL
                        GRTST 24HR     0.0         6 = FREEZING RAIN OR DRIZZLE
                        GRTST DEPTH:   0           7 = DUSTSTORM OR SANDSTORM:
                                                       VSBY 1/2 MILE OR LESS
                                                   8 = SMOKE OR HAZE
[NO. OF DAYS WITH]      [WEATHER - DAYS WITH]      9 = BLOWING SNOW
                                                   X = TORNADO
MAX 32 OR BELOW:   0    0.01 INCH OR MORE:   5
MAX 90 OR ABOVE:   0    0.10 INCH OR MORE:   2
MIN 32 OR BELOW:   0    0.50 INCH OR MORE:   1
MIN  0 OR BELOW:   0    1.00 INCH OR MORE:   0

[HDD (BASE 65) ]
TOTAL THIS MO.   212    CLEAR  (SCALE 0-3)  19
DPTR FM NORMAL   -79    PTCLDY (SCALE 4-7)   7
TOTAL FM JUL 1  2437    CLOUDY (SCALE 8-10)  2
DPTR FM NORMAL  -638

[CDD (BASE 65) ]
TOTAL THIS MO.     0
DPTR FM NORMAL     0    [PRESSURE DATA]
TOTAL FM JAN 1     0    HIGHEST SLP 30.03 ON 19
DPTR FM NORMAL    -1    LOWEST  SLP 29.81 ON 22

[REMARKS]
