000
CXUS53 KAPX 230631
CF6APX
PRELIMINARY LOCAL CLIMATOLOGICAL DATA (WS FORM: F-6)

                                          STATION:   GAYLORD  WFO
                                          MONTH:     APRIL
                                          YEAR:      2014
                                          LATITUDE:   45  4 N
                                          LONGITUDE:  84 43 W

  TEMPERATURE IN F:       :PCPN:    SNOW:  WIND      :SUNSHINE: SKY     :PK WND
================================================================================
1   2   3   4   5  6A  6B    7    8   9   10  11  12  13   14  15   16   17  18
                                     12Z  AVG MX 2MIN
DY MAX MIN AVG DEP HDD CDD  WTR  SNW DPTH SPD SPD DIR MIN PSBL S-S WX    SPD DR
================================================================================

 1  43  25  34   0  31   0 0.05  0.1   16   M   M   M   M    M   M         M  M
 2  36  22  29  -6  36   0    T    T   15   M   M   M   M    M   M         M  M
 3  35  21  28  -8  37   0    T    T   15   M   M   M   M    M   M 6       M  M
 4  33  23  28  -8  37   0 0.82  1.2   15   M   M   M   M    M   M         M  M
 5  36  20  28  -8  37   0    T    T   14   M   M   M   M    M   M         M  M
 6  52  30  41   4  24   0 0.00  0.0   14   M   M   M   M    M   M         M  M
 7  56  35  46   9  19   0 0.00  0.0   12   M   M   M   M    M   M         M  M
 8  47  31  39   1  26   0    T  0.0   10   M   M   M   M    M   M         M  M
 9  50  25  38   0  27   0 0.00  0.0    9   M   M   M   M    M   M         M  M
10  54  36  45   6  20   0 0.05  0.0    6   M   M   M   M    M   M         M  M
11  57  32  45   6  20   0    T  0.0    1   M   M   M   M    M   M         M  M
12  44  34  39  -1  26   0 0.24  0.0    1   M   M   M   M    M   M         M  M
13  55  36  46   6  19   0 1.01  0.0    T   M   M   M   M    M   M         M  M
14  38  21  30 -11  35   0 1.17  1.6    T   M   M   M   M    M   M         M  M
15  24  16  20 -21  45   0 0.07  1.2    2   M   M   M   M    M   M         M  M
16  40  18  29 -13  36   0    T    T    T   M   M   M   M    M   M         M  M
17  54  30  42   0  23   0 0.00  0.0    T   M   M   M   M    M   M         M  M
18  38  28  33  -9  32   0 0.00  0.0    T   M   M   M   M    M   M         M  M
19  55  27  41  -2  24   0 0.00  0.0    T   M   M   M   M    M   M         M  M
20  66  36  51   8  14   0 0.01  0.0    0   M   M   M   M    M   M         M  M
21  66  44  55  11  10   0 0.12  0.0    0   M   M   M   M    M   M         M  M
22  44  31  38  -6  27   0 0.01    T    0   M   M   M   M    M   M         M  M
================================================================================
SM 1023  621       605   0  3.55     4.1     M          M        M
================================================================================
AV 46.5 28.2                                 M FASTST   M    M   6    MAX(MPH)
                                 MISC ---->     M   M                  M    M
================================================================================
NOTES:
# LAST OF SEVERAL OCCURRENCES

COLUMN 17 PEAK WIND IN M.P.H.

PRELIMINARY LOCAL CLIMATOLOGICAL DATA (WS FORM: F-6) , PAGE 2

                                          STATION:  GAYLORD  WFO
                                          MONTH:    APRIL
                                          YEAR:     2014
                                          LATITUDE:   45  4 N
                                          LONGITUDE:  84 43 W

[TEMPERATURE DATA]      [PRECIPITATION DATA]       SYMBOLS USED IN COLUMN 16

AVERAGE MONTHLY: 37.4   TOTAL FOR MONTH:   3.55    1 = FOG OR MIST
DPTR FM NORMAL:  -2.0   DPTR FM NORMAL:    1.49    2 = FOG REDUCING VISIBILITY
HIGHEST:    66 ON 21,20 GRTST 24HR  1.17 ON 14-14      TO 1/4 MILE OR LESS
LOWEST:     16 ON 15                               3 = THUNDER
                        SNOW, ICE PELLETS, HAIL    4 = ICE PELLETS
                        TOTAL MONTH:   4.1 INCHES  5 = HAIL
                        GRTST 24HR   1.6 ON   M    6 = FREEZING RAIN OR DRIZZLE
                        GRTST DEPTH:  16 ON  1     7 = DUSTSTORM OR SANDSTORM:
                                                       VSBY 1/2 MILE OR LESS
                                                   8 = SMOKE OR HAZE
[NO. OF DAYS WITH]      [WEATHER - DAYS WITH]      9 = BLOWING SNOW
                                                   X = TORNADO
MAX 32 OR BELOW:   1    0.01 INCH OR MORE:  10
MAX 90 OR ABOVE:   0    0.10 INCH OR MORE:   5
MIN 32 OR BELOW:  16    0.50 INCH OR MORE:   3
MIN  0 OR BELOW:   0    1.00 INCH OR MORE:   2

[HDD (BASE 65) ]
TOTAL THIS MO.   605    CLEAR  (SCALE 0-3)   0
DPTR FM NORMAL    41    PTCLDY (SCALE 4-7)   0
TOTAL FM JUL 1  8397    CLOUDY (SCALE 8-10)  0
DPTR FM NORMAL   634

[CDD (BASE 65) ]
TOTAL THIS MO.     0
DPTR FM NORMAL     0    [PRESSURE DATA]
TOTAL FM JAN 1     0    HIGHEST SLP M ON M
DPTR FM NORMAL     0    LOWEST  SLP M ON M

[REMARKS]
