000
CXUS54 KLCH 012311
CF6ARA
PRELIMINARY LOCAL CLIMATOLOGICAL DATA (WS FORM: F-6)

                                          STATION:   NEW IBERIA
                                          MONTH:     JANUARY
                                          YEAR:      2015
                                          LATITUDE:   30  1 N
                                          LONGITUDE:  91 53 W

  TEMPERATURE IN F:       :PCPN:    SNOW:  WIND      :SUNSHINE: SKY     :PK WND
================================================================================
1   2   3   4   5  6A  6B    7    8   9   10  11  12  13   14  15   16   17  18
                                     12Z  AVG MX 2MIN
DY MAX MIN AVG DEP HDD CDD  WTR  SNW DPTH SPD SPD DIR MIN PSBL S-S WX    SPD DR
================================================================================

 1  57  45  51  -2  14   0 0.01  0.0    0 10.3 18  50   M    M   9 18     22  50
 2  71  57  64  11   1   0    T  0.0    0  7.3 15 110   M    M   7 12     18 120
 3  73  60  67  14   0   2 1.89  0.0    0  9.5 22 200   M    M   9 13     30 190
 4  60  45  53   0  12   0 0.00  0.0    0  9.7 18 330   M    M   1        22 320
 5  52  34  43 -10  22   0 0.00  0.0    0  9.7 18  10   M    M   1        23 360
 6  64  32  48  -5  17   0 0.00  0.0    0  1.8  8 330   M    M   0 1      12  20
 7  58  32  45  -8  20   0    T    M    0 14.3 30  10   M    M   4        38 360
 8  38  24  31 -22  34   0 0.00  0.0    0  7.9 21  30   M    M   1        26  30
 9  42  37  40 -13  25   0 0.01    M    0 10.6 17  40   M    M  10        22  20
10  50  34  42 -11  23   0 0.00    M    0 10.5 20  40   M    M   6        24  60
11  63  45  54   1  11   0 0.15    M    0 10.3 24  90   M    M   8 12     29  90
12  63  48  56   3   9   0 0.03    M    0  8.8 20  10   M    M  10 12     25  20
13  48  39  44  -9  21   0 0.00  0.0    0 14.5 21  10   M    M  10 18     35  20
14  42  38  40 -13  25   0    T    M    0  9.9 17  30   M    M  10 1      20  40
15  45  37  41 -12  24   0 0.03    M    0  8.1 17 350   M    M   7 1      20 350
16  59  34  47  -6  18   0 0.00  0.0    0  3.9  9  60   M    M   0 1      13  30
17  63  33  48  -5  17   0 0.00  0.0    0  4.1 14 210   M    M   1 18     18 210
18  69  41  55   2  10   0 0.00  0.0    0  4.7 13 360   M    M   0 12     15  30
19  69  32  51  -2  14   0 0.00  0.0    0  4.4 15 200   M    M   0 12     18 190
20  72  41  57   4   8   0 0.00  0.0    0  3.2 12 200   M    M   2 12     14 200
21  73  46  60   7   5   0 0.00  0.0    0  5.9 14  50   M    M   3 12     17  50
22  60  47  54   1  11   0 2.25    M    0 15.5 31  50   M    M   8 1      41  60
23  47  40  44  -9  21   0    M    M    0 13.7 22 320   M    M  10 1      28 320
24  59  36  48  -5  17   0 0.00  0.0    0  7.9 15 280   M    M   0        18 270
25  67  36  52  -1  13   0 0.00    M    0 10.1 24 240   M    M   1 12     31 230
26  62  44  53   0  12   0 0.00    M    0  9.8 24  10   M    M   0        31 360
27  77  43  60   7   5   0 0.00  0.0    0  4.8 13  10   M    M   0        15  40
28  72  45  59   6   6   0 0.00  0.0    0  6.2 15 120   M    M   0        18 120
29  76  46  61   8   4   0 0.00  0.0    0  5.9 14 240   M    M   2 128    18 240
30  63  45  54   1  11   0 0.00  0.0    0 11.7 23  30   M    M   0 1      27  30
31  66  42  54   1  11   0 0.00  0.0    0  9.6 17 120   M    M   2        22 120
================================================================================
SM 1880 1258       441   2  4.37     0.0 264.6          M      122
================================================================================
AV 60.6 40.6                               8.5 FASTST   M    M   4    MAX(MPH)
                                 MISC ---->  # 31  50               # 41   60
================================================================================
NOTES:
# LAST OF SEVERAL OCCURRENCES

COLUMN 17 PEAK WIND IN M.P.H.

PRELIMINARY LOCAL CLIMATOLOGICAL DATA (WS FORM: F-6) , PAGE 2

                                          STATION:  NEW IBERIA
                                          MONTH:    JANUARY
                                          YEAR:     2015
                                          LATITUDE:   30  1 N
                                          LONGITUDE:  91 53 W

[TEMPERATURE DATA]      [PRECIPITATION DATA]       SYMBOLS USED IN COLUMN 16

AVERAGE MONTHLY: 50.6   TOTAL FOR MONTH:   4.37    1 = FOG OR MIST
DPTR FM NORMAL:  -2.2   DPTR FM NORMAL:   -0.85    2 = FOG REDUCING VISIBILITY
HIGHEST:    77 ON 27    GRTST 24HR  2.25 ON 22-22      TO 1/4 MILE OR LESS
LOWEST:     24 ON  8                               3 = THUNDER
                        SNOW, ICE PELLETS, HAIL    4 = ICE PELLETS
                        TOTAL MONTH:   0.0 INCH    5 = HAIL
                        GRTST 24HR     0.0         6 = FREEZING RAIN OR DRIZZLE
                        GRTST DEPTH:   0           7 = DUSTSTORM OR SANDSTORM:
                                                       VSBY 1/2 MILE OR LESS
                                                   8 = SMOKE OR HAZE
[NO. OF DAYS WITH]      [WEATHER - DAYS WITH]      9 = BLOWING SNOW
                                                   X = TORNADO
MAX 32 OR BELOW:   0    0.01 INCH OR MORE:   7
MAX 90 OR ABOVE:   0    0.10 INCH OR MORE:   3
MIN 32 OR BELOW:   4    0.50 INCH OR MORE:   2
MIN  0 OR BELOW:   0    1.00 INCH OR MORE:   2

[HDD (BASE 65) ]
TOTAL THIS MO.   441    CLEAR  (SCALE 0-3)  18
DPTR FM NORMAL    51    PTCLDY (SCALE 4-7)   6
TOTAL FM JUL 1   972    CLOUDY (SCALE 8-10)  7
DPTR FM NORMAL    35

[CDD (BASE 65) ]
TOTAL THIS MO.     2
DPTR FM NORMAL   -10    [PRESSURE DATA]
TOTAL FM JAN 1     2    HIGHEST SLP 30.67 ON  8
DPTR FM NORMAL    -7    LOWEST  SLP 29.85 ON  3

[REMARKS]
#FINAL-01-15#
