000
CXUS51 KBUF 261205
CF6ART
PRELIMINARY LOCAL CLIMATOLOGICAL DATA (WS FORM: F-6)

                                          STATION:   WATERTOWN NY
                                          MONTH:     DECEMBER
                                          YEAR:      2014
                                          LATITUDE:   43 59 N
                                          LONGITUDE:  76  2 W

  TEMPERATURE IN F:       :PCPN:    SNOW:  WIND      :SUNSHINE: SKY     :PK WND
================================================================================
1   2   3   4   5  6A  6B    7    8   9   10  11  12  13   14  15   16   17  18
                                     12Z  AVG MX 2MIN
DY MAX MIN AVG DEP HDD CDD  WTR  SNW DPTH SPD SPD DIR MIN PSBL S-S WX    SPD DR
================================================================================

 1  53  24  39   7  26   0 0.03    M    M 13.3 23 280   M    M   7 18     32 260
 2  38  11  25  -7  40   0 0.05    M    M 10.4 21  40   M    M   4        24  20
 3  44  36  40   9  25   0 0.11    M    M 15.2 32 260   M    M  10 1      47 270
 4  37  18  28  -3  37   0 0.00    M    M  8.8 25 260   M    M   7        35 260
 5  40  16  28  -2  37   0    T    M    M  5.8 12 170   M    M   6 8      20 160
 6  40  25  33   3  32   0    T    M    M  5.0 13  10   M    M   9 18     19 350
 7  30  15  23  -7  42   0 0.00    M    M 10.3 16  20   M    M   0        21 360
 8  38  15  27  -2  38   0 0.00    M    M  5.4 15 170   M    M   0        22 180
 9  42  28  35   6  30   0    T    M    M  6.8 20  20   M    M   7 8      28  10
10  34  29  32   4  33   0 0.10    M    M 16.0 24 340   M    M  10 8      32 340
11  30  26  28   0  37   0 0.01    M    M  5.5 14 350   M    M  10 168    19  20
12  30  23  27  -1  38   0    T    M    M  2.6 10 300   M    M  10 8      13 300
13  37  27  32   5  33   0 0.00    M    M  3.8 13 260   M    M  10 8      17 270
14  39  34  37  10  28   0    T    M    M  2.2  9 270   M    M  10 8      12 270
15  39  34  37  11  28   0    T    M    M  1.7  9 240   M    M  10 18     12 230
16  44  34  39  13  26   0 0.12    M    M  4.5 12  70   M    M  10 18     16 180
17  44  37  41  15  24   0 0.17    M    M 11.5 22 250   M    M  10 8      31 260
18  37  28  33   8  32   0    T    M    M 10.1 20 270   M    M  10 8      28 270
19  28  15  22  -3  43   0    T    M    M  5.5 10 330   M    M   8 8      13 310
20  31  13  22  -3  43   0 0.00    M    M  2.3  8  30   M    M   0         9  60
21  36  19  28   4  37   0 0.00    M    M  2.3  7  60   M    M  10 8       8  60
22  41  20  31   7  34   0 0.00    M    M  5.0  9  20   M    M   7 8      13  30
23  49  35  42  18  23   0 0.13    M    M  4.6 14 160   M    M  10 18     20 140
24  59  49  54  31  11   0 0.06    M    M  8.1 18 170   M    M   8 3      31 170
25  60  41  51  28  14   0 0.31    M    M 19.9 32 230   M    M   8 3      45 230
================================================================================
SM 1000  652       791   0  1.09    M    186.6          M      191
================================================================================
AV 40.0 26.1                               7.5 FASTST   M    M   8    MAX(MPH)
                                 MISC ---->  # 32 260               # 47  270
================================================================================
NOTES:
# LAST OF SEVERAL OCCURRENCES

COLUMN 17 PEAK WIND IN M.P.H.

PRELIMINARY LOCAL CLIMATOLOGICAL DATA (WS FORM: F-6) , PAGE 2

                                          STATION:  WATERTOWN NY
                                          MONTH:    DECEMBER
                                          YEAR:     2014
                                          LATITUDE:   43 59 N
                                          LONGITUDE:  76  2 W

[TEMPERATURE DATA]      [PRECIPITATION DATA]       SYMBOLS USED IN COLUMN 16

AVERAGE MONTHLY: 33.0   TOTAL FOR MONTH:   1.09    1 = FOG OR MIST
DPTR FM NORMAL:   5.7   DPTR FM NORMAL:   -1.48    2 = FOG REDUCING VISIBILITY
HIGHEST:    60 ON 25    GRTST 24HR  0.37 ON 24-25      TO 1/4 MILE OR LESS
LOWEST:     11 ON  2                               3 = THUNDER
                        SNOW, ICE PELLETS, HAIL    4 = ICE PELLETS
                        TOTAL MONTH:    M          5 = HAIL
                        GRTST 24HR    M  ON   M    6 = FREEZING RAIN OR DRIZZLE
                        GRTST DEPTH:  M  ON   M    7 = DUSTSTORM OR SANDSTORM:
                                                       VSBY 1/2 MILE OR LESS
                                                   8 = SMOKE OR HAZE
[NO. OF DAYS WITH]      [WEATHER - DAYS WITH]      9 = BLOWING SNOW
                                                   X = TORNADO
MAX 32 OR BELOW:   5    0.01 INCH OR MORE:  10
MAX 90 OR ABOVE:   0    0.10 INCH OR MORE:   6
MIN 32 OR BELOW:  17    0.50 INCH OR MORE:   0
MIN  0 OR BELOW:   0    1.00 INCH OR MORE:   0

[HDD (BASE 65) ]
TOTAL THIS MO.   791    CLEAR  (SCALE 0-3)   3
DPTR FM NORMAL  -149    PTCLDY (SCALE 4-7)   9
TOTAL FM JUL 1  2144    CLOUDY (SCALE 8-10) 13
DPTR FM NORMAL  -395

[CDD (BASE 65) ]
TOTAL THIS MO.     0
DPTR FM NORMAL     0    [PRESSURE DATA]
TOTAL FM JAN 1   433    HIGHEST SLP M ON M
DPTR FM NORMAL    71    LOWEST  SLP 29.21 ON 24

[REMARKS]
