000
CXUS51 KBUF 291205
CF6ART
PRELIMINARY LOCAL CLIMATOLOGICAL DATA (WS FORM: F-6)

                                          STATION:   WATERTOWN NY
                                          MONTH:     JUNE
                                          YEAR:      2015
                                          LATITUDE:   43 59 N
                                          LONGITUDE:  76  2 W

  TEMPERATURE IN F:       :PCPN:    SNOW:  WIND      :SUNSHINE: SKY     :PK WND
================================================================================
1   2   3   4   5  6A  6B    7    8   9   10  11  12  13   14  15   16   17  18
                                     12Z  AVG MX 2MIN
DY MAX MIN AVG DEP HDD CDD  WTR  SNW DPTH SPD SPD DIR MIN PSBL S-S WX    SPD DR
================================================================================

 1  57  47  52  -7  13   0 0.34    M    M 11.8 18  30   M    M  10 18     23  30
 2  62  40  51  -9  14   0 0.01    M    M  7.2 16  10   M    M   7 1      21 360
 3  73  36  55  -5  10   0 0.00    M    M  4.5 13  60   M    M   0        18  60
 4  78  42  60   0   5   0 0.00    M    M  4.4 15 260   M    M   2        17 260
 5  75  62  69   8   0   4 0.01    M    M  8.2 17 320   M    M   8 1      23 310
 6  68  42  55  -6  10   0 0.00    M    M 11.8 22  40   M    M   2        28  40
 7  79  35  57  -4   8   0    T    M    M  7.3 20 180   M    M   0        35 190
 8  73  61  67   5   0   2 0.74    M    M  9.3 20 190   M    M   6 13     32 160
 9  68  52  60  -2   5   0 0.34    M    M  4.8 14 230   M    M   8 13     19 230
10  76  53  65   3   0   0 0.24    M    M  8.9 24 240   M    M   6 138    35 260
11  68  54  61  -1   4   0 0.00    M    M  9.5 18 230   M    M   1 1      26 230
12  70  57  64   1   1   0 0.24    M    M  6.7 22 340   M    M   7 1      29  30
13  72  54  63   0   2   0 0.00    M    M  5.1 15 250   M    M   5 1      19 260
14  81  55  68   5   0   3 0.43    M    M  2.5 10  90   M    M   3 1      13  90
15  74  60  67   3   0   2    T    M    M  5.1 15 230   M    M   7 12     20 240
16  75  60  68   4   0   3 0.42    M    M  5.8 17 270   M    M   6 1      21 270
17  75  46  61  -3   4   0 0.00    M    M  4.5 13  80   M    M   1        18  80
18  77  57  67   3   0   2 0.02    M    M  6.2 16 260   M    M   3 138    20 220
19  70  44  57  -8   8   0 0.00    M    M  7.4 20 360   M    M   5 1      26 350
20  80  40  60  -5   5   0 0.13    M    M  3.7 12 230   M    M   3 1      17 190
21  77  64  71   6   0   6 0.01    M    M  6.8 17 220   M    M   8 18     24 220
22  76  61  69   4   0   4    T    M    M  6.9 16 260   M    M   2 3      20 270
23  78  62  70   4   0   5 1.45    M    M 10.8 26 240   M    M   5 13     41 230
24  69  55  62  -4   3   0 0.00    M    M  5.9 16 220   M    M   1 1      21 230
25  75  50  63  -3   2   0 0.03    M    M  3.4 10 260   M    M   5        13 300
26  76  51  64  -2   1   0    T    M    M  6.9 17  30   M    M   1 12     21  20
27  73  51  62  -4   3   0 0.20    M    M  6.4 12  90   M    M   3 1      21 130
28  62  55  59  -8   6   0 1.03    M    M  8.3 15  50   M    M  10 18     21  60
================================================================================
SM 2037 1446       104  31  5.64    M    190.1          M      125
================================================================================
AV 72.8 51.6                               6.8 FASTST   M    M   4    MAX(MPH)
                                 MISC ---->  # 26 240               # 41  230
================================================================================
NOTES:
# LAST OF SEVERAL OCCURRENCES

COLUMN 17 PEAK WIND IN M.P.H.

PRELIMINARY LOCAL CLIMATOLOGICAL DATA (WS FORM: F-6) , PAGE 2

                                          STATION:  WATERTOWN NY
                                          MONTH:    JUNE
                                          YEAR:     2015
                                          LATITUDE:   43 59 N
                                          LONGITUDE:  76  2 W

[TEMPERATURE DATA]      [PRECIPITATION DATA]       SYMBOLS USED IN COLUMN 16

AVERAGE MONTHLY: 62.2   TOTAL FOR MONTH:   5.64    1 = FOG OR MIST
DPTR FM NORMAL:  -1.1   DPTR FM NORMAL:    2.96    2 = FOG REDUCING VISIBILITY
HIGHEST:    81 ON 14    GRTST 24HR  1.45 ON 23-23      TO 1/4 MILE OR LESS
LOWEST:     35 ON  7                               3 = THUNDER
                        SNOW, ICE PELLETS, HAIL    4 = ICE PELLETS
                        TOTAL MONTH:    M          5 = HAIL
                        GRTST 24HR    M  ON   M    6 = FREEZING RAIN OR DRIZZLE
                        GRTST DEPTH:  M  ON   M    7 = DUSTSTORM OR SANDSTORM:
                                                       VSBY 1/2 MILE OR LESS
                                                   8 = SMOKE OR HAZE
[NO. OF DAYS WITH]      [WEATHER - DAYS WITH]      9 = BLOWING SNOW
                                                   X = TORNADO
MAX 32 OR BELOW:   0    0.01 INCH OR MORE:  16
MAX 90 OR ABOVE:   0    0.10 INCH OR MORE:  11
MIN 32 OR BELOW:   0    0.50 INCH OR MORE:   3
MIN  0 OR BELOW:   0    1.00 INCH OR MORE:   2

[HDD (BASE 65) ]
TOTAL THIS MO.   104    CLEAR  (SCALE 0-3)  13
DPTR FM NORMAL     0    PTCLDY (SCALE 4-7)  12
TOTAL FM JUL 1  7649    CLOUDY (SCALE 8-10)  3
DPTR FM NORMAL    69

[CDD (BASE 65) ]
TOTAL THIS MO.    31
DPTR FM NORMAL   -22    [PRESSURE DATA]
TOTAL FM JAN 1    77    HIGHEST SLP M ON M
DPTR FM NORMAL    13    LOWEST  SLP 29.59 ON  9

[REMARKS]
