000
CXUS55 KGJT 271000
CF6ASE
PRELIMINARY LOCAL CLIMATOLOGICAL DATA (WS FORM: F-6)

                                          STATION:   ASPEN CO
                                          MONTH:     JANUARY
                                          YEAR:      2015
                                          LATITUDE:   39 13 N
                                          LONGITUDE: 106 52 W

  TEMPERATURE IN F:       :PCPN:    SNOW:  WIND      :SUNSHINE: SKY     :PK WND
================================================================================
1   2   3   4   5  6A  6B    7    8   9   10  11  12  13   14  15   16   17  18
                                     12Z  AVG MX 2MIN
DY MAX MIN AVG DEP HDD CDD  WTR  SNW DPTH SPD SPD DIR MIN PSBL S-S WX    SPD DR
================================================================================

 1  23  -5   9 -10  56   0 0.03    M    M  4.3  9 350   M    M   5 18     10 350
 2  23  -5   9 -10  56   0 0.00    M    M  4.3  9 160   M    M   0 18     11 180
 3  25   1  13  -7  52   0    T    M    M  4.6 10 210   M    M   9 1      13 220
 4  28   5  17  -3  48   0 0.00    M    M  3.2 12 210   M    M   9 8      14 200
 5  37  11  24   4  41   0 0.00    M    M  4.6 10 210   M    M   5        12 300
 6  43  18  31  11  34   0 0.00    M    M  3.8 10 200   M    M   3        11 200
 7  43  20  32  12  33   0 0.00    M    M  5.8 10 210   M    M   0        13 210
 8  44  19  32  12  33   0 0.00    M    M  5.4 12 210   M    M   2        13 210
 9  42  13  28   8  37   0 0.00    M    M  4.2 10 210   M    M   0        12 170
10  41  14  28   8  37   0 0.00    M    M  4.7 10 210   M    M   2        12 200
11  33  20  27   7  38   0 0.07    M    M  2.7  8 330   M    M  10 18     10 320
12  35  20  28   8  37   0 0.00    M    M  3.6 13 120   M    M   7        15 120
13  33  16  25   5  40   0 0.01    M    M  3.5 10 170   M    M   6 1      11 180
14  36  10  23   3  42   0 0.00    M    M  5.3 10 200   M    M   2        15 200
15  35   3  19  -1  46   0 0.00    M    M  5.7 10 200   M    M   0        12 220
16  39   7  23   3  42   0 0.00    M    M  4.0 12 310   M    M   3        15 190
17  40   7  24   4  41   0    T    M    M  5.2 12 350   M    M   3 1      15  10
18  41   8  25   5  40   0 0.00    M    M  5.3 10 220   M    M   2        13 180
19  42  15  29   9  36   0 0.02    M    M  5.5 10 360   M    M   5 18     13 360
20  36  18  27   7  38   0    T    M    M  4.5 10 210   M    M   6 1      13 300
21  29   7  18  -2  47   0    T    M    M  3.9 12 230   M    M   6 8      16 250
22  26  -5  11  -9  54   0 0.00    M    M  6.8 12 220   M    M   0 8      15 220
23  33  -1  16  -4  49   0 0.00    M    M  4.7 10 210   M    M   3        12 300
24  32   4  18  -2  47   0 0.00    M    M  3.2 10 200   M    M   4        12 330
25  46  20  33  13  32   0 0.00    M    M  5.5 10 210   M    M   4        13 160
26  48  15  32  12  33   0 0.00    M    M  4.4 10 210   M    M   0        11 210
================================================================================
SM  933  255      1089   0  0.13    M    118.7          M       96
================================================================================
AV 35.9  9.8                               4.6 FASTST   M    M   4    MAX(MPH)
                                 MISC ---->  # 13 120               # 16  250
================================================================================
NOTES:
# LAST OF SEVERAL OCCURRENCES

COLUMN 17 PEAK WIND IN M.P.H.

PRELIMINARY LOCAL CLIMATOLOGICAL DATA (WS FORM: F-6) , PAGE 2

                                          STATION:  ASPEN CO
                                          MONTH:    JANUARY
                                          YEAR:     2015
                                          LATITUDE:   39 13 N
                                          LONGITUDE: 106 52 W

[TEMPERATURE DATA]      [PRECIPITATION DATA]       SYMBOLS USED IN COLUMN 16

AVERAGE MONTHLY: 22.8   TOTAL FOR MONTH:   0.13    1 = FOG OR MIST
DPTR FM NORMAL:   2.9   DPTR FM NORMAL:   -0.76    2 = FOG REDUCING VISIBILITY
HIGHEST:    48 ON 26    GRTST 24HR  0.07 ON 11-11      TO 1/4 MILE OR LESS
LOWEST:     -5 ON 22, 2                            3 = THUNDER
                        SNOW, ICE PELLETS, HAIL    4 = ICE PELLETS
                        TOTAL MONTH:    M          5 = HAIL
                        GRTST 24HR    M  ON   M    6 = FREEZING RAIN OR DRIZZLE
                        GRTST DEPTH:  M  ON   M    7 = DUSTSTORM OR SANDSTORM:
                                                       VSBY 1/2 MILE OR LESS
                                                   8 = SMOKE OR HAZE
[NO. OF DAYS WITH]      [WEATHER - DAYS WITH]      9 = BLOWING SNOW
                                                   X = TORNADO
MAX 32 OR BELOW:   7    0.01 INCH OR MORE:   4
MAX 90 OR ABOVE:   0    0.10 INCH OR MORE:   0
MIN 32 OR BELOW:  26    0.50 INCH OR MORE:   0
MIN  0 OR BELOW:   4    1.00 INCH OR MORE:   0

[HDD (BASE 65) ]
TOTAL THIS MO.  1089    CLEAR  (SCALE 0-3)  13
DPTR FM NORMAL   -84    PTCLDY (SCALE 4-7)  10
TOTAL FM JUL 1  4343    CLOUDY (SCALE 8-10)  3
DPTR FM NORMAL  -551

[CDD (BASE 65) ]
TOTAL THIS MO.     0
DPTR FM NORMAL     0    [PRESSURE DATA]
TOTAL FM JAN 1     0    HIGHEST SLP M ON M
DPTR FM NORMAL     0    LOWEST  SLP 29.92 ON M

[REMARKS]
