000
CXUS55 KABR 241400
CF6ATY
PRELIMINARY LOCAL CLIMATOLOGICAL DATA (WS FORM: F-6)

                                          STATION:   WATERTOWN SD
                                          MONTH:     MAY
                                          YEAR:      2015
                                          LATITUDE:   44 55 N
                                          LONGITUDE:  97  9 W

  TEMPERATURE IN F:       :PCPN:    SNOW:  WIND      :SUNSHINE: SKY     :PK WND
================================================================================
1   2   3   4   5  6A  6B    7    8   9   10  11  12  13   14  15   16   17  18
                                     12Z  AVG MX 2MIN
DY MAX MIN AVG DEP HDD CDD  WTR  SNW DPTH SPD SPD DIR MIN PSBL S-S WX    SPD DR
================================================================================

 1  73  46  60   9   5   0 0.05  0.0    0  6.1 15 330   M    M   2        20 330
 2  84  46  65  14   0   0 0.00  0.0    0 11.1 21 210   M    M   0 18     27 210
 3  73  43  58   6   7   0 0.00  0.0    0 13.4 36  20   M    M   1 18     44  30
 4  69  36  53   1  12   0 0.00  0.0    0  7.2 15  60   M    M   0        19  80
 5  75  50  63  10   2   0    T  0.0    0 12.2 22 140   M    M   4 1      30 110
 6  69  57  63  10   2   0 0.26  0.0    0 14.5 29 170   M    M   9 18     37 170
 7  69  48  59   6   6   0 0.08  0.0    0 14.1 23 320   M    M   9 1      28 160
 8  52  38  45  -9  20   0 0.00  0.0    0 12.4 21 350   M    M   9        25 350
 9  55  31  43 -11  22   0 0.01  0.0    0 14.8 23  20   M    M   7        28  30
10  47  41  44 -10  21   0 1.38  0.0    0 20.9 35  70   M    M  10 1      45  70
11  44  38  41 -14  24   0 0.01  0.0    0 18.6 30 330   M    M   9 1      39 320
12  60  36  48  -7  17   0 0.00  0.0    0  9.4 17 110   M    M   3        27 110
13  73  50  62   7   3   0    T  0.0    0 20.1 36 170   M    M   6        46 170
14  61  51  56   0   9   0 0.26  0.0    0  8.3 24 170   M    M  10 1      34 170
15  64  47  56   0   9   0 0.00  0.0    0  5.1 14 120   M    M   9 12     20 110
16  75  55  65   9   0   0 0.05  0.0    0 12.3 22 140   M    M   7 1      33 130
17  67  36  52  -4  13   0 0.57  0.0    0 18.3 33 290   M    M   9 1      44 290
18  40  34  37 -20  28   0    T    T    0 23.1 33 320   M    M  10 18     43 290
19  54  36  45 -12  20   0 0.00  0.0    0  8.6 21 360   M    M   4        24  30
20  63  39  51  -6  14   0 0.00  0.0    0  6.8 18 320   M    M   0        24 320
21  73  45  59   1   6   0 0.00  0.0    0  9.9 18  20   M    M   0        24 360
22  76  40  58   0   7   0 0.00  0.0    0  4.4 23 230   M    M   2        28 230
23  67  46  57  -1   8   0    T  0.0    0  7.9 20 160   M    M   7        25 160
================================================================================
SM 1483  989       255   0  2.67    T    279.5          M      127
================================================================================
AV 64.5 43.0                              12.2 FASTST   M    M   6    MAX(MPH)
                                 MISC ---->  # 36  20               # 46  170
================================================================================
NOTES:
# LAST OF SEVERAL OCCURRENCES

COLUMN 17 PEAK WIND IN M.P.H.

PRELIMINARY LOCAL CLIMATOLOGICAL DATA (WS FORM: F-6) , PAGE 2

                                          STATION:  WATERTOWN SD
                                          MONTH:    MAY
                                          YEAR:     2015
                                          LATITUDE:   44 55 N
                                          LONGITUDE:  97  9 W

[TEMPERATURE DATA]      [PRECIPITATION DATA]       SYMBOLS USED IN COLUMN 16

AVERAGE MONTHLY: 53.7   TOTAL FOR MONTH:   2.67    1 = FOG OR MIST
DPTR FM NORMAL:  -1.1   DPTR FM NORMAL:    0.78    2 = FOG REDUCING VISIBILITY
HIGHEST:    84 ON  2    GRTST 24HR  1.39 ON  9-10      TO 1/4 MILE OR LESS
LOWEST:     31 ON  9                               3 = THUNDER
                        SNOW, ICE PELLETS, HAIL    4 = ICE PELLETS
                        TOTAL MONTH:    T          5 = HAIL
                        GRTST 24HR    T  ON 18-18  6 = FREEZING RAIN OR DRIZZLE
                        GRTST DEPTH:   0           7 = DUSTSTORM OR SANDSTORM:
                                                       VSBY 1/2 MILE OR LESS
                                                   8 = SMOKE OR HAZE
[NO. OF DAYS WITH]      [WEATHER - DAYS WITH]      9 = BLOWING SNOW
                                                   X = TORNADO
MAX 32 OR BELOW:   0    0.01 INCH OR MORE:   9
MAX 90 OR ABOVE:   0    0.10 INCH OR MORE:   4
MIN 32 OR BELOW:   1    0.50 INCH OR MORE:   2
MIN  0 OR BELOW:   0    1.00 INCH OR MORE:   1

[HDD (BASE 65) ]
TOTAL THIS MO.   255    CLEAR  (SCALE 0-3)   7
DPTR FM NORMAL    11    PTCLDY (SCALE 4-7)   7
TOTAL FM JUL 1  8129    CLOUDY (SCALE 8-10)  9
DPTR FM NORMAL  -266

[CDD (BASE 65) ]
TOTAL THIS MO.     0
DPTR FM NORMAL   -12    [PRESSURE DATA]
TOTAL FM JAN 1     0    HIGHEST SLP M ON M
DPTR FM NORMAL   -14    LOWEST  SLP 29.36 ON 17

[REMARKS]
