000
CXUS53 KGID 280730
CF6AUH
PRELIMINARY LOCAL CLIMATOLOGICAL DATA (WS FORM: F-6)

                                          STATION:   AURORA
                                          MONTH:     JULY
                                          YEAR:      2015
                                          LATITUDE:   40 54 N
                                          LONGITUDE:  97 59 W

  TEMPERATURE IN F:       :PCPN:    SNOW:  WIND      :SUNSHINE: SKY     :PK WND
================================================================================
1   2   3   4   5  6A  6B    7    8   9   10  11  12  13   14  15   16   17  18
                                     12Z  AVG MX 2MIN
DY MAX MIN AVG DEP HDD CDD  WTR  SNW DPTH SPD SPD DIR MIN PSBL S-S WX    SPD DR
================================================================================

 1  85  66  76   1   0  11 0.00    M    M  9.2 29 100   M    M   4        35 100
 2  81  67  74  -1   0   9 0.45    M    M  5.1 14  20   M    M   7 13     18  20
 3  76  64  70  -5   0   5 0.00    M    M  4.7  8  30   M    M   6 1       M  M
 4  83  58  71  -4   0   6 0.00    M    M  8.3 15 160   M    M   1 1      21 170
 5  95  70  83   8   0  18 0.00    M    M 13.6 20 160   M    M   1        24 150
 6  82  60  71  -4   0   6 1.23    M    M 12.3 27 140   M    M   6 138    32 140
 7  72  54  63 -12   2   0 0.00    M    M  8.1 14  60   M    M   1 1      20  60
 8  71  49  60 -16   5   0 0.00    M    M  2.3  6 100   M    M   2         M  M
 9  78  57  68  -8   0   3 0.00    M    M  3.4  7 140   M    M   1 1       M  M
10  81  62  72  -4   0   7    T    M    M  9.5 17 150   M    M   4 1      20 140
11  89  67  78   2   0  13    T    M    M  7.4 16 180   M    M   3 12     23 180
12  94  72  83   7   0  18 0.00    M    M  6.1 10 180   M    M   0         M  M
13  91  69  80   4   0  15 0.00  0.0    0  5.4 10  20   M    M   0         M  M
14  91  64  78   2   0  13 0.00    M    M  4.7  9  70   M    M   0         M  M
15  82  69  76   0   0  11 0.12    M    M  8.6 17 120   M    M   5 13     16 110
16  89  68  79   3   0  14 0.03    M    M  6.1  9 230   M    M   3 13      M  M
17  95  66  81   5   0  16 0.06    M    M  9.2 29 330   M    M   1 3      40 330
18  85  66  76   0   0  11 0.00    M    M  7.5 16 130   M    M   1 3      18 350
19  86  68  77   1   0  12 0.00    M    M  5.6  9 110   M    M   0         M  M
20  84  60  72  -4   0   7 0.00  0.0    0  6.1 15 360   M    M   2 1      20 360
21  81  57  69  -7   0   4 0.00    M    M  3.9  8 160   M    M   0         M  M
22  83  64  74  -1   0   9 0.00    M    M  6.8 12 160   M    M   2         M  M
23  90  65  78   3   0  13 0.00    M    M  8.8 14 180   M    M   3        18 180
24  92  69  81   6   0  16 1.79    M    M  8.5 44 280   M    M   1 3      54 280
25  83  68  76   1   0  11 0.01    M    M  7.0 15 170   M    M   2 13     20 170
26  88  70  79   4   0  14 0.00    M    M  3.6  9  20   M    M   5 12      M  M
27  89  71  80   5   0  15 0.00    M    M  8.7 16 150   M    M   1        23 160
================================================================================
SM 2296 1740         7 277  3.69     0.0 190.5          M       62
================================================================================
AV 85.0 64.4                               7.1 FASTST   M    M   2    MAX(MPH)
                                 MISC ---->    44   M                 54    M
================================================================================
NOTES:
# LAST OF SEVERAL OCCURRENCES

COLUMN 17 PEAK WIND IN M.P.H.

PRELIMINARY LOCAL CLIMATOLOGICAL DATA (WS FORM: F-6) , PAGE 2

                                          STATION:  AURORA
                                          MONTH:    JULY
                                          YEAR:     2015
                                          LATITUDE:   40 54 N
                                          LONGITUDE:  97 59 W

[TEMPERATURE DATA]      [PRECIPITATION DATA]       SYMBOLS USED IN COLUMN 16

AVERAGE MONTHLY: 74.7   TOTAL FOR MONTH:   3.69    1 = FOG OR MIST
DPTR FM NORMAL:  -0.8   DPTR FM NORMAL:    0.59    2 = FOG REDUCING VISIBILITY
HIGHEST:    95 ON 17, 5 GRTST 24HR  1.79 ON 24-24      TO 1/4 MILE OR LESS
LOWEST:     49 ON  8                               3 = THUNDER
                        SNOW, ICE PELLETS, HAIL    4 = ICE PELLETS
                        TOTAL MONTH:   0.0 INCH    5 = HAIL
                        GRTST 24HR     0.0         6 = FREEZING RAIN OR DRIZZLE
                        GRTST DEPTH:   0           7 = DUSTSTORM OR SANDSTORM:
                                                       VSBY 1/2 MILE OR LESS
                                                   8 = SMOKE OR HAZE
[NO. OF DAYS WITH]      [WEATHER - DAYS WITH]      9 = BLOWING SNOW
                                                   X = TORNADO
MAX 32 OR BELOW:   0    0.01 INCH OR MORE:   7
MAX 90 OR ABOVE:   7    0.10 INCH OR MORE:   4
MIN 32 OR BELOW:   0    0.50 INCH OR MORE:   2
MIN  0 OR BELOW:   0    1.00 INCH OR MORE:   2

[HDD (BASE 65) ]
TOTAL THIS MO.     7    CLEAR  (SCALE 0-3)  18
DPTR FM NORMAL     7    PTCLDY (SCALE 4-7)   9
TOTAL FM JUL 1     7    CLOUDY (SCALE 8-10)  0
DPTR FM NORMAL     7

[CDD (BASE 65) ]
TOTAL THIS MO.   277
DPTR FM NORMAL    -8    [PRESSURE DATA]
TOTAL FM JAN 1   512    HIGHEST SLP M ON M
DPTR FM NORMAL   -48    LOWEST  SLP M ON M

[REMARKS]
