000
CXUS53 KGRB 270645
CF6AUW
PRELIMINARY LOCAL CLIMATOLOGICAL DATA (WS FORM: F-6)

                                          STATION:   WAUSAU WI
                                          MONTH:     MARCH
                                          YEAR:      2015
                                          LATITUDE:   44 55 N
                                          LONGITUDE:  89 37 W

  TEMPERATURE IN F:       :PCPN:    SNOW:  WIND      :SUNSHINE: SKY     :PK WND
================================================================================
1   2   3   4   5  6A  6B    7    8   9   10  11  12  13   14  15   16   17  18
                                     12Z  AVG MX 2MIN
DY MAX MIN AVG DEP HDD CDD  WTR  SNW DPTH SPD SPD DIR MIN PSBL S-S WX    SPD DR
================================================================================

 1  20   8  14 -10  51   0    T    T   10 10.3 18 270   M    M   7 18     27 270
 2  26   7  17  -7  48   0 0.00  0.0   10  5.8 13 270   M    M   1        14 290
 3  27  14  21  -4  44   0 0.05  1.5   11 10.9 23 290   M    M   9 18     30 280
 4  14  -4   5 -20  60   0 0.00  0.0   11 13.2 26 290   M    M   0 8      34 300
 5   9  -9   0 -25  65   0 0.00  0.0   11  7.2 16 280   M    M   0        20 260
 6  29  -3  13 -13  52   0 0.00  0.0   11  6.6 20 250   M    M   3        26 230
 7  40  13  27   1  38   0 0.00  0.0   10  7.9 20 290   M    M   6        24 310
 8  40  19  30   4  35   0 0.00  0.0    9  9.0 26 280   M    M   4        34 280
 9  51  21  36   9  29   0 0.00  0.0    7  8.3 18 220   M    M   6        25 220
10  58  31  45  18  20   0 0.00  0.0    3  7.4 18 250   M    M   0 1      26 250
11  55  25  40  12  25   0 0.00  0.0    T  5.4 13 280   M    M   1        18 310
12  54  30  42  14  23   0 0.00  0.0    0 10.9 21 180   M    M   0        26 180
13  63  39  51  22  14   0 0.00  0.0    0  9.3 17 280   M    M   1 18     24 280
14  52  28  40  11  25   0 0.00  0.0    0  9.7 20 340   M    M   5        27 340
15  59  24  42  13  23   0 0.00  0.0    0  7.6 23 190   M    M   0        28 180
16  60  34  47  17  18   0 0.01  0.0    0  7.7 18 350   M    M   4        28 330
17  41  27  34   4  31   0 0.00  0.0    0 11.7 24 300   M    M   0        32 350
18  46  27  37   6  28   0 0.00  0.0    0  5.9 14 360   M    M   0        19 310
19  47  28  38   7  27   0 0.00  0.0    0  7.9 20 180   M    M   7        24 180
20  52  34  43  11  22   0 0.19    M    0  8.7 18 260   M    M   7 1      24 260
21  40  28  34   2  31   0    T  0.0    0  8.9 13 310   M    M   4 1      21 350
22  41  26  34   2  31   0 0.00  0.0    0  5.3 12 110   M    M   M       176 140
23  39  24  32  -1  33   0 0.00  0.0    0  8.4 14 110   M    M   2        18 140
24  46  18  32  -1  33   0    M    M    M  9.3 22 150   M    M   1 1      29 150
25  37  26  32  -2  33   0 0.29  3.0    1 12.4 29 270   M    M  10 1      37 260
26  34  15  25  -9  40   0    T    T    1 11.2 21 320   M    M   8        31 310
================================================================================
SM 1080  530       879   0  0.54     4.5 226.9          M       86
================================================================================
AV 41.5 20.4                               8.7 FASTST   M    M   3    MAX(MPH)
                                 MISC ---->  # 29 270               #176  140
================================================================================
NOTES:
# LAST OF SEVERAL OCCURRENCES

COLUMN 17 PEAK WIND IN M.P.H.

PRELIMINARY LOCAL CLIMATOLOGICAL DATA (WS FORM: F-6) , PAGE 2

                                          STATION:  WAUSAU WI
                                          MONTH:    MARCH
                                          YEAR:     2015
                                          LATITUDE:   44 55 N
                                          LONGITUDE:  89 37 W

[TEMPERATURE DATA]      [PRECIPITATION DATA]       SYMBOLS USED IN COLUMN 16

AVERAGE MONTHLY: 31.0   TOTAL FOR MONTH:   0.54    1 = FOG OR MIST
DPTR FM NORMAL:   2.1   DPTR FM NORMAL:   -0.90    2 = FOG REDUCING VISIBILITY
HIGHEST:    63 ON 13    GRTST 24HR  0.29 ON 25-25      TO 1/4 MILE OR LESS
LOWEST:     -9 ON  5                               3 = THUNDER
                        SNOW, ICE PELLETS, HAIL    4 = ICE PELLETS
                        TOTAL MONTH:   4.5 INCHES  5 = HAIL
                        GRTST 24HR   3.0 ON 25-25  6 = FREEZING RAIN OR DRIZZLE
                        GRTST DEPTH:  11 ON  6, 5  7 = DUSTSTORM OR SANDSTORM:
                                                       VSBY 1/2 MILE OR LESS
                                                   8 = SMOKE OR HAZE
[NO. OF DAYS WITH]      [WEATHER - DAYS WITH]      9 = BLOWING SNOW
                                                   X = TORNADO
MAX 32 OR BELOW:   6    0.01 INCH OR MORE:   4
MAX 90 OR ABOVE:   0    0.10 INCH OR MORE:   2
MIN 32 OR BELOW:  23    0.50 INCH OR MORE:   0
MIN  0 OR BELOW:   3    1.00 INCH OR MORE:   0

[HDD (BASE 65) ]
TOTAL THIS MO.   879    CLEAR  (SCALE 0-3)  13
DPTR FM NORMAL   -59    PTCLDY (SCALE 4-7)  10
TOTAL FM JUL 1  7459    CLOUDY (SCALE 8-10)  2
DPTR FM NORMAL   385

[CDD (BASE 65) ]
TOTAL THIS MO.     0
DPTR FM NORMAL     0    [PRESSURE DATA]
TOTAL FM JAN 1     0    HIGHEST SLP M ON M
DPTR FM NORMAL     0    LOWEST  SLP 29.57 ON  3

[REMARKS]
SNOWFALL AND PRECIPITATION AMOUNTS, AND SNOWDEPTH DURING
MIXED OR ALL SNOW EVENTS PROVIDED BY WSAW-TV.
