140
CXUS53 KGRB 230715
CF6AUW
PRELIMINARY LOCAL CLIMATOLOGICAL DATA (WS FORM: F-6)

                                          STATION:   WAUSAU WI
                                          MONTH:     FEBRUARY
                                          YEAR:      2018
                                          LATITUDE:   44 55 N
                                          LONGITUDE:  89 37 W

  TEMPERATURE IN F:       :PCPN:    SNOW:  WIND      :SUNSHINE: SKY     :PK WND
================================================================================
1   2   3   4   5  6A  6B    7    8   9   10  11  12  13   14  15   16   17  18
                                     12Z  AVG MX 2MIN
DY MAX MIN AVG DEP HDD CDD  WTR  SNW DPTH SPD SPD DIR MIN PSBL S-S WX    SPD DR
================================================================================

 1  23  -6   9  -7  56   0    T    T    7 13.4 25 310   M    M   2 189    35 310
 2   5 -11  -3 -19  68   0    T  0.1    7  5.7 15 270   M    M   3        18 280
 3  18   5  12  -4  53   0 0.18  3.2   10  5.9 12  20   M    M  10        18  20
 4  11  -7   2 -14  63   0 0.02  0.5   10 10.9 17 270   M    M   4        23 360
 5  10 -13  -1 -17  66   0 0.00  0.0   10  7.3 18 250   M    M   1        24 250
 6   7  -9  -1 -18  66   0 0.00  0.0   10  4.2 12 270   M    M   2        15 240
 7  12  -3   5 -12  60   0 0.01  0.3   10  5.1 14 270   M    M   5 18     17 280
 8  13  -5   4 -13  61   0 0.00  0.0   10  5.7 20 280   M    M   3 1      24 280
 9  14   1   8  -9  57   0    T    T   10  5.7 12  10   M    M   3        15 360
10  13  -2   6 -12  59   0 0.00  0.0    9  5.0 12 290   M    M   1        15 300
11  18   3  11  -7  54   0 0.00  0.0    9  9.0 24 270   M    M   1        30 270
12  13  -3   5 -13  60   0 0.00  0.0    9  5.1 12 310   M    M   0        15 310
13  28  -1  14  -4  51   0 0.00  0.0    9  6.9 18 180   M    M   5        21 200
14  44  15  30  11  35   0 0.00  0.0    8  6.9 15 210   M    M   0 18     23 200
15  42  26  34  15  31   0 0.00  0.0    8  8.1 17 360   M    M   4 1      22 360
16  26   7  17  -2  48   0 0.00  0.0    8  9.0 20 300   M    M   2        27 330
17  25   6  16  -4  49   0 0.07  1.4    8  7.5 17 230   M    M   4 1      25 240
18  35   5  20   0  45   0 0.00  0.0    8 10.4 30 160   M    M   5        38 160
19  31  18  25   5  40   0 0.10  0.5    5  6.9 18  70   M    M   8 168    24  70
20  31  17  24   3  41   0 0.05    T    5  9.4 21 270   M    M  10 16     25 280
21  18   5  12  -9  53   0 0.00  0.0    5  6.4 14 300   M    M   0        18 300
22  29   5  17  -4  48   0 0.05  0.5    5  6.2 16 100   M    M   7 16     22 100
================================================================================
SM  466   53      1164   0  0.48     6.5 160.7          M       80
================================================================================
AV 21.2  2.4                               7.3 FASTST   M    M   4    MAX(MPH)
                                 MISC ---->  # 30 160               # 38  160
================================================================================
NOTES:
# LAST OF SEVERAL OCCURRENCES

COLUMN 17 PEAK WIND IN M.P.H.

PRELIMINARY LOCAL CLIMATOLOGICAL DATA (WS FORM: F-6) , PAGE 2

                                          STATION:  WAUSAU WI
                                          MONTH:    FEBRUARY
                                          YEAR:     2018
                                          LATITUDE:   44 55 N
                                          LONGITUDE:  89 37 W

[TEMPERATURE DATA]      [PRECIPITATION DATA]       SYMBOLS USED IN COLUMN 16

AVERAGE MONTHLY: 11.8   TOTAL FOR MONTH:   0.48    1 = FOG OR MIST
DPTR FM NORMAL:  -6.4   DPTR FM NORMAL:   -0.20    2 = FOG REDUCING VISIBILITY
HIGHEST:    44 ON 14    GRTST 24HR  0.18 ON  3- 3      TO 1/4 MILE OR LESS
LOWEST:    -13 ON  5                               3 = THUNDER
                        SNOW, ICE PELLETS, HAIL    4 = ICE PELLETS
                        TOTAL MONTH:   6.5 INCHES  5 = HAIL
                        GRTST 24HR   3.2 ON  3- 3  6 = FREEZING RAIN OR DRIZZLE
                        GRTST DEPTH:  10 ON  9, 8  7 = DUSTSTORM OR SANDSTORM:
                                                       VSBY 1/2 MILE OR LESS
                                                   8 = SMOKE OR HAZE
[NO. OF DAYS WITH]      [WEATHER - DAYS WITH]      9 = BLOWING SNOW
                                                   X = TORNADO
MAX 32 OR BELOW:  19    0.01 INCH OR MORE:   7
MAX 90 OR ABOVE:   0    0.10 INCH OR MORE:   2
MIN 32 OR BELOW:  22    0.50 INCH OR MORE:   0
MIN  0 OR BELOW:  10    1.00 INCH OR MORE:   0

[HDD (BASE 65) ]
TOTAL THIS MO.  1164    CLEAR  (SCALE 0-3)  12
DPTR FM NORMAL   134    PTCLDY (SCALE 4-7)   8
TOTAL FM JUL 1  5881    CLOUDY (SCALE 8-10)  2
DPTR FM NORMAL     1

[CDD (BASE 65) ]
TOTAL THIS MO.     0
DPTR FM NORMAL     0    [PRESSURE DATA]
TOTAL FM JAN 1     0    HIGHEST SLP M ON M
DPTR FM NORMAL     0    LOWEST  SLP 29.63 ON 15

[REMARKS]
