889
CXUS51 KBGM 220800
CF6AVP
PRELIMINARY LOCAL CLIMATOLOGICAL DATA (WS FORM: F-6)

                                          STATION:   AVOCA PA
                                          MONTH:     MAY
                                          YEAR:      2015
                                          LATITUDE:   41 19 N
                                          LONGITUDE:  75 44 W

  TEMPERATURE IN F:       :PCPN:    SNOW:  WIND      :SUNSHINE: SKY     :PK WND
================================================================================
1   2   3   4   5  6A  6B    7    8   9   10  11  12  13   14  15   16   17  18
                                     12Z  AVG MX 2MIN
DY MAX MIN AVG DEP HDD CDD  WTR  SNW DPTH SPD SPD DIR MIN PSBL S-S WX    SPD DR
================================================================================

 1  62  48  55   1  10   0    T  0.0    M  4.7 12 270   M    M  10        15 250
 2  76  41  59   4   6   0 0.00  0.0    M  4.5 16 340   M    M   3 1      20 320
 3  79  45  62   7   3   0 0.00  0.0    M  4.2 10 240   M    M   0        14 310
 4  85  51  68  13   0   3 0.00  0.0    M  7.3 25 270   M    M   2 8      32 270
 5  79  65  72  16   0   7    T  0.0    M  5.7 14 290   M    M   6 8      18 300
 6  69  53  61   5   4   0 0.14  0.0    M  4.1 12  30   M    M   9 1      15 110
 7  82  53  68  12   0   3 0.00  0.0    M  4.7 15 280   M    M   3        20 260
 8  91  58  75  19   0  10 0.00  0.0    M  4.9 13 170   M    M   1 18     23 180
 9  82  61  72  15   0   7 0.00  0.0    M  6.4 15 200   M    M   1 3      24 230
10  87  60  74  17   0   9 0.00  0.0    M  8.2 18 260   M    M   1 1      25 250
11  87  63  75  18   0  10 0.00  0.0    M  6.2 16 200   M    M   4 18     23 190
12  82  56  69  11   0   4    T  0.0    M 12.4 29 280   M    M   4 1      38 230
13  61  42  52  -6  13   0 0.00  0.0    M 10.1 21 340   M    M   7        26 330
14  70  37  54  -4  11   0    T  0.0    M  3.8 14 270   M    M   0        19 270
15  77  45  61   3   4   0    T  0.0    0  6.7 20 240   M    M   3 8      25 250
16  80  60  70  11   0   5 0.16  0.0    0  5.4 22 230   M    M   7 138    29 230
17  83  65  74  15   0   9 0.04  0.0    M  2.6  9 240   M    M   7 128    14 290
18  85  63  74  15   0   9 0.02  0.0    M  5.0 14 120   M    M   7 138    23 160
19  86  56  71  11   0   6 0.03  0.0    M  8.7 24 340   M    M   6 18     31 350
20  59  43  51  -9  14   0    T  0.0    M  9.5 22 300   M    M   6        30 310
21  61  44  53  -7  12   0    T  0.0    0  5.4 14 250   M    M   9        17 270
================================================================================
SM 1623 1109        77  82  0.39     0.0 130.5          M       96
================================================================================
AV 77.3 52.8                               6.2 FASTST   M    M   5    MAX(MPH)
                                 MISC ---->  # 29 280               # 38  230
================================================================================
NOTES:
# LAST OF SEVERAL OCCURRENCES

COLUMN 17 PEAK WIND IN M.P.H.

PRELIMINARY LOCAL CLIMATOLOGICAL DATA (WS FORM: F-6) , PAGE 2

                                          STATION:  AVOCA PA
                                          MONTH:    MAY
                                          YEAR:     2015
                                          LATITUDE:   41 19 N
                                          LONGITUDE:  75 44 W

[TEMPERATURE DATA]      [PRECIPITATION DATA]       SYMBOLS USED IN COLUMN 16

AVERAGE MONTHLY: 65.0   TOTAL FOR MONTH:   0.39    1 = FOG OR MIST
DPTR FM NORMAL:   7.8   DPTR FM NORMAL:   -1.92    2 = FOG REDUCING VISIBILITY
HIGHEST:    91 ON  8    GRTST 24HR  0.20 ON 16-17      TO 1/4 MILE OR LESS
LOWEST:     37 ON 14                               3 = THUNDER
                        SNOW, ICE PELLETS, HAIL    4 = ICE PELLETS
                        TOTAL MONTH:   0.0 INCH    5 = HAIL
                        GRTST 24HR     0.0         6 = FREEZING RAIN OR DRIZZLE
                        GRTST DEPTH:   0           7 = DUSTSTORM OR SANDSTORM:
                                                       VSBY 1/2 MILE OR LESS
                                                   8 = SMOKE OR HAZE
[NO. OF DAYS WITH]      [WEATHER - DAYS WITH]      9 = BLOWING SNOW
                                                   X = TORNADO
MAX 32 OR BELOW:   0    0.01 INCH OR MORE:   5
MAX 90 OR ABOVE:   1    0.10 INCH OR MORE:   2
MIN 32 OR BELOW:   0    0.50 INCH OR MORE:   0
MIN  0 OR BELOW:   0    1.00 INCH OR MORE:   0

[HDD (BASE 65) ]
TOTAL THIS MO.    77    CLEAR  (SCALE 0-3)   7
DPTR FM NORMAL  -101    PTCLDY (SCALE 4-7)  11
TOTAL FM JUL 1  6221    CLOUDY (SCALE 8-10)  3
DPTR FM NORMAL    70

[CDD (BASE 65) ]
TOTAL THIS MO.    82
DPTR FM NORMAL    68    [PRESSURE DATA]
TOTAL FM JAN 1    82    HIGHEST SLP M ON M
DPTR FM NORMAL    62    LOWEST  SLP 29.74 ON 19

[REMARKS]
