000
CXAK56 PAFC 191339
CF6BET

PRELIMINARY LOCAL CLIMATOLOGICAL DATA (WS FORM: F-6)

                                          STATION:   BETHEL
                                          MONTH:     FEBRUARY
                                          YEAR:      2018
                                          LATITUDE:   60 46 N
                                          LONGITUDE: 161 48 W

  TEMPERATURE IN F:       :PCPN:    SNOW:  WIND      :SUNSHINE: SKY     :PK WND
================================================================================
1   2   3   4   5  6A  6B    7    8   9   10  11  12  13   14  15   16   17  18
                                     12Z  AVG MX 2MIN
DY MAX MIN AVG DEP HDD CDD  WTR  SNW DPTH SPD SPD DIR MIN PSBL S-S WX    SPD DR
================================================================================

 1   5   3   4  -4  61   0 0.00  0.0    1 27.5 32  10   M    M   0        39  10
 2  11   2   7  -1  58   0 0.00  0.0    1 20.5 29 360   M    M   0        35  20
 3  15   5  10   1  55   0 0.00  0.0    1 16.6 22  40   M    M   2        27  40
 4  15   3   9   0  56   0 0.00  0.0    1 11.7 14  20   M    M   1         M  M
 5  25   3  14   5  51   0 0.06  0.6    1 13.0 20  30   M    M   4 1       M  M
 6  35  25  30  21  35   0 0.05  0.5    2  8.6 17 160   M    M   8 18     22 160
 7  25  13  19   9  46   0    T    M    2 10.3 16  50   M    M   4 1      19  40
 8  21  10  16   6  49   0 0.00  0.0    0 11.5 16  30   M    M   3        20  40
 9  37  11  24  14  41   0 0.01  0.1    2 13.1 29  90   M    M   7        36  90
10  39  34  37  27  28   0 0.02    T    2 11.2 17 100   M    M  10 1      22 100
11  36  33  35  25  30   0 0.15  1.0    2 12.5 23 150   M    M  10 1      30 150
12  33  23  28  17  37   0 0.01  0.1    2 12.4 22 280   M    M   9 126    28 270
13  34   3  19   8  46   0 0.19  1.9    6 21.6 31 180   M    M  10 1      45 180
14  33  26  30  19  35   0 0.16    M    0 14.9 26 180   M    M  10 12     32 180
15  31  21  26  15  39   0 0.08    M    0  8.6 15 130   M    M   8 12     18 130
16  32  14  23  11  42   0 0.04  0.0    8  9.6 20 200   M    M   6 12     24 200
17  39  16  28  16  37   0 0.00  0.0    8 10.1 14 100   M    M   3         M  M
18  39  31  35  23  30   0 0.05  0.5    8 17.7 31 140   M    M   9 1      40 140
================================================================================
SM  505  276       776   0  0.82     4.7 251.4          M      104
================================================================================
AV 28.1 15.3                              14.0 FASTST   M    M   6    MAX(MPH)
                                 MISC ---->  # 32  10               # 45  180
================================================================================
NOTES:
# LAST OF SEVERAL OCCURRENCES

COLUMN 17 PEAK WIND IN M.P.H.

PRELIMINARY LOCAL CLIMATOLOGICAL DATA (WS FORM: F-6) , PAGE 2

                                          STATION:  BETHEL
                                          MONTH:    FEBRUARY
                                          YEAR:     2018
                                          LATITUDE:   60 46 N
                                          LONGITUDE: 161 48 W

[TEMPERATURE DATA]      [PRECIPITATION DATA]       SYMBOLS USED IN COLUMN 16

AVERAGE MONTHLY: 21.7   TOTAL FOR MONTH:   0.82    1 = FOG OR MIST
DPTR FM NORMAL:  11.6   DPTR FM NORMAL:    0.36    2 = FOG REDUCING VISIBILITY
HIGHEST:    39 ON 18,17 GRTST 24HR  0.19 ON 13-13      TO 1/4 MILE OR LESS
LOWEST:      2 ON  2                               3 = THUNDER
                        SNOW, ICE PELLETS, HAIL    4 = ICE PELLETS
                        TOTAL MONTH:   4.7 INCHES  5 = HAIL
                        GRTST 24HR   1.9 ON 13-13  6 = FREEZING RAIN OR DRIZZLE
                        GRTST DEPTH:   8 ON 18,17  7 = DUSTSTORM OR SANDSTORM:
                                                       VSBY 1/2 MILE OR LESS
                                                   8 = SMOKE OR HAZE
[NO. OF DAYS WITH]      [WEATHER - DAYS WITH]      9 = BLOWING SNOW
                                                   X = TORNADO
MAX 32 OR BELOW:   9    0.01 INCH OR MORE:  11
MAX 90 OR ABOVE:   0    0.10 INCH OR MORE:   3
MIN 32 OR BELOW:  16    0.50 INCH OR MORE:   0
MIN  0 OR BELOW:   0    1.00 INCH OR MORE:   0

[HDD (BASE 65) ]
TOTAL THIS MO.   776    CLEAR  (SCALE 0-3)   6
DPTR FM NORMAL  -211    PTCLDY (SCALE 4-7)   6
TOTAL FM JUL 1  6832    CLOUDY (SCALE 8-10)  6
DPTR FM NORMAL -1382

[CDD (BASE 65) ]
TOTAL THIS MO.     0
DPTR FM NORMAL     0    [PRESSURE DATA]
TOTAL FM JAN 1     0    HIGHEST SLP M ON M
DPTR FM NORMAL     0    LOWEST  SLP 29.46 ON 12

[REMARKS]
