268
CXAK56 PAFC 231320
CF6BET
PRELIMINARY LOCAL CLIMATOLOGICAL DATA (WS FORM: F-6)

                                          STATION:   BETHEL
                                          MONTH:     JANUARY
                                          YEAR:      2017
                                          LATITUDE:   60 46 N
                                          LONGITUDE: 161 48 W

  TEMPERATURE IN F:       :PCPN:    SNOW:  WIND      :SUNSHINE: SKY     :PK WND
================================================================================
1   2   3   4   5  6A  6B    7    8   9   10  11  12  13   14  15   16   17  18
                                     12Z  AVG MX 2MIN
DY MAX MIN AVG DEP HDD CDD  WTR  SNW DPTH SPD SPD DIR MIN PSBL S-S WX    SPD DR
================================================================================

 1  39  35  37  30  28   0    T  0.0    1 20.6 29 160   M    M   8        36 150
 2  38  35  37  30  28   0 0.04  0.0    1 19.8 29 150   M    M  10 1      36 150
 3  36  31  34  27  31   0 0.32  1.5    2 11.1 18 170   M    M  10 1      23 150
 4  31  19  25  18  40   0 0.00  0.0    1  7.9 13 210   M    M   4 1      15 320
 5  28  20  24  17  41   0    T    T    1  5.4 12 210   M    M  10 12     13 230
 6  26   7  17  11  48   0 0.00  0.0    0  8.3 13  40   M    M   3 12     17  50
 7   8   3   6   0  59   0 0.00  0.0    1  5.8 10  10   M    M   2        11  10
 8  10   3   7   1  58   0 0.00  0.0    1 10.6 16  10   M    M   2        19  10
 9   5  -1   2  -4  63   0 0.00  0.0    1 11.1 17  20   M    M   0        20  20
10  10  -3   4  -2  61   0 0.00  0.0    1  4.1 10  20   M    M   3 12     14 300
11  20   7  14   8  51   0 0.00  0.0    1  5.4 13  30   M    M  10 12     14  10
12  16  -5   6   0  59   0    T    T    1 16.2 25 360   M    M   5 18     30 360
13  -4 -10  -7 -13  72   0    T  0.0    0 19.0 26 360   M    M   4 18     33  10
14   2 -11  -4 -10  69   0 0.01  0.1    1 11.3 17 200   M    M   5 18     23 310
15   1  -9  -4 -10  69   0    T    T    1  5.4 14  20   M    M   7 1      16 240
16  -7 -20 -13 -19  78   0    T    T    1  7.6 17  20   M    M   2 18     20  20
17  -9 -23 -16 -22  81   0 0.00  0.0    1  2.9  7  30   M    M   0 18      7 360
18  -4 -23 -13 -19  78   0    T    T    1  7.6 18 330   M    M   6 1      22 330
19   1 -13  -6 -12  71   0 0.27  2.7    4 19.1 31  20   M    M  10 1289   37  30
20 -11 -23 -17 -23  82   0 0.00  0.0    4 10.4 17 330   M    M   3 18     21 330
21 -10 -30 -20 -26  85   0 0.00  0.0    4  4.0  9 360   M    M   1 18     10 320
22 -17 -31 -24 -30  89   0 0.00  0.0    4 14.1 26  30   M    M   1        32  40
================================================================================
SM  209  -42      1341   0  0.64     4.3 227.7          M      106
================================================================================
AV  9.5 -1.9                              10.4 FASTST   M    M   5    MAX(MPH)
                                 MISC ---->  # 31  20               # 37   30
================================================================================
NOTES:
# LAST OF SEVERAL OCCURRENCES

COLUMN 17 PEAK WIND IN M.P.H.

PRELIMINARY LOCAL CLIMATOLOGICAL DATA (WS FORM: F-6) , PAGE 2

                                          STATION:  BETHEL
                                          MONTH:    JANUARY
                                          YEAR:     2017
                                          LATITUDE:   60 46 N
                                          LONGITUDE: 161 48 W

[TEMPERATURE DATA]      [PRECIPITATION DATA]       SYMBOLS USED IN COLUMN 16

AVERAGE MONTHLY:  3.8   TOTAL FOR MONTH:   0.64    1 = FOG OR MIST
DPTR FM NORMAL:  -2.4   DPTR FM NORMAL:    0.07    2 = FOG REDUCING VISIBILITY
HIGHEST:    39 ON  1    GRTST 24HR  0.34 ON  2- 3      TO 1/4 MILE OR LESS
LOWEST:    -31 ON 22                               3 = THUNDER
                        SNOW, ICE PELLETS, HAIL    4 = ICE PELLETS
                        TOTAL MONTH:   4.3 INCHES  5 = HAIL
                        GRTST 24HR   2.7 ON   M    6 = FREEZING RAIN OR DRIZZLE
                        GRTST DEPTH:   4 ON 22,21  7 = DUSTSTORM OR SANDSTORM:
                                                       VSBY 1/2 MILE OR LESS
                                                   8 = SMOKE OR HAZE
[NO. OF DAYS WITH]      [WEATHER - DAYS WITH]      9 = BLOWING SNOW
                                                   X = TORNADO
MAX 32 OR BELOW:  19    0.01 INCH OR MORE:   4
MAX 90 OR ABOVE:   0    0.10 INCH OR MORE:   2
MIN 32 OR BELOW:  20    0.50 INCH OR MORE:   0
MIN  0 OR BELOW:  13    1.00 INCH OR MORE:   0

[HDD (BASE 65) ]
TOTAL THIS MO.  1341    CLEAR  (SCALE 0-3)  10
DPTR FM NORMAL    48    PTCLDY (SCALE 4-7)   7
TOTAL FM JUL 1  6158    CLOUDY (SCALE 8-10)  5
DPTR FM NORMAL  -552

[CDD (BASE 65) ]
TOTAL THIS MO.     0
DPTR FM NORMAL     0    [PRESSURE DATA]
TOTAL FM JAN 1     0    HIGHEST SLP M ON M
DPTR FM NORMAL     0    LOWEST  SLP 29.04 ON 19

[REMARKS]
