243
CXUS54 KAMA 291015
CF6BGD
PRELIMINARY LOCAL CLIMATOLOGICAL DATA (WS FORM: F-6)

                                          STATION:   BORGER
                                          MONTH:     APRIL
                                          YEAR:      2016
                                          LATITUDE:   35 42 N
                                          LONGITUDE: 101 24 W

  TEMPERATURE IN F:       :PCPN:    SNOW:  WIND      :SUNSHINE: SKY     :PK WND
================================================================================
1   2   3   4   5  6A  6B    7    8   9   10  11  12  13   14  15   16   17  18
                                     12Z  AVG MX 2MIN
DY MAX MIN AVG DEP HDD CDD  WTR  SNW DPTH SPD SPD DIR MIN PSBL S-S WX    SPD DR
================================================================================

 1  60  37  49  -6  16   0 0.00  0.0    0  6.8 21 360   M    M   3        27 360
 2  70  34  52  -3  13   0 0.00  0.0    0  7.2 17 280   M    M   0        24 280
 3  79  45  62   7   3   0 0.00  0.0    0  9.9 24 250   M    M   0        32 250
 4  83  44  64   9   1   0 0.00  0.0    0  8.8 24 140   M    M   0        32 150
 5  87  53  70  14   0   5 0.00  0.0    0 20.6 37 350   M    M   1 8      51 350
 6  76  44  60   4   5   0 0.00  0.0    0  8.7 18 240   M    M   1        24 320
 7  74  44  59   3   6   0 0.00  0.0    0 10.4 24  20   M    M   0        32  20
 8  74  44  59   2   6   0 0.00  0.0    0  7.5 20 170   M    M   1        27 170
 9  81  53  67  10   0   2    T  0.0    0 13.7 26 200   M    M   3        34 210
10  87  58  73  16   0   8    T  0.0    0 13.8 43 250   M    M   0        54 250
11  61  46  54  -3  11   0    T  0.0    0 12.8 24  10   M    M   7 18     31 360
12  66  44  55  -3  10   0 0.00  0.0    0  7.7 17 190   M    M   5        24 190
13  75  48  62   4   3   0 0.00  0.0    0 10.4 16 150   M    M   1        25 160
14  82  51  67   9   0   2 0.00  0.0    0 15.4 28 160   M    M   2        41 150
15  75  53  64   6   1   0 0.00  0.0    0 19.2 38 140   M    M   4        51 140
16  67  46  57  -2   8   0 0.52  0.0    0 17.9 30 140   M    M   7 13     42 140
17  56  44  50  -9  15   0 0.17  0.0    0 12.2 20  30   M    M   7        26 360
18  66  39  53  -6  12   0 0.00  0.0    0  8.0 18 360   M    M   0        22 360
19  59  49  54  -6  11   0 0.91    M    0  7.6 17  30   M    M   9 1      22  40
20  72  47  60   0   5   0 0.00  0.0    0  6.0 16  10   M    M   6 1      22  10
21  74  45  60   0   5   0 0.00  0.0    0  6.8 18 360   M    M   0        29 360
22  79  46  63   3   2   0 0.00  0.0    0  7.3 23 170   M    M   0        31 160
23  84  55  70   9   0   5 0.00  0.0    0 17.8 29 180   M    M   0        41 170
24  85  60  73  12   0   8 0.00  0.0    0 15.5 28 220   M    M   0        38 230
25  87  49  68   7   0   3 0.00  0.0    0  8.7 18 220   M    M   0        26 190
26  79  52  66   4   0   1    T  0.0    0  9.3 32 260   M    M   0        47 280
27  70  48  59  -3   6   0 0.00  0.0    0  9.4 21 360   M    M   0        28 300
28  73  45  59  -3   6   0 0.78  0.0    0 13.6 25  70   M    M   3 13     38  90
================================================================================
SM 2081 1323       145  34  2.38     0.0 313.0          M       60
================================================================================
AV 74.3 47.2                              11.2 FASTST   M    M   2    MAX(MPH)
                                 MISC ---->  # 43 250               # 54  250
================================================================================
NOTES:
# LAST OF SEVERAL OCCURRENCES

COLUMN 17 PEAK WIND IN M.P.H.

PRELIMINARY LOCAL CLIMATOLOGICAL DATA (WS FORM: F-6) , PAGE 2

                                          STATION:  BORGER
                                          MONTH:    APRIL
                                          YEAR:     2016
                                          LATITUDE:   35 42 N
                                          LONGITUDE: 101 24 W

[TEMPERATURE DATA]      [PRECIPITATION DATA]       SYMBOLS USED IN COLUMN 16

AVERAGE MONTHLY: 60.8   TOTAL FOR MONTH:   2.38    1 = FOG OR MIST
DPTR FM NORMAL:   2.4   DPTR FM NORMAL:    0.92    2 = FOG REDUCING VISIBILITY
HIGHEST:    87 ON 25,10 GRTST 24HR  0.91 ON 19-19      TO 1/4 MILE OR LESS
LOWEST:     34 ON  2                               3 = THUNDER
                        SNOW, ICE PELLETS, HAIL    4 = ICE PELLETS
                        TOTAL MONTH:   0.0 INCH    5 = HAIL
                        GRTST 24HR     0.0         6 = FREEZING RAIN OR DRIZZLE
                        GRTST DEPTH:   0           7 = DUSTSTORM OR SANDSTORM:
                                                       VSBY 1/2 MILE OR LESS
                                                   8 = SMOKE OR HAZE
[NO. OF DAYS WITH]      [WEATHER - DAYS WITH]      9 = BLOWING SNOW
                                                   X = TORNADO
MAX 32 OR BELOW:   0    0.01 INCH OR MORE:   4
MAX 90 OR ABOVE:   0    0.10 INCH OR MORE:   4
MIN 32 OR BELOW:   0    0.50 INCH OR MORE:   3
MIN  0 OR BELOW:   0    1.00 INCH OR MORE:   0

[HDD (BASE 65) ]
TOTAL THIS MO.   145    CLEAR  (SCALE 0-3)  19
DPTR FM NORMAL   -73    PTCLDY (SCALE 4-7)   8
TOTAL FM JUL 1  2911    CLOUDY (SCALE 8-10)  1
DPTR FM NORMAL  -784

[CDD (BASE 65) ]
TOTAL THIS MO.    34
DPTR FM NORMAL     1    [PRESSURE DATA]
TOTAL FM JAN 1    51    HIGHEST SLP M ON M
DPTR FM NORMAL    11    LOWEST  SLP 29.48 ON 26

[REMARKS]
