019
CXUS55 KBYZ 231055
CF6BIL
PRELIMINARY LOCAL CLIMATOLOGICAL DATA (WS FORM: F-6)

                                          STATION:   BILLINGS MT
                                          MONTH:     AUGUST
                                          YEAR:      2017
                                          LATITUDE:   45 47 N
                                          LONGITUDE: 108 32 W

  TEMPERATURE IN F:       :PCPN:    SNOW:  WIND      :SUNSHINE: SKY     :PK WND
================================================================================
1   2   3   4   5  6A  6B    7    8   9   10  11  12  13   14  15   16   17  18
                                     12Z  AVG MX 2MIN
DY MAX MIN AVG DEP HDD CDD  WTR  SNW DPTH SPD SPD DIR MIN PSBL S-S WX    SPD DR
================================================================================

 1  92  62  77   3   0  12 0.09  0.0    0  9.2 36 270   M    M   3 3      52 280
 2  70  56  63 -11   2   0 0.00  0.0    0  8.4 25 360   M    M   7        34 360
 3  77  53  65  -9   0   0 0.00  0.0    0  6.2 16  70   M    M   1 1      27 110
 4  88  53  71  -3   0   6 0.01  0.0    0  8.8 28  20   M    M   2 3      38  30
 5  73  57  65  -9   0   0 0.05  0.0    0  8.1 21  10   M    M   7 3      26  10
 6  74  56  65  -9   0   0    T  0.0    0  7.5 17  10   M    M   5        20  60
 7  82  52  67  -7   0   2 0.00  0.0    0  5.0 12  20   M    M   1        17 130
 8  84  56  70  -4   0   5 0.00  0.0    0  8.1 17  40   M    M   4        24  90
 9  78  56  67  -6   0   2 0.00  0.0    0  6.9 15  70   M    M   4        19  60
10  82  51  67  -6   0   2 0.00  0.0    0  5.4 12 110   M    M   2        17  90
11  86  60  73   0   0   8    T  0.0    0 10.3 28  20   M    M   5 3      36  30
12  83  56  70  -3   0   5 0.00  0.0    0  5.9 14 260   M    M   3        17 270
13  85  55  70  -3   0   5    T  0.0    0  8.1 32 280   M    M   6        39 260
14  73  58  66  -6   0   1 0.02  0.0    0  7.9 20 320   M    M   9        24 330
15  80  60  70  -2   0   5 0.00  0.0    0  6.7 15 250   M    M   5        17 250
16  90  54  72   0   0   7 0.00  0.0    0 10.0 21 200   M    M   2        29 190
17  88  61  75   3   0  10    T  0.0    0  8.4 23 350   M    M   6        32 340
18  92  58  75   3   0  10 0.00  0.0    0 11.4 20 260   M    M   0        24 250
19  86  61  74   3   0   9 0.00  0.0    0 11.0 23  40   M    M   5        25  80
20  85  55  70  -1   0   5 0.00  0.0    0  7.8 17  10   M    M   4        20  10
21  81  56  69  -2   0   4 0.00  0.0    0  6.1 12  60   M    M   3        14  70
22  88  52  70   0   0   5 0.00  0.0    0  6.0 13  60   M    M   1        17 120
================================================================================
SM 1817 1238         2 103  0.17     0.0 173.2          M       85
================================================================================
AV 82.6 56.3                               7.9 FASTST   M    M   4    MAX(MPH)
                                 MISC ---->  # 36 270               # 52  280
================================================================================
NOTES:
# LAST OF SEVERAL OCCURRENCES

COLUMN 17 PEAK WIND IN M.P.H.

PRELIMINARY LOCAL CLIMATOLOGICAL DATA (WS FORM: F-6) , PAGE 2

                                          STATION:  BILLINGS MT
                                          MONTH:    AUGUST
                                          YEAR:     2017
                                          LATITUDE:   45 47 N
                                          LONGITUDE: 108 32 W

[TEMPERATURE DATA]      [PRECIPITATION DATA]       SYMBOLS USED IN COLUMN 16

AVERAGE MONTHLY: 69.4   TOTAL FOR MONTH:   0.17    1 = FOG OR MIST
DPTR FM NORMAL:  -3.3   DPTR FM NORMAL:   -0.36    2 = FOG REDUCING VISIBILITY
HIGHEST:    92 ON 18, 1 GRTST 24HR  0.09 ON  1- 1      TO 1/4 MILE OR LESS
LOWEST:     51 ON 10                               3 = THUNDER
                        SNOW, ICE PELLETS, HAIL    4 = ICE PELLETS
                        TOTAL MONTH:   0.0 INCH    5 = HAIL
                        GRTST 24HR     0.0         6 = FREEZING RAIN OR DRIZZLE
                        GRTST DEPTH:   0           7 = DUSTSTORM OR SANDSTORM:
                                                       VSBY 1/2 MILE OR LESS
                                                   8 = SMOKE OR HAZE
[NO. OF DAYS WITH]      [WEATHER - DAYS WITH]      9 = BLOWING SNOW
                                                   X = TORNADO
MAX 32 OR BELOW:   0    0.01 INCH OR MORE:   4
MAX 90 OR ABOVE:   3    0.10 INCH OR MORE:   0
MIN 32 OR BELOW:   0    0.50 INCH OR MORE:   0
MIN  0 OR BELOW:   0    1.00 INCH OR MORE:   0

[HDD (BASE 65) ]
TOTAL THIS MO.     2    CLEAR  (SCALE 0-3)  10
DPTR FM NORMAL    -5    PTCLDY (SCALE 4-7)  11
TOTAL FM JUL 1     2    CLOUDY (SCALE 8-10)  1
DPTR FM NORMAL   -20

[CDD (BASE 65) ]
TOTAL THIS MO.   103
DPTR FM NORMAL   -74    [PRESSURE DATA]
TOTAL FM JAN 1   640    HIGHEST SLP M ON M
DPTR FM NORMAL   105    LOWEST  SLP 29.75 ON 13

[REMARKS]
