000
CXUS53 KBIS 180843
CF6BIS
PRELIMINARY LOCAL CLIMATOLOGICAL DATA (WS FORM: F-6)

                                          STATION:   BISMARCK ND
                                          MONTH:     DECEMBER
                                          YEAR:      2014
                                          LATITUDE:   46 46 N
                                          LONGITUDE: 100 45 W

  TEMPERATURE IN F:       :PCPN:    SNOW:  WIND      :SUNSHINE: SKY     :PK WND
================================================================================
1   2   3   4   5  6A  6B    7    8   9   10  11  12  13   14  15   16   17  18
                                     12Z  AVG MX 2MIN
DY MAX MIN AVG DEP HDD CDD  WTR  SNW DPTH SPD SPD DIR MIN PSBL S-S WX    SPD DR
================================================================================

 1  13 -18  -2 -23  67   0 0.00  0.0    3  8.1 23 160   M    M   0        28 160
 2  27   3  15  -6  50   0 0.00  0.0    3  6.4 18 280   M    M   2        21 290
 3  25  -4  11  -9  54   0 0.00  0.0    3  6.3 15 280   M    M   0 1      20 290
 4  27  -1  13  -7  52   0    T  0.0    3  2.2 12  60   M    M   3        13  60
 5  26   7  17  -2  48   0 0.00  0.0    3  5.1 16 330   M    M   2 1      19 330
 6  30  15  23   4  42   0    T    T    3  9.9 18 160   M    M   4        21 160
 7  46  22  34  15  31   0    T    T    3  8.8 30 310   M    M   4 1      37 320
 8  31  10  21   3  44   0 0.00  0.0    T 10.7 22 350   M    M   7        28 340
 9  31   8  20   2  45   0 0.00  0.0    T  8.4 16 150   M    M   4 1      19 160
10  39  16  28  10  37   0 0.00  0.0    T  6.5 12 150   M    M   0        13 150
11  42  19  31  14  34   0 0.00  0.0    T  7.6 15 120   M    M   0 1      18 140
12  49  23  36  19  29   0 0.00  0.0    T  5.8 13 150   M    M   0 1      14 150
13  46  20  33  17  32   0 0.00  0.0    T  4.3 10 140   M    M   0 1      13 140
14  31  22  27  11  38   0 0.00  0.0    T 10.1 21 320   M    M   9 12     26 320
15  29  21  25   9  40   0    T    T    T 17.1 29 350   M    M  10 1      38 330
16  22  14  18   2  47   0    T    T    0  8.3 17 350   M    M   9        22 350
17  20  11  16   1  49   0    T    M    T  7.5 13 140   M    M   7 18     16 140
================================================================================
SM  534  188       739   0    T     T    133.1          M       61
================================================================================
AV 31.4 11.1                               7.8 FASTST   M    M   4    MAX(MPH)
                                 MISC ---->  # 30 310               # 38  330
================================================================================
NOTES:
# LAST OF SEVERAL OCCURRENCES

COLUMN 17 PEAK WIND IN M.P.H.

PRELIMINARY LOCAL CLIMATOLOGICAL DATA (WS FORM: F-6) , PAGE 2

                                          STATION:  BISMARCK ND
                                          MONTH:    DECEMBER
                                          YEAR:     2014
                                          LATITUDE:   46 46 N
                                          LONGITUDE: 100 45 W

[TEMPERATURE DATA]      [PRECIPITATION DATA]       SYMBOLS USED IN COLUMN 16

AVERAGE MONTHLY: 21.2   TOTAL FOR MONTH:      T    1 = FOG OR MIST
DPTR FM NORMAL:   3.2   DPTR FM NORMAL:   -0.26    2 = FOG REDUCING VISIBILITY
HIGHEST:    49 ON 12    GRTST 24HR    T  ON 17-17      TO 1/4 MILE OR LESS
LOWEST:    -18 ON  1                               3 = THUNDER
                        SNOW, ICE PELLETS, HAIL    4 = ICE PELLETS
                        TOTAL MONTH:    T          5 = HAIL
                        GRTST 24HR    T  ON 16-16  6 = FREEZING RAIN OR DRIZZLE
                        GRTST DEPTH:   3 ON  7, 6  7 = DUSTSTORM OR SANDSTORM:
                                                       VSBY 1/2 MILE OR LESS
                                                   8 = SMOKE OR HAZE
[NO. OF DAYS WITH]      [WEATHER - DAYS WITH]      9 = BLOWING SNOW
                                                   X = TORNADO
MAX 32 OR BELOW:  12    0.01 INCH OR MORE:   0
MAX 90 OR ABOVE:   0    0.10 INCH OR MORE:   0
MIN 32 OR BELOW:  17    0.50 INCH OR MORE:   0
MIN  0 OR BELOW:   3    1.00 INCH OR MORE:   0

[HDD (BASE 65) ]
TOTAL THIS MO.   739    CLEAR  (SCALE 0-3)   9
DPTR FM NORMAL   -59    PTCLDY (SCALE 4-7)   5
TOTAL FM JUL 1  2811    CLOUDY (SCALE 8-10)  3
DPTR FM NORMAL    27

[CDD (BASE 65) ]
TOTAL THIS MO.     0
DPTR FM NORMAL     0    [PRESSURE DATA]
TOTAL FM JAN 1   457    HIGHEST SLP M ON M
DPTR FM NORMAL   -63    LOWEST  SLP 29.72 ON M

[REMARKS]
