000
CXUS56 KBOI 291002
CF6BKE
PRELIMINARY LOCAL CLIMATOLOGICAL DATA (WS FORM: F-6)

                                          STATION:   BAKER OR
                                          MONTH:     AUGUST
                                          YEAR:      2016
                                          LATITUDE:   44 50 N
                                          LONGITUDE: 117 49 W

  TEMPERATURE IN F:       :PCPN:    SNOW:  WIND      :SUNSHINE: SKY     :PK WND
================================================================================
1   2   3   4   5  6A  6B    7    8   9   10  11  12  13   14  15   16   17  18
                                     12Z  AVG MX 2MIN
DY MAX MIN AVG DEP HDD CDD  WTR  SNW DPTH SPD SPD DIR MIN PSBL S-S WX    SPD DR
================================================================================

 1  88  37  63  -4   2   0 0.00    M    M  4.2  9 260   M    M   0        12 270
 2  85  42  64  -3   1   0 0.00    M    M 12.8 32 330   M    M   0        42 330
 3  80  40  60  -7   5   0 0.00    M    M  6.7 17 330   M    M   0        21 340
 4  87  38  63  -4   2   0 0.00    M    M  4.0 10 310   M    M   0        14 300
 5  89  44  67   0   0   2    T    M    M  5.8 17 330   M    M   0        21 350
 6  85  52  69   3   0   4    T    M    M  5.5 26 240   M    M   0        35 260
 7  81  50  66   0   0   1 0.06    M    M  8.3 25 340   M    M   1        29 340
 8  76  43  60  -6   5   0 0.02    M    M  8.1 25 310   M    M   2        32 310
 9  67  39  53 -13  12   0 0.04    M    M  4.9 25 310   M    M   3        31 300
10  78  35  57  -9   8   0 0.00    M    M  3.7 10 300   M    M   0 1      12 220
11  84  41  63  -3   2   0 0.00    M    M  6.0 15 310   M    M   0        18 330
12  88  43  66   0   0   1 0.00    M    M  4.0 14 310   M    M   0        18 310
13  90  42  66   0   0   1 0.00    M    M  4.0 13 300   M    M   0        16 300
14  93  47  70   5   0   5 0.00    M    M  5.6 18 320   M    M   0        23 320
15  92  42  67   2   0   2 0.00    M    M  4.8 13 300   M    M   1        18 310
16  94  45  70   5   0   5 0.00    M    M  6.0 16 320   M    M   0        21 320
17  94  48  71   6   0   6 0.00    M    M  6.3 16 310   M    M   0        22 310
18  93  46  70   6   0   5 0.00    M    M  8.2 22 320   M    M   0        28 320
19  86  47  67   3   0   2 0.00    M    M  9.6 25 330   M    M   0        31 330
20  89  40  65   1   0   0 0.00    M    M  4.6  9 300   M    M   0        12 290
21  93  38  66   2   0   1 0.00    M    M  4.8 21 330   M    M   0        26 320
22  80  45  63  -1   2   0 0.00    M    M  7.6 22 340   M    M   0        27 340
23  79  36  58  -5   7   0 0.00    M    M  8.2 21 310   M    M   0 8      27 320
24  80  38  59  -4   6   0 0.00    M    M  9.4 23 310   M    M   1        31 310
25  81  41  61  -2   4   0 0.00    M    M  5.1 15 310   M    M   0        21 330
26  85  39  62   0   3   0 0.00    M    M  4.3 10 320   M    M   0        14 310
27  89  39  64   2   1   0 0.00    M    M  5.7 20 330   M    M   0        24 330
28  87  46  67   5   0   2 0.00    M    M  4.4 13 270   M    M   0        14 260
================================================================================
SM 2393 1183        60  37  0.12    M    172.6          M        8
================================================================================
AV 85.5 42.2                               6.2 FASTST   M    M   0    MAX(MPH)
                                 MISC ---->  # 32 330               # 42  330
================================================================================
NOTES:
# LAST OF SEVERAL OCCURRENCES

COLUMN 17 PEAK WIND IN M.P.H.

PRELIMINARY LOCAL CLIMATOLOGICAL DATA (WS FORM: F-6) , PAGE 2

                                          STATION:  BAKER OR
                                          MONTH:    AUGUST
                                          YEAR:     2016
                                          LATITUDE:   44 50 N
                                          LONGITUDE: 117 49 W

[TEMPERATURE DATA]      [PRECIPITATION DATA]       SYMBOLS USED IN COLUMN 16

AVERAGE MONTHLY: 63.9   TOTAL FOR MONTH:   0.12    1 = FOG OR MIST
DPTR FM NORMAL:  -1.1   DPTR FM NORMAL:   -0.51    2 = FOG REDUCING VISIBILITY
HIGHEST:    94 ON 17,16 GRTST 24HR  0.06 ON  7- 7      TO 1/4 MILE OR LESS
LOWEST:     35 ON 10                               3 = THUNDER
                        SNOW, ICE PELLETS, HAIL    4 = ICE PELLETS
                        TOTAL MONTH:    M          5 = HAIL
                        GRTST 24HR    M  ON   M    6 = FREEZING RAIN OR DRIZZLE
                        GRTST DEPTH:  M  ON   M    7 = DUSTSTORM OR SANDSTORM:
                                                       VSBY 1/2 MILE OR LESS
                                                   8 = SMOKE OR HAZE
[NO. OF DAYS WITH]      [WEATHER - DAYS WITH]      9 = BLOWING SNOW
                                                   X = TORNADO
MAX 32 OR BELOW:   0    0.01 INCH OR MORE:   3
MAX 90 OR ABOVE:   7    0.10 INCH OR MORE:   0
MIN 32 OR BELOW:   0    0.50 INCH OR MORE:   0
MIN  0 OR BELOW:   0    1.00 INCH OR MORE:   0

[HDD (BASE 65) ]
TOTAL THIS MO.    60    CLEAR  (SCALE 0-3)  28
DPTR FM NORMAL    -6    PTCLDY (SCALE 4-7)   0
TOTAL FM JUL 1   145    CLOUDY (SCALE 8-10)  0
DPTR FM NORMAL     9

[CDD (BASE 65) ]
TOTAL THIS MO.    37
DPTR FM NORMAL   -26    [PRESSURE DATA]
TOTAL FM JAN 1   127    HIGHEST SLP M ON M
DPTR FM NORMAL   -29    LOWEST  SLP 29.60 ON  7

[REMARKS]
