000
CXUS51 KRNK 290832
CF6BLF

PRELIMINARY LOCAL CLIMATOLOGICAL DATA (WS FORM: F-6)

                                          STATION:   BLUEFIELD WV
                                          MONTH:     MAY
                                          YEAR:      2017
                                          LATITUDE:   37 17 N
                                          LONGITUDE:  81 12 W

  TEMPERATURE IN F:       :PCPN:    SNOW:  WIND      :SUNSHINE: SKY     :PK WND
================================================================================
1   2   3   4   5  6A  6B    7    8   9   10  11  12  13   14  15   16   17  18
                                     12Z  AVG MX 2MIN
DY MAX MIN AVG DEP HDD CDD  WTR  SNW DPTH SPD SPD DIR MIN PSBL S-S WX    SPD DR
================================================================================

 1  71  58  65   6   0   0 0.14  0.0    0 15.2 28 260   M    M   6        47 170
 2  64  47  56  -4   9   0 0.00  0.0    0 16.3 35 260   M    M   4        46 250
 3  66  43  55  -5  10   0 0.00  0.0    0  8.2 21 320   M    M   0        27 270
 4  60  47  54  -6  11   0 0.36  0.0    0 10.6 22 130   M    M   5 1      39 100
 5  67  44  56  -4   9   0 0.59  0.0    0  9.2 20 120   M    M   7 1      30 300
 6  49  37  43 -17  22   0 0.13  0.0    0 12.4 22 280   M    M  10 12     33 310
 7  54  38  46 -15  19   0 0.06  0.0    0 11.3 23 270   M    M   6 1      35 260
 8  56  37  47 -14  18   0 0.00  0.0    0 10.6 21 270   M    M   1        31 270
 9  60  43  52  -9  13   0 0.55  0.0    0  5.5 16 280   M    M  10 12     20 260
10  76  56  66   5   0   1 0.01  0.0    0  7.9 17 260   M    M   5 1      26 260
11  72  57  65   3   0   0 0.33  0.0    0  8.7 21 280   M    M   8 1      31 250
12  59  45  52 -10  13   0 1.22  0.0    0  5.7 12 150   M    M  10 1      17 150
13  62  45  54  -8  11   0 0.01  0.0    0  6.0 13  10   M    M   6 12     20 310
14  71  44  58  -4   7   0 0.00  0.0    0 10.9 23 290   M    M   2        31 290
15  74  57  66   4   0   1 0.00  0.0    0  8.1 16 320   M    M   2        25 290
16  82  55  69   6   0   4 0.00  0.0    0  5.2 14 260   M    M   0        18 260
17  84  61  73  10   0   8 0.00  0.0    0  6.8 20 260   M    M   1        27 240
18  81  63  72   9   0   7 0.00  0.0    0  7.5 20 230   M    M   1        25 250
19  75  60  68   5   0   3 0.02  0.0    0  4.3 16 360   M    M   3 13     26 320
20  81  57  69   5   0   4 0.52  0.0    0  4.3 26 240   M    M   4 13     37 240
21  67  58  63  -1   2   0 0.46  0.0    0  6.5 17 140   M    M   8 1      28 140
22  67  52  60  -4   5   0 0.01  0.0    0  4.6 13 300   M    M   5 1      20 310
23  58  52  55  -9  10   0 0.99  0.0    0  5.5 12  90   M    M   8 1      19 100
24  58  53  56  -8   9   0 0.62  0.0    0  5.8 15 140   M    M   9 1      25 120
25  56  48  52 -13  13   0 0.41  0.0    0 13.1 24 280   M    M   9 1      38 270
26  69  52  61  -4   4   0 0.01  0.0    0 10.7 22 300   M    M   5 1      31 260
27  75  57  66   1   0   1 0.13  0.0    0  9.2 17 260   M    M   5 13     25 260
28  72  58  65   0   0   0 0.07  0.0    0  6.7 14 270   M    M   7 1      17 260
================================================================================
SM 1886 1424       185  29  6.64     0.0 236.8          M      147
================================================================================
AV 67.4 50.9                               8.5 FASTST   M    M   5    MAX(MPH)
                                 MISC ---->  # 35 260               # 47  170
================================================================================
NOTES:
# LAST OF SEVERAL OCCURRENCES

COLUMN 17 PEAK WIND IN M.P.H.

PRELIMINARY LOCAL CLIMATOLOGICAL DATA (WS FORM: F-6) , PAGE 2

                                          STATION:  BLUEFIELD WV
                                          MONTH:    MAY
                                          YEAR:     2017
                                          LATITUDE:   37 17 N
                                          LONGITUDE:  81 12 W

[TEMPERATURE DATA]      [PRECIPITATION DATA]       SYMBOLS USED IN COLUMN 16

AVERAGE MONTHLY: 59.1   TOTAL FOR MONTH:   6.64    1 = FOG OR MIST
DPTR FM NORMAL:  -3.2   DPTR FM NORMAL:    2.79    2 = FOG REDUCING VISIBILITY
HIGHEST:    84 ON 17    GRTST 24HR  1.22 ON 12-12      TO 1/4 MILE OR LESS
LOWEST:     37 ON  8, 6                            3 = THUNDER
                        SNOW, ICE PELLETS, HAIL    4 = ICE PELLETS
                        TOTAL MONTH:   0.0 INCH    5 = HAIL
                        GRTST 24HR     0.0         6 = FREEZING RAIN OR DRIZZLE
                        GRTST DEPTH:   0           7 = DUSTSTORM OR SANDSTORM:
                                                       VSBY 1/2 MILE OR LESS
                                                   8 = SMOKE OR HAZE
[NO. OF DAYS WITH]      [WEATHER - DAYS WITH]      9 = BLOWING SNOW
                                                   X = TORNADO
MAX 32 OR BELOW:   0    0.01 INCH OR MORE:  20
MAX 90 OR ABOVE:   0    0.10 INCH OR MORE:  13
MIN 32 OR BELOW:   0    0.50 INCH OR MORE:   6
MIN  0 OR BELOW:   0    1.00 INCH OR MORE:   1

[HDD (BASE 65) ]
TOTAL THIS MO.   185    CLEAR  (SCALE 0-3)   8
DPTR FM NORMAL    55    PTCLDY (SCALE 4-7)  13
TOTAL FM JUL 1  4259    CLOUDY (SCALE 8-10)  7
DPTR FM NORMAL  -301

[CDD (BASE 65) ]
TOTAL THIS MO.    29
DPTR FM NORMAL   -24    [PRESSURE DATA]
TOTAL FM JAN 1    51    HIGHEST SLP M ON M
DPTR FM NORMAL   -30    LOWEST  SLP 29.38 ON M


[REMARKS] DUE TO A POWER OUTAGE CAUSING A MISSING HIGH TEMPERATURE
ON NOVEMBER 10...THE SEASONAL HEATING DEGREE DAY TOTAL AND DEPARTURE
FROM NORMAL WILL BE CALCULATED WITHOUT DATA FROM THIS DATE.
