000
CXUS55 KBOI 301002
CF6BOI
PRELIMINARY LOCAL CLIMATOLOGICAL DATA (WS FORM: F-6)

                                          STATION:   BOISE ID
                                          MONTH:     JANUARY
                                          YEAR:      2015
                                          LATITUDE:   43 34 N
                                          LONGITUDE: 116 13 W

  TEMPERATURE IN F:       :PCPN:    SNOW:  WIND      :SUNSHINE: SKY     :PK WND
================================================================================
1   2   3   4   5  6A  6B    7    8   9   10  11  12  13   14  15   16   17  18
                                     12Z  AVG MX 2MIN
DY MAX MIN AVG DEP HDD CDD  WTR  SNW DPTH SPD SPD DIR MIN PSBL S-S WX    SPD DR
================================================================================

 1  18   6  12 -18  53   0    T    T    3  1.9  9 130   M    M   6 18     13 140
 2  20   8  14 -16  51   0 0.00  0.0    3  3.3  9 130   M    M   4        12 130
 3  25  12  19 -11  46   0 0.00  0.0    2  3.3 10 130   M    M   5 18     16 230
 4  32  19  26  -4  39   0 0.02  0.1    2  1.1  9 340   M    M   8 168    12 190
 5  39  29  34   4  31   0 0.11  0.1    3  3.6 12  90   M    M   9 126    17 300
 6  37  26  32   2  33   0 0.00  0.0    2  1.3 14 300   M    M   4 12     15 300
 7  41  24  33   3  32   0 0.00  0.0    2  1.6 10 280   M    M   5 128    12 280
 8  32  29  31   1  34   0    T  0.0    2  2.7  9 180   M    M  10 128    12 180
 9  33  30  32   2  33   0 0.00  0.0    1  3.3 10 170   M    M  10 12     14 170
10  34  29  32   2  33   0 0.00  0.0    T  0.9  7 310   M    M  10 12      8 310
11  34  31  33   2  32   0 0.01    T    T  1.3  7 250   M    M  10 124     7 250
12  35  30  33   2  32   0 0.11  0.8    1  5.7 13 290   M    M   9 12     14 290
13  37  28  33   2  32   0 0.00  0.0    T  3.1 12 140   M    M   6 12     14 130
14  34  28  31   0  34   0 0.00  0.0    0  8.5 18 150   M    M   9        23 150
15  35  25  30  -1  35   0 0.00  0.0    0  8.4 21 150   M    M   6        28 160
16  42  31  37   6  28   0 0.34  0.1    0  6.4 21 140   M    M  10 12     26 130
17  43  29  36   5  29   0 0.06  0.0    0  3.7 15 170   M    M   9 12     20 180
18  50  35  43  12  22   0 0.13  0.0    0  6.0 22 120   M    M   7 128    28 120
19  44  30  37   5  28   0 0.00  0.0    0  3.2 13 320   M    M   6 12     16 320
20  34  27  31  -1  34   0 0.01  0.0    0  1.1  6 220   M    M   8 128     7 280
21  33  23  28  -4  37   0    T    T    0  2.8  9 190   M    M   8 12     10 180
22  37  23  30  -2  35   0 0.00  0.0    0  4.8 10 150   M    M   3 1      13 150
23  40  26  33   1  32   0 0.00  0.0    0  4.3 18 140   M    M   5 12     23 140
24  40  29  35   3  30   0 0.00  0.0    0  2.1 10 140   M    M   8 1      14 160
25  46  27  37   5  28   0 0.00  0.0    0  2.2 10 280   M    M   0 18     12 280
26  43  29  36   4  29   0 0.00  0.0    0  2.9  9 160   M    M   1 128    12 330
27  39  27  33   0  32   0 0.04  0.0    0  1.4  8 300   M    M   8 12      9 310
28  46  30  38   5  27   0 0.01  0.0    0  2.8 14 130   M    M   6 128    18 120
29  47  31  39   6  26   0 0.00  0.0    0  4.5 14 130   M    M   6 1      16 130
================================================================================
SM 1070  751       967   0  0.84     1.1  98.2          M      196
================================================================================
AV 36.9 25.9                               3.4 FASTST   M    M   7    MAX(MPH)
                                 MISC ---->  # 22 120               # 28  160
================================================================================
NOTES:
# LAST OF SEVERAL OCCURRENCES

COLUMN 17 PEAK WIND IN M.P.H.

PRELIMINARY LOCAL CLIMATOLOGICAL DATA (WS FORM: F-6) , PAGE 2

                                          STATION:  BOISE ID
                                          MONTH:    JANUARY
                                          YEAR:     2015
                                          LATITUDE:   43 34 N
                                          LONGITUDE: 116 13 W

[TEMPERATURE DATA]      [PRECIPITATION DATA]       SYMBOLS USED IN COLUMN 16

AVERAGE MONTHLY: 31.4   TOTAL FOR MONTH:   0.84    1 = FOG OR MIST
DPTR FM NORMAL:   0.3   DPTR FM NORMAL:   -0.33    2 = FOG REDUCING VISIBILITY
HIGHEST:    50 ON 18    GRTST 24HR  0.36 ON 15-16      TO 1/4 MILE OR LESS
LOWEST:      6 ON  1                               3 = THUNDER
                        SNOW, ICE PELLETS, HAIL    4 = ICE PELLETS
                        TOTAL MONTH:   1.1 INCHES  5 = HAIL
                        GRTST 24HR   0.8 ON   M    6 = FREEZING RAIN OR DRIZZLE
                        GRTST DEPTH:   3 ON  5, 2  7 = DUSTSTORM OR SANDSTORM:
                                                       VSBY 1/2 MILE OR LESS
                                                   8 = SMOKE OR HAZE
[NO. OF DAYS WITH]      [WEATHER - DAYS WITH]      9 = BLOWING SNOW
                                                   X = TORNADO
MAX 32 OR BELOW:   5    0.01 INCH OR MORE:  10
MAX 90 OR ABOVE:   0    0.10 INCH OR MORE:   4
MIN 32 OR BELOW:  28    0.50 INCH OR MORE:   0
MIN  0 OR BELOW:   0    1.00 INCH OR MORE:   0

[HDD (BASE 65) ]
TOTAL THIS MO.   967    CLEAR  (SCALE 0-3)   3
DPTR FM NORMAL   -15    PTCLDY (SCALE 4-7)  13
TOTAL FM JUL 1  2956    CLOUDY (SCALE 8-10) 13
DPTR FM NORMAL  -341

[CDD (BASE 65) ]
TOTAL THIS MO.     0
DPTR FM NORMAL     0    [PRESSURE DATA]
TOTAL FM JAN 1     0    HIGHEST SLP M ON M
DPTR FM NORMAL     0    LOWEST  SLP 30.09 ON 18

[REMARKS]
