000
CXUS54 KLZK 261130
CF6BPK
PRELIMINARY LOCAL CLIMATOLOGICAL DATA (WS FORM: F-6)

                                          STATION:   Mountain Home Airport
                                          MONTH:     MAY
                                          YEAR:      2016
                                          LATITUDE:   36 22 N
                                          LONGITUDE:  92 28 W

  TEMPERATURE IN F:       :PCPN:    SNOW:  WIND      :SUNSHINE: SKY     :PK WND
================================================================================
1   2   3   4   5  6A  6B    7    8   9   10  11  12  13   14  15   16   17  18
                                     12Z  AVG MX 2MIN
DY MAX MIN AVG DEP HDD CDD  WTR  SNW DPTH SPD SPD DIR MIN PSBL S-S WX    SPD DR
================================================================================

 1  73  52  63   0   2   0 0.00    M    M  3.8  9 250   M    M   1 1      14 250
 2  62  49  56  -7   9   0 0.00    M    M  3.7  9 330   M    M   6        16 270
 3  68  48  58  -6   7   0 0.00    M    M  2.4  9 340   M    M   5        15  10
 4  74  46  60  -4   5   0 0.00    M    M  5.0 15 350   M    M   0        30 310
 5  72  44  58  -6   7   0 0.00    M    M  3.7 13 320   M    M   0        24 320
 6  76  42  59  -5   6   0 0.00    M    M  2.1  8 250   M    M   0        11 240
 7  84  50  67   2   0   2 0.00    M    M  2.9 10 230   M    M   0        16 250
 8  81  55  68   3   0   3 0.00    M    M  6.9 16 200   M    M   1        23 170
 9  70  58  64  -1   1   0 3.57    M    M  6.5 18 130   M    M   6 13     22 120
10  84  59  72   7   0   7 0.00    M    M  5.9 14 230   M    M   2 18     22 210
11  86  67  77  11   0  12 0.00    M    M  5.7 14 200   M    M   2 18     21 210
12  75  53  64  -2   1   0 0.52    M    M  4.3 12 320   M    M   4 13     21 330
13  79  48  64  -2   1   0    T    M    M  4.6 12 210   M    M   1 12     18 230
14  64  47  56 -10   9   0 0.00    M    M  4.4 14 350   M    M   4        22 350
15  66  43  55 -12  10   0    T    M    M  3.2 12  60   M    M   6        17  50
16  61  53  57 -10   8   0 0.36    M    M  7.2 14 120   M    M  10 1      20 120
17  58  51  55 -12  10   0 0.50    M    M  5.3 12 100   M    M  10 13     16  40
18  67  48  58  -9   7   0 0.00    M    M  3.5 13  60   M    M   7        18  60
19  69  49  59  -9   6   0 0.16    M    M  4.9 15 110   M    M   4 1      19 120
20  67  52  60  -8   5   0 0.07    M    M  1.8  8  70   M    M   9 1      11  80
21  76  52  64  -4   1   0    T    M    M  1.5  8 100   M    M   5 12     11 110
22  79  55  67  -1   0   2    T    M    M  3.8 10 160   M    M   1        16  80
23  80  52  66  -3   0   1 0.02    M    M  4.5 16 170   M    M   1        22 190
24  82  61  72   3   0   7 1.31    M    M  4.8 13  60   M    M   6 13     22 330
25  76  60  68  -1   0   3 0.25    M    M  4.6 13  70   M    M   5 13     18  80
================================================================================
SM 1829 1294        95  37  6.76    M    107.0          M       96
================================================================================
AV 73.2 51.8                               4.3 FASTST   M    M   4    MAX(MPH)
                                 MISC ---->  # 18 130               # 30  310
================================================================================
NOTES:
# LAST OF SEVERAL OCCURRENCES

COLUMN 17 PEAK WIND IN M.P.H.

PRELIMINARY LOCAL CLIMATOLOGICAL DATA (WS FORM: F-6) , PAGE 2

                                          STATION:  Mountain Home Airport
                                          MONTH:    MAY
                                          YEAR:     2016
                                          LATITUDE:   36 22 N
                                          LONGITUDE:  92 28 W

[TEMPERATURE DATA]      [PRECIPITATION DATA]       SYMBOLS USED IN COLUMN 16

AVERAGE MONTHLY: 62.5   TOTAL FOR MONTH:   6.76    1 = FOG OR MIST
DPTR FM NORMAL:  -3.7   DPTR FM NORMAL:    3.01    2 = FOG REDUCING VISIBILITY
HIGHEST:    86 ON 11    GRTST 24HR  3.57 ON  8- 9      TO 1/4 MILE OR LESS
LOWEST:     42 ON  6                               3 = THUNDER
                        SNOW, ICE PELLETS, HAIL    4 = ICE PELLETS
                        TOTAL MONTH:    M          5 = HAIL
                        GRTST 24HR    M  ON   M    6 = FREEZING RAIN OR DRIZZLE
                        GRTST DEPTH:  M  ON   M    7 = DUSTSTORM OR SANDSTORM:
                                                       VSBY 1/2 MILE OR LESS
                                                   8 = SMOKE OR HAZE
[NO. OF DAYS WITH]      [WEATHER - DAYS WITH]      9 = BLOWING SNOW
                                                   X = TORNADO
MAX 32 OR BELOW:   0    0.01 INCH OR MORE:   9
MAX 90 OR ABOVE:   0    0.10 INCH OR MORE:   7
MIN 32 OR BELOW:   0    0.50 INCH OR MORE:   4
MIN  0 OR BELOW:   0    1.00 INCH OR MORE:   2

[HDD (BASE 65) ]
TOTAL THIS MO.    95    CLEAR  (SCALE 0-3)  11
DPTR FM NORMAL    40    PTCLDY (SCALE 4-7)  11
TOTAL FM JUL 1  3178    CLOUDY (SCALE 8-10)  3
DPTR FM NORMAL  -611

[CDD (BASE 65) ]
TOTAL THIS MO.    37
DPTR FM NORMAL   -47    [PRESSURE DATA]
TOTAL FM JAN 1    66    HIGHEST SLP M ON M
DPTR FM NORMAL   -60    LOWEST  SLP 29.67 ON  9

[REMARKS]
