000
CXUS55 KDVN 221100
CF6BRL
PRELIMINARY LOCAL CLIMATOLOGICAL DATA (WS FORM: F-6)

                                          STATION:   BURLINGTON IA
                                          MONTH:     MAY
                                          YEAR:      2015
                                          LATITUDE:   40 46 N
                                          LONGITUDE:  91  7 W

  TEMPERATURE IN F:       :PCPN:    SNOW:  WIND      :SUNSHINE: SKY     :PK WND
================================================================================
1   2   3   4   5  6A  6B    7    8   9   10  11  12  13   14  15   16   17  18
                                     12Z  AVG MX 2MIN
DY MAX MIN AVG DEP HDD CDD  WTR  SNW DPTH SPD SPD DIR MIN PSBL S-S WX    SPD DR
================================================================================

 1  71  39  55  -4  10   0 0.00    M    M  2.5 10 140   M    M   2 18     13 230
 2  76  50  63   4   2   0    T    M    M  8.2 20 200   M    M   6 8      27 200
 3  84  58  71  11   0   6 0.00    M    M 12.6 26 220   M    M   2        31 200
 4  79  60  70  10   0   5 0.30    M    M  7.7 24  30   M    M   7 138    27  30
 5  81  59  70  10   0   5 0.31    M    M  6.0 12 100   M    M   5 13     17 120
 6  83  60  72  12   0   7 0.01    M    M  9.0 25 240   M    M   4 18     33 240
 7  83  64  74  13   0   9 0.12    M    M 11.9 21 170   M    M   3 13     29 180
 8  69  61  65   4   0   0 0.26    M    M  3.7  9  30   M    M   7 12     12  50
 9  74  59  67   6   0   2 0.00    M    M  4.4 14  90   M    M   4        19  90
10  75  57  66   4   0   1 0.07    M    M  7.7 17 190   M    M   9 13     23 170
11  68  52  60  -2   5   0 0.01    M    M 14.2 24 270   M    M   8        32 250
12  66  47  57  -5   8   0 0.00    M    M 12.3 23 320   M    M   4        31 310
13  69  46  58  -5   7   0 0.00    M    M 10.3 17 110   M    M   0        23 120
14  63  53  58  -5   7   0 0.38    M    M  9.7 17 160   M    M   7 1      24 160
15  77  61  69   6   0   4 0.07    M    M  5.6 20 200   M    M   5 123    28 210
16  79  64  72   8   0   7 0.34    M    M  8.4 23 210   M    M   3 1      27 210
17  80  64  72   8   0   7 0.00    M    M 14.0 26 210   M    M   3        34 220
18  68  45  57  -7   8   0 0.00    M    M 12.1 20 290   M    M   0        28 310
19  60  41  51 -13  14   0 0.00    M    M  8.0 17 350   M    M   5        21 360
20  53  43  48 -17  17   0 0.34    M    M  9.4 16  40   M    M   9 1      21 100
21  70  37  54 -11  11   0 0.00    M    M  7.3 15 240   M    M   1 1      20 240
================================================================================
SM 1528 1120        89  53  2.21    M    185.0          M       94
================================================================================
AV 72.8 53.3                               8.8 FASTST   M    M   4    MAX(MPH)
                                 MISC ---->  # 26 220               # 34  220
================================================================================
NOTES:
# LAST OF SEVERAL OCCURRENCES

COLUMN 17 PEAK WIND IN M.P.H.

PRELIMINARY LOCAL CLIMATOLOGICAL DATA (WS FORM: F-6) , PAGE 2

                                          STATION:  BURLINGTON IA
                                          MONTH:    MAY
                                          YEAR:     2015
                                          LATITUDE:   40 46 N
                                          LONGITUDE:  91  7 W

[TEMPERATURE DATA]      [PRECIPITATION DATA]       SYMBOLS USED IN COLUMN 16

AVERAGE MONTHLY: 63.0   TOTAL FOR MONTH:   2.21    1 = FOG OR MIST
DPTR FM NORMAL:   1.0   DPTR FM NORMAL:   -1.14    2 = FOG REDUCING VISIBILITY
HIGHEST:    84 ON  3    GRTST 24HR  0.61 ON  4- 5      TO 1/4 MILE OR LESS
LOWEST:     37 ON 21                               3 = THUNDER
                        SNOW, ICE PELLETS, HAIL    4 = ICE PELLETS
                        TOTAL MONTH:    M          5 = HAIL
                        GRTST 24HR    M  ON   M    6 = FREEZING RAIN OR DRIZZLE
                        GRTST DEPTH:  M  ON   M    7 = DUSTSTORM OR SANDSTORM:
                                                       VSBY 1/2 MILE OR LESS
                                                   8 = SMOKE OR HAZE
[NO. OF DAYS WITH]      [WEATHER - DAYS WITH]      9 = BLOWING SNOW
                                                   X = TORNADO
MAX 32 OR BELOW:   0    0.01 INCH OR MORE:  11
MAX 90 OR ABOVE:   0    0.10 INCH OR MORE:   7
MIN 32 OR BELOW:   0    0.50 INCH OR MORE:   0
MIN  0 OR BELOW:   0    1.00 INCH OR MORE:   0

[HDD (BASE 65) ]
TOTAL THIS MO.    89    CLEAR  (SCALE 0-3)   7
DPTR FM NORMAL   -14    PTCLDY (SCALE 4-7)  12
TOTAL FM JUL 1  6084    CLOUDY (SCALE 8-10)  2
DPTR FM NORMAL   519

[CDD (BASE 65) ]
TOTAL THIS MO.    53
DPTR FM NORMAL    12    [PRESSURE DATA]
TOTAL FM JAN 1    56    HIGHEST SLP M ON M
DPTR FM NORMAL    -5    LOWEST  SLP 29.73 ON 17

[REMARKS]
