000
CXUS55 KDVN 231100
CF6BRL
PRELIMINARY LOCAL CLIMATOLOGICAL DATA (WS FORM: F-6)

                                          STATION:   BURLINGTON IA
                                          MONTH:     NOVEMBER
                                          YEAR:      2017
                                          LATITUDE:   40 46 N
                                          LONGITUDE:  91  7 W

  TEMPERATURE IN F:       :PCPN:    SNOW:  WIND      :SUNSHINE: SKY     :PK WND
================================================================================
1   2   3   4   5  6A  6B    7    8   9   10  11  12  13   14  15   16   17  18
                                     12Z  AVG MX 2MIN
DY MAX MIN AVG DEP HDD CDD  WTR  SNW DPTH SPD SPD DIR MIN PSBL S-S WX    SPD DR
================================================================================

 1  46  35  41  -9  24   0    T    M    M  8.6 17 150   M    M   8 12     23 150
 2  51  40  46  -3  19   0 0.00    M    M  7.8 20 350   M    M  10 12     24  10
 3  52  34  43  -6  22   0 0.00    M    M 10.4 20  90   M    M   1 1      26  90
 4  53  42  48   0  17   0 0.10    M    M  4.4 15 100   M    M  10 12     20 120
 5  52  34  43  -5  22   0 0.02    M    M  7.6 17 330   M    M  10 128    24 350
 6  43  28  36 -11  29   0 0.00    M    M 10.2 16  20   M    M   4        19  30
 7  46  28  37 -10  28   0 0.00    M    M 10.2 18  20   M    M   4 8      23  10
 8  48  23  36 -10  29   0 0.00    M    M  3.8 10 170   M    M   0 18     13 230
 9  42  22  32 -14  33   0 0.00    M    M 10.7 22 340   M    M   1 8      30 340
10  35  20  28 -17  37   0 0.00    M    M  9.5 18 140   M    M   3        23 150
11  46  32  39  -6  26   0 0.02    M    M  7.6 15 180   M    M   9        20 180
12  42  33  38  -6  27   0 0.20    M    M  5.6 12 360   M    M  10 1      15 330
13  48  28  38  -6  27   0 0.00    M    M  5.4 12 140   M    M   4 128    14 150
14  50  37  44   1  21   0 0.00    M    M  9.9 16 170   M    M   9        20 170
15  56  30  43   0  22   0 0.12    M    M 11.7 22 300   M    M   5 1      32 300
16  36  25  31 -11  34   0 0.00    M    M  7.4 14 140   M    M   0        19 310
17  53  31  42   0  23   0 0.02    M    M 10.6 17 150   M    M   9 18     25 140
18  53  30  42   1  23   0 0.50    M    M 16.6 31 360   M    M   7 1      37 350
19  39  23  31 -10  34   0 0.00    M    M 10.5 17 300   M    M   0        27 290
20  59  33  46   6  19   0 0.00    M    M 15.1 28 200   M    M   0        34 210
21  47  24  36  -4  29   0    T    M    M 11.2 25 330   M    M   2        35 330
22  36  18  27 -12  38   0 0.00    M    M  6.0 12 190   M    M   1        15 200
================================================================================
SM 1033  650       583   0  0.98    M    200.8          M      107
================================================================================
AV 47.0 29.6                               9.1 FASTST   M    M   5    MAX(MPH)
                                 MISC ---->  # 31 360               # 37  350
================================================================================
NOTES:
# LAST OF SEVERAL OCCURRENCES

COLUMN 17 PEAK WIND IN M.P.H.

PRELIMINARY LOCAL CLIMATOLOGICAL DATA (WS FORM: F-6) , PAGE 2

                                          STATION:  BURLINGTON IA
                                          MONTH:    NOVEMBER
                                          YEAR:     2017
                                          LATITUDE:   40 46 N
                                          LONGITUDE:  91  7 W

[TEMPERATURE DATA]      [PRECIPITATION DATA]       SYMBOLS USED IN COLUMN 16

AVERAGE MONTHLY: 38.3   TOTAL FOR MONTH:   0.98    1 = FOG OR MIST
DPTR FM NORMAL:  -6.2   DPTR FM NORMAL:   -0.85    2 = FOG REDUCING VISIBILITY
HIGHEST:    59 ON 20    GRTST 24HR  0.50 ON 18-18      TO 1/4 MILE OR LESS
LOWEST:     18 ON 22                               3 = THUNDER
                        SNOW, ICE PELLETS, HAIL    4 = ICE PELLETS
                        TOTAL MONTH:    M          5 = HAIL
                        GRTST 24HR    M  ON   M    6 = FREEZING RAIN OR DRIZZLE
                        GRTST DEPTH:  M  ON   M    7 = DUSTSTORM OR SANDSTORM:
                                                       VSBY 1/2 MILE OR LESS
                                                   8 = SMOKE OR HAZE
[NO. OF DAYS WITH]      [WEATHER - DAYS WITH]      9 = BLOWING SNOW
                                                   X = TORNADO
MAX 32 OR BELOW:   0    0.01 INCH OR MORE:   7
MAX 90 OR ABOVE:   0    0.10 INCH OR MORE:   4
MIN 32 OR BELOW:  14    0.50 INCH OR MORE:   1
MIN  0 OR BELOW:   0    1.00 INCH OR MORE:   0

[HDD (BASE 65) ]
TOTAL THIS MO.   583    CLEAR  (SCALE 0-3)   9
DPTR FM NORMAL   130    PTCLDY (SCALE 4-7)   6
TOTAL FM JUL 1   889    CLOUDY (SCALE 8-10)  7
DPTR FM NORMAL    42

[CDD (BASE 65) ]
TOTAL THIS MO.     0
DPTR FM NORMAL     0    [PRESSURE DATA]
TOTAL FM JAN 1  1068    HIGHEST SLP M ON M
DPTR FM NORMAL  -138    LOWEST  SLP 29.47 ON 18

[REMARKS]
