696
CXAK56 PAFG 191223
CF6BRW
PRELIMINARY LOCAL CLIMATOLOGICAL DATA (WS FORM: F-6)

                                          STATION:   BARROW AK
                                          MONTH:     NOVEMBER
                                          YEAR:      2017
                                          LATITUDE:   71 17 N
                                          LONGITUDE: 156 47 W

  TEMPERATURE IN F:       :PCPN:    SNOW:  WIND      :SUNSHINE: SKY     :PK WND
================================================================================
1   2   3   4   5  6A  6B    7    8   9   10  11  12  13   14  15   16   17  18
                                     12Z  AVG MX 2MIN
DY MAX MIN AVG DEP HDD CDD  WTR  SNW DPTH SPD SPD DIR MIN PSBL S-S WX    SPD DR
================================================================================

 1  32  19  26  19  39   0 0.00  0.0    1 14.0 24 230   M    M   6        31 230
 2  36   M   M   M   M   M 0.04  0.4    1 27.6 32 240   M    M  10 1      41 240
 3   M   M   M   M   M   M 0.02    T    1 26.3 35 280   M    M   9 18     47 290
 4   M   M   M   M   M   M 0.09  0.9    1  9.8 17 120   M    M   9 18      M  M
 5  29  22  26  21  39   0 0.06  0.6    2  8.2 17 170   M    M   9 18      M  M
 6  29  19  24  19  41   0 0.00  0.0    2 17.4 21 140   M    M   6 1       M  M
 7  34  22  28  24  37   0    T  0.0    1 22.4 35 180   M    M   4 8      42 180
 8  27  17  22  18  43   0 0.00  0.0    1 20.1 30 180   M    M   3 8      36 170
 9  30  13  22  19  43   0 0.08  0.8    1 17.4 33 240   M    M   7 12     40 240
10  31  26  29  26  36   0 0.13  1.3    1 26.3 35 280   M    M   8 129    43 250
11  32  20  26  24  39   0 0.17    M    M 20.5 35 240   M    M   9 19     39 240
12  34  26  30  28  35   0 0.05  0.3    4 15.1 29 180   M    M  10 169    34 180
13  32  15  24  23  41   0    T    T    4 11.7 24  30   M    M  10 19     31  30
14  19   2  11  10  54   0    T    T    4 11.1 21 110   M    M   8 1      24 120
15  19  14  17  17  48   0 0.05  0.5    4 24.0 33 110   M    M  10 19     40 120
16  19  16  18  18  47   0    T  0.1    5 18.3 29 110   M    M  10 19     33 110
17  17  11  14  14  51   0    T    T    5  5.0 12 200   M    M  10 19     13 100
18  15   7  11  12  54   0    T    T    5  9.3 22  80   M    M  10 1      25  80
================================================================================
SM  435  249       647   0  0.69     4.9 304.5          M      148
================================================================================
AV 27.2 16.6                              16.9 FASTST   M    M   8    MAX(MPH)
                                 MISC ---->  # 35 180               # 47  290
================================================================================
NOTES:
# LAST OF SEVERAL OCCURRENCES

COLUMN 17 PEAK WIND IN M.P.H.

PRELIMINARY LOCAL CLIMATOLOGICAL DATA (WS FORM: F-6) , PAGE 2

                                          STATION:  BARROW AK
                                          MONTH:    NOVEMBER
                                          YEAR:     2017
                                          LATITUDE:   71 17 N
                                          LONGITUDE: 156 47 W

[TEMPERATURE DATA]      [PRECIPITATION DATA]       SYMBOLS USED IN COLUMN 16

AVERAGE MONTHLY: 21.9   TOTAL FOR MONTH:   0.69    1 = FOG OR MIST
DPTR FM NORMAL:     M   DPTR FM NORMAL:    0.55    2 = FOG REDUCING VISIBILITY
HIGHEST:    36 ON  2    GRTST 24HR  0.17 ON 11-11      TO 1/4 MILE OR LESS
LOWEST:      2 ON 14                               3 = THUNDER
                        SNOW, ICE PELLETS, HAIL    4 = ICE PELLETS
                        TOTAL MONTH:   4.9 INCHES  5 = HAIL
                        GRTST 24HR   1.3 ON 10-10  6 = FREEZING RAIN OR DRIZZLE
                        GRTST DEPTH:   5 ON 18,17  7 = DUSTSTORM OR SANDSTORM:
                                                       VSBY 1/2 MILE OR LESS
                                                   8 = SMOKE OR HAZE
[NO. OF DAYS WITH]      [WEATHER - DAYS WITH]      9 = BLOWING SNOW
                                                   X = TORNADO
MAX 32 OR BELOW:  13    0.01 INCH OR MORE:   9
MAX 90 OR ABOVE:   0    0.10 INCH OR MORE:   2
MIN 32 OR BELOW:  15    0.50 INCH OR MORE:   0
MIN  0 OR BELOW:   0    1.00 INCH OR MORE:   0

[HDD (BASE 65) ]
TOTAL THIS MO.   647    CLEAR  (SCALE 0-3)   1
DPTR FM NORMAL  -468    PTCLDY (SCALE 4-7)   5
TOTAL FM JUL 1  4147    CLOUDY (SCALE 8-10) 12
DPTR FM NORMAL  -991

[CDD (BASE 65) ]
TOTAL THIS MO.     0
DPTR FM NORMAL     0    [PRESSURE DATA]
TOTAL FM JAN 1     0    HIGHEST SLP M ON M
DPTR FM NORMAL     0    LOWEST  SLP 29.34 ON 12

[REMARKS]
